867
CDUS41 KOKX 132132
CLILGA


CLIMATE REPORT
NATIONAL WEATHER SERVICE NEW YORK NY
432 PM EST TUE FEB 13 2018


...................................

...THE LAGUARDIA NY CLIMATE SUMMARY FOR FEBRUARY 13 2018...
VALID TODAY AS OF 0400 PM LOCAL TIME.

CLIMATE NORMAL PERIOD 1981 TO 2010
CLIMATE RECORD PERIOD 1939 TO 2018


WEATHER ITEM   OBSERVED TIME   RECORD YEAR NORMAL DEPARTURE LAST
                VALUE   (LST)  VALUE       VALUE  FROM      YEAR
                                                  NORMAL
..................................................................
TEMPERATURE (F)
 TODAY
  MAXIMUM         38    330 PM  65    1951  42     -4       42
  MINIMUM         27    800 AM   8    2016  28     -1       33
                                      1979
                                      1967
  AVERAGE         33                        35     -2       38

PRECIPITATION (IN)
  TODAY            0.00          2.19 1966   0.09  -0.09     0.01
  MONTH TO DATE    3.90                      1.23   2.67     1.55
  SINCE DEC 1      8.08                      7.96   0.12     8.63
  SINCE JAN 1      6.02                      4.40   1.62     5.68

SNOWFALL (IN)
  TODAY            0.0           7.7  2014   0.3   -0.3      0.0
  MONTH TO DATE    0.6                       4.2   -3.6     10.3
  SINCE OCT 1     17.3                      17.1    0.2     23.4
  SINCE JUL 1     17.3                      17.1    0.2     23.4
  SNOW DEPTH       0

DEGREE DAYS
 HEATING
  TODAY           32                        30      2       27
  MONTH TO DATE  364                       401    -37      353
  SINCE DEC 1   2282                      2225     57     1889
  SINCE JUL 1   2873                      3000   -127     2427

 COOLING
  TODAY            0                         0      0        0
  MONTH TO DATE    0                         0      0        0
  SINCE DEC 1      0                         0      0        0
  SINCE JAN 1      0                         0      0        0
..................................................................


WIND (MPH)
  HIGHEST WIND SPEED    17   HIGHEST WIND DIRECTION     N (350)
  HIGHEST GUST SPEED    21   HIGHEST GUST DIRECTION    NW (310)
  AVERAGE WIND SPEED    10.0


SKY COVER
  AVERAGE SKY COVER 0.5


WEATHER CONDITIONS
 THE FOLLOWING WEATHER WAS RECORDED TODAY.
  NO SIGNIFICANT WEATHER WAS OBSERVED.


RELATIVE HUMIDITY (PERCENT)
 HIGHEST    58           400 AM
 LOWEST     32           200 PM
 AVERAGE    45

..........................................................


THE LAGUARDIA NY CLIMATE NORMALS FOR TOMORROW
                         NORMAL    RECORD    YEAR
 MAXIMUM TEMPERATURE (F)   42        60      1949
 MINIMUM TEMPERATURE (F)   28         1      2016
                                             1979


SUNRISE AND SUNSET
FEBRUARY 13 2018......SUNRISE   652 AM EST   SUNSET   528 PM EST
FEBRUARY 14 2018......SUNRISE   651 AM EST   SUNSET   529 PM EST


-  INDICATES NEGATIVE NUMBERS.
R  INDICATES RECORD WAS SET OR TIED.
MM INDICATES DATA IS MISSING.
T  INDICATES TRACE AMOUNT.




$$
