000
CDUS41 KOKX 052134
CLILGA


CLIMATE REPORT
NATIONAL WEATHER SERVICE NEW YORK NY
434 PM EST SUN MAR 5 2017


...................................

...THE LAGUARDIA NY CLIMATE SUMMARY FOR MARCH 5 2017...
VALID TODAY AS OF 0400 PM LOCAL TIME.

CLIMATE NORMAL PERIOD 1981 TO 2010
CLIMATE RECORD PERIOD 1939 TO 2017


WEATHER ITEM   OBSERVED TIME   RECORD YEAR NORMAL DEPARTURE LAST
                VALUE   (LST)  VALUE       VALUE  FROM      YEAR
                                                  NORMAL
..................................................................
TEMPERATURE (F)
 TODAY
  MAXIMUM         38    358 PM  72    1976  46     -8       41
  MINIMUM         17    630 AM   9    1948  32    -15       30
  AVERAGE         28                        39    -11       36

PRECIPITATION (IN)
  TODAY            0.00          0.72 1984   0.12  -0.12     0.00
  MONTH TO DATE    0.12                      0.58  -0.46     0.25
  SINCE MAR 1      0.12                      0.58  -0.46     0.25
  SINCE JAN 1      6.12                      6.51  -0.39     8.78

SNOWFALL (IN)
  TODAY            0.0           8.1  2015   0.2   -0.2      0.0
  MONTH TO DATE    0.0                       1.1   -1.1      1.2
  SINCE OCT 1     23.4                      23.1    0.3     35.6
  SINCE JUL 1     23.4                      23.1    0.3     35.6
  SNOW DEPTH       0

DEGREE DAYS
 HEATING
  TODAY           37                        26     11       29
  MONTH TO DATE  122                       132    -10      131
  SINCE MAR 1    122                       132    -10      131
  SINCE JUL 1   2809                      3561   -752     2793

 COOLING
  TODAY            0                         0      0        0
  MONTH TO DATE    0                         0      0        0
  SINCE MAR 1      0                         0      0        0
  SINCE JAN 1      0                         0      0        0
..................................................................


WIND (MPH)
  HIGHEST WIND SPEED    22   HIGHEST WIND DIRECTION    NW (330)
  HIGHEST GUST SPEED    28   HIGHEST GUST DIRECTION     N (350)
  AVERAGE WIND SPEED    15.5


SKY COVER
  AVERAGE SKY COVER 0.1


WEATHER CONDITIONS
 THE FOLLOWING WEATHER WAS RECORDED TODAY.
  NO SIGNIFICANT WEATHER WAS OBSERVED.


RELATIVE HUMIDITY (PERCENT)
 HIGHEST    43           200 AM
 LOWEST     17           200 PM
 AVERAGE    30

..........................................................


THE LAGUARDIA NY CLIMATE NORMALS FOR TOMORROW
                         NORMAL    RECORD    YEAR
 MAXIMUM TEMPERATURE (F)   47        64      1976
 MINIMUM TEMPERATURE (F)   32        14      2007
                                             1948


SUNRISE AND SUNSET
MARCH  5 2017.........SUNRISE   623 AM EST   SUNSET   552 PM EST
MARCH  6 2017.........SUNRISE   621 AM EST   SUNSET   553 PM EST


-  INDICATES NEGATIVE NUMBERS.
R  INDICATES RECORD WAS SET OR TIED.
MM INDICATES DATA IS MISSING.
T  INDICATES TRACE AMOUNT.




$$
