000
CDUS41 KOKX 140620
CLILGA


CLIMATE REPORT
NATIONAL WEATHER SERVICE NEW YORK NY
220 AM EDT THU APR 14 2016


...................................

...THE LAGUARDIA NY CLIMATE SUMMARY FOR APRIL 13 2016...

CLIMATE NORMAL PERIOD 1981 TO 2010
CLIMATE RECORD PERIOD 1945 TO 2016


WEATHER ITEM   OBSERVED TIME   RECORD YEAR NORMAL DEPARTURE LAST
                VALUE   (LST)  VALUE       VALUE  FROM      YEAR
                                                  NORMAL
..................................................................
TEMPERATURE (F)
 YESTERDAY
  MAXIMUM         57    434 PM  85    1977  60     -3       65
  MINIMUM         42    608 AM  31    1950  44     -2       47
  AVERAGE         50                        52     -2       56

PRECIPITATION (IN)
  YESTERDAY        0.00          1.63 2004   0.14  -0.14     0.00
  MONTH TO DATE    1.20                      1.83  -0.63     0.46
  SINCE MAR 1      2.46                      5.80  -3.34     5.00
  SINCE JAN 1     10.99                     11.73  -0.74    12.08

SNOWFALL (IN)
  YESTERDAY        0.0           0.6  1961   0.0    0.0      0.0
  MONTH TO DATE    T                         0.4   -0.4      0.0
  SINCE OCT 1     36.2                      26.8    9.4     53.8
  SINCE JUL 1     36.2                      26.8    9.4     53.8
  SNOW DEPTH       0

DEGREE DAYS
 HEATING
  YESTERDAY       15                        13      2        9
  MONTH TO DATE  231                       201     30      195
  SINCE MAR 1    726                       908   -182     1029
  SINCE JUL 1   3388                      4337   -949     4751

 COOLING
  YESTERDAY        0                         0      0        0
  MONTH TO DATE    3                         0      3        0
  SINCE MAR 1      8                         0      8        0
  SINCE JAN 1      8                         0      8        0
..................................................................


WIND (MPH)
  HIGHEST WIND SPEED    17   HIGHEST WIND DIRECTION     N (20)
  HIGHEST GUST SPEED    21   HIGHEST GUST DIRECTION    NE (30)
  AVERAGE WIND SPEED     7.7


SKY COVER
  AVERAGE SKY COVER 0.2


WEATHER CONDITIONS
 THE FOLLOWING WEATHER WAS RECORDED YESTERDAY.
  NO SIGNIFICANT WEATHER WAS OBSERVED.


RELATIVE HUMIDITY (PERCENT)
 HIGHEST    60           900 PM
 LOWEST     30           400 PM
 AVERAGE    45

..........................................................


THE LAGUARDIA NY CLIMATE NORMALS FOR TODAY
                         NORMAL    RECORD    YEAR
 MAXIMUM TEMPERATURE (F)   60        84      1941
 MINIMUM TEMPERATURE (F)   44        27      1950


SUNRISE AND SUNSET
APRIL 14 2016.........SUNRISE   618 AM EDT   SUNSET   735 PM EDT
APRIL 15 2016.........SUNRISE   616 AM EDT   SUNSET   736 PM EDT


-  INDICATES NEGATIVE NUMBERS.
R  INDICATES RECORD WAS SET OR TIED.
MM INDICATES DATA IS MISSING.
T  INDICATES TRACE AMOUNT.




$$
