178
CDUS41 KOKX 160615
CLILGA


CLIMATE REPORT
NATIONAL WEATHER SERVICE NEW YORK NY
115 AM EST THU NOV 16 2017


...................................

...THE LAGUARDIA NY CLIMATE SUMMARY FOR NOVEMBER 15 2017...

CLIMATE NORMAL PERIOD 1981 TO 2010
CLIMATE RECORD PERIOD 1939 TO 2017


WEATHER ITEM   OBSERVED TIME   RECORD YEAR NORMAL DEPARTURE LAST
                VALUE   (LST)  VALUE       VALUE  FROM      YEAR
                                                  NORMAL
..................................................................
TEMPERATURE (F)
 YESTERDAY
  MAXIMUM         51   1157 PM  80    1993  55     -4       58
  MINIMUM         38    714 AM  22    1967  42     -4       49
  AVERAGE         45                        48     -3       54

PRECIPITATION (IN)
  YESTERDAY        0.00          1.61 2016   0.11  -0.11     1.61
  MONTH TO DATE    0.75                      1.64  -0.89     1.63
  SINCE SEP 1      6.37                      9.15  -2.78     8.98
  SINCE JAN 1     39.36                     39.40  -0.04    32.70

SNOWFALL (IN)
  YESTERDAY        0.0          MM      MM   0.0    0.0      0.0
  MONTH TO DATE    0.0                       0.0    0.0      0.0
  SINCE OCT 1      0.0                       0.0    0.0      0.0
  SINCE JUL 1      0.0                       0.0    0.0      0.0
  SNOW DEPTH       0

DEGREE DAYS
 HEATING
  YESTERDAY       20                        17      3       11
  MONTH TO DATE  239                       216     23      143
  SINCE SEP 1    324                       487   -163      308
  SINCE JUL 1    324                       488   -164      308

 COOLING
  YESTERDAY        0                         0      0        0
  MONTH TO DATE    0                         0      0        2
  SINCE SEP 1    308                       180    128      328
  SINCE JAN 1   1439                      1213    226     1745
..................................................................


WIND (MPH)
  HIGHEST WIND SPEED    16   HIGHEST WIND DIRECTION     E (110)
  HIGHEST GUST SPEED    19   HIGHEST GUST DIRECTION     E (100)
  AVERAGE WIND SPEED     8.8


SKY COVER
  AVERAGE SKY COVER 0.7


WEATHER CONDITIONS
 THE FOLLOWING WEATHER WAS RECORDED YESTERDAY.
  NO SIGNIFICANT WEATHER WAS OBSERVED.


RELATIVE HUMIDITY (PERCENT)
 HIGHEST    76           500 AM
 LOWEST     56           500 PM
 AVERAGE    66

..........................................................


THE LAGUARDIA NY CLIMATE NORMALS FOR TODAY
                         NORMAL    RECORD    YEAR
 MAXIMUM TEMPERATURE (F)   55        72      1990
 MINIMUM TEMPERATURE (F)   42        22      1967


SUNRISE AND SUNSET
NOVEMBER 16 2017......SUNRISE   644 AM EST   SUNSET   436 PM EST
NOVEMBER 17 2017......SUNRISE   645 AM EST   SUNSET   436 PM EST


-  INDICATES NEGATIVE NUMBERS.
R  INDICATES RECORD WAS SET OR TIED.
MM INDICATES DATA IS MISSING.
T  INDICATES TRACE AMOUNT.




$$
