193
CDUS41 KOKX 310617
CLILGA


CLIMATE REPORT
NATIONAL WEATHER SERVICE NEW YORK NY
117 AM EST SUN JAN 31 2016


...................................

...THE LAGUARDIA NY CLIMATE SUMMARY FOR JANUARY 30 2016...

CLIMATE NORMAL PERIOD 1981 TO 2010
CLIMATE RECORD PERIOD 1945 TO 2016


WEATHER ITEM   OBSERVED TIME   RECORD YEAR NORMAL DEPARTURE LAST
                VALUE   (LST)  VALUE       VALUE  FROM      YEAR
                                                  NORMAL
..................................................................
TEMPERATURE (F)
 YESTERDAY
  MAXIMUM         40    718 PM  63    2006  40      0       37
  MINIMUM         30    756 AM   4    1948  27      3       20
  AVERAGE         35                        33      2       29

PRECIPITATION (IN)
  YESTERDAY        0.00          0.79 1946   0.10  -0.10     0.15
  MONTH TO DATE    4.17                      3.07   1.10     4.98
  SINCE DEC 1      8.50                      6.63   1.87    11.18
  SINCE JAN 1      4.17                      3.07   1.10     4.98

SNOWFALL (IN)
  YESTERDAY        0.0           4.6  1966   0.3   -0.3      1.5
  MONTH TO DATE   28.8                       7.1   21.7     19.7
  SINCE OCT 1     28.8                      12.6   16.2     21.4
  SINCE JUL 1     28.8                      12.6   16.2     21.4
  SNOW DEPTH       3

DEGREE DAYS
 HEATING
  YESTERDAY       30                        32     -2       36
  MONTH TO DATE  884                       956    -72     1038
  SINCE DEC 1   1317                      1787   -470     1787
  SINCE JUL 1   1879                      2562   -683     2541

 COOLING
  YESTERDAY        0                         0      0        0
  MONTH TO DATE    0                         0      0        0
  SINCE DEC 1      1                         0      1        0
  SINCE JAN 1      0                         0      0        0
..................................................................


WIND (MPH)
  HIGHEST WIND SPEED    24   HIGHEST WIND DIRECTION    NW (300)
  HIGHEST GUST SPEED    29   HIGHEST GUST DIRECTION    NW (300)
  AVERAGE WIND SPEED     9.5


SKY COVER
  AVERAGE SKY COVER 0.4


WEATHER CONDITIONS
 THE FOLLOWING WEATHER WAS RECORDED YESTERDAY.
  NO SIGNIFICANT WEATHER WAS OBSERVED.


RELATIVE HUMIDITY (PERCENT)
 HIGHEST    58           400 AM
 LOWEST     37           500 PM
 AVERAGE    48

..........................................................


THE LAGUARDIA NY CLIMATE NORMALS FOR TODAY
                         NORMAL    RECORD    YEAR
 MAXIMUM TEMPERATURE (F)   40        61      1974
 MINIMUM TEMPERATURE (F)   27         2      1948


SUNRISE AND SUNSET
JANUARY 31 2016.......SUNRISE   707 AM EST   SUNSET   511 PM EST
FEBRUARY  1 2016......SUNRISE   706 AM EST   SUNSET   513 PM EST


-  INDICATES NEGATIVE NUMBERS.
R  INDICATES RECORD WAS SET OR TIED.
MM INDICATES DATA IS MISSING.
T  INDICATES TRACE AMOUNT.




$$
