000
CDUS41 KOKX 120619
CLILGA


CLIMATE REPORT
NATIONAL WEATHER SERVICE NEW YORK NY
118 AM EST WED NOV 12 2014


...................................

...THE LAGUARDIA NY CLIMATE SUMMARY FOR NOVEMBER 11 2014...

CLIMATE NORMAL PERIOD 1981 TO 2010
CLIMATE RECORD PERIOD 1945 TO 2014


WEATHER ITEM   OBSERVED TIME   RECORD YEAR NORMAL DEPARTURE LAST
                VALUE   (LST)  VALUE       VALUE  FROM      YEAR
                                                  NORMAL
..................................................................
TEMPERATURE (F)
 YESTERDAY
  MAXIMUM         64    239 PM  74    1949  56      8       53
  MINIMUM         47    513 AM  29    1956  43      4       44
  AVERAGE         56                        50      6       49

PRECIPITATION (IN)
  YESTERDAY        0.00          0.90 1995   0.10  -0.10     0.00
  MONTH TO DATE    0.52                      1.21  -0.69     0.14
  SINCE SEP 1      5.65                      8.72  -3.07     3.86
  SINCE JAN 1     40.71                     38.97   1.74    31.20

SNOWFALL (IN)
  YESTERDAY        0.0          MM      MM   0.0    0.0      0.0
  MONTH TO DATE    0.0                       0.0    0.0      0.0
  SINCE OCT 1      0.0                       0.0    0.0      0.0
  SINCE JUL 1      0.0                       0.0    0.0      0.0
  SNOW DEPTH       0

DEGREE DAYS
 HEATING
  YESTERDAY        9                        15     -6       16
  MONTH TO DATE  145                       151     -6      152
  SINCE SEP 1    321                       422   -101      354
  SINCE JUL 1    321                       423   -102      354

 COOLING
  YESTERDAY        0                         0      0        0
  MONTH TO DATE    0                         0      0        0
  SINCE SEP 1    205                       180     25      183
  SINCE JAN 1   1192                      1213    -21     1402
..................................................................


WIND (MPH)
  HIGHEST WIND SPEED    15   HIGHEST WIND DIRECTION    SE (150)
  HIGHEST GUST SPEED    18   HIGHEST GUST DIRECTION     S (170)
  AVERAGE WIND SPEED     5.8


SKY COVER
  AVERAGE SKY COVER 0.7


WEATHER CONDITIONS
 THE FOLLOWING WEATHER WAS RECORDED YESTERDAY.
  FOG
  HAZE


RELATIVE HUMIDITY (PERCENT)
 HIGHEST    93           500 AM
 LOWEST     67           200 PM
 AVERAGE    80

..........................................................


THE LAGUARDIA NY CLIMATE NORMALS FOR TODAY
                         NORMAL    RECORD    YEAR
 MAXIMUM TEMPERATURE (F)   56        67      1964
                                             1956
 MINIMUM TEMPERATURE (F)   43        24      1943


SUNRISE AND SUNSET
NOVEMBER 12 2014......SUNRISE   639 AM EST   SUNSET   440 PM EST
NOVEMBER 13 2014......SUNRISE   640 AM EST   SUNSET   439 PM EST


-  INDICATES NEGATIVE NUMBERS.
R  INDICATES RECORD WAS SET OR TIED.
MM INDICATES DATA IS MISSING.
T  INDICATES TRACE AMOUNT.




$$
