000
CDUS41 KOKX 042138
CLILGA


CLIMATE REPORT
NATIONAL WEATHER SERVICE NEW YORK NY
438 PM EST THU JAN 4 2018


...................................

...THE LAGUARDIA NY CLIMATE SUMMARY FOR JANUARY 4 2018...
VALID TODAY AS OF 0400 PM LOCAL TIME.

CLIMATE NORMAL PERIOD 1981 TO 2010
CLIMATE RECORD PERIOD 1939 TO 2018


WEATHER ITEM   OBSERVED TIME   RECORD YEAR NORMAL DEPARTURE LAST
                VALUE   (LST)  VALUE       VALUE  FROM      YEAR
                                                  NORMAL
..................................................................
TEMPERATURE (F)
 TODAY
  MAXIMUM         29    344 AM  66    1950  40    -11       54
  MINIMUM         22   1002 AM   4    1981  27     -5       36
  AVERAGE         26                        34     -8       45

PRECIPITATION (IN)
  TODAY            6.81R         2.02 1982   0.10   6.71      T
  MONTH TO DATE    6.81                      0.41   6.40     0.63
  SINCE DEC 1      8.87                      3.97   4.90     3.58
  SINCE JAN 1      6.81                      0.41   6.40     0.63

SNOWFALL (IN)
  TODAY            5.2 R         5.2  1988   0.2    5.0      0.0
  MONTH TO DATE    5.2                       0.9    4.3       T
  SINCE OCT 1     13.2                       6.4    6.8      3.0
  SINCE JUL 1     13.2                       6.4    6.8      3.0
  SNOW DEPTH       5

DEGREE DAYS
 HEATING
  TODAY           39                        31      8       20
  MONTH TO DATE  176                       124     52       87
  SINCE DEC 1   1061                       955    106      845
  SINCE JUL 1   1652                      1730    -78     1383

 COOLING
  TODAY            0                         0      0        0
  MONTH TO DATE    0                         0      0        0
  SINCE DEC 1      0                         0      0        0
  SINCE JAN 1      0                         0      0        0
..................................................................


WIND (MPH)
  HIGHEST WIND SPEED    39   HIGHEST WIND DIRECTION     N (350)
  HIGHEST GUST SPEED    53   HIGHEST GUST DIRECTION     N (350)
  AVERAGE WIND SPEED    22.2


SKY COVER
  AVERAGE SKY COVER 1.0


WEATHER CONDITIONS
 THE FOLLOWING WEATHER WAS RECORDED TODAY.
  SNOW
  LIGHT SNOW
  FOG
  FOG W/VISIBILITY <= 1/4 MILE
  BLOWING SNOW


RELATIVE HUMIDITY (PERCENT)
 HIGHEST    92           900 AM
 LOWEST     39           300 AM
 AVERAGE    66

..........................................................


THE LAGUARDIA NY CLIMATE NORMALS FOR TOMORROW
                         NORMAL    RECORD    YEAR
 MAXIMUM TEMPERATURE (F)   40        64      1950
 MINIMUM TEMPERATURE (F)   27         9      1968


SUNRISE AND SUNSET
JANUARY  4 2018.......SUNRISE   720 AM EST   SUNSET   441 PM EST
JANUARY  5 2018.......SUNRISE   720 AM EST   SUNSET   442 PM EST


-  INDICATES NEGATIVE NUMBERS.
R  INDICATES RECORD WAS SET OR TIED.
MM INDICATES DATA IS MISSING.
T  INDICATES TRACE AMOUNT.




$$
