000
CDUS41 KOKX 130615
CLILGA


CLIMATE REPORT
NATIONAL WEATHER SERVICE NEW YORK NY
215 AM EDT MON OCT 13 2014


...................................

...THE LAGUARDIA NY CLIMATE SUMMARY FOR OCTOBER 12 2014...

CLIMATE NORMAL PERIOD 1981 TO 2010
CLIMATE RECORD PERIOD 1945 TO 2014


WEATHER ITEM   OBSERVED TIME   RECORD YEAR NORMAL DEPARTURE LAST
                VALUE   (LST)  VALUE       VALUE  FROM      YEAR
                                                  NORMAL
..................................................................
TEMPERATURE (F)
 YESTERDAY
  MAXIMUM         62    409 PM  86    1954  67     -5       72
  MINIMUM         49    621 AM  41    1964  52     -3       60
  AVERAGE         56                        59     -3       66

PRECIPITATION (IN)
  YESTERDAY        0.00          4.39 2005   0.12  -0.12     0.00
  MONTH TO DATE    1.44                      1.50  -0.06     0.37
  SINCE SEP 1      2.68                      5.23  -2.55     3.66
  SINCE JAN 1     37.74                     35.48   2.26    31.00

SNOWFALL (IN)
  YESTERDAY        0.0          MM      MM   0.0    0.0      0.0
  MONTH TO DATE    0.0                       0.0    0.0      0.0
  SINCE OCT 1      0.0                       0.0    0.0      0.0
  SINCE JUL 1      0.0                       0.0    0.0      0.0
  SNOW DEPTH       0

DEGREE DAYS
 HEATING
  YESTERDAY        9                         6      3        0
  MONTH TO DATE   48                        60    -12       15
  SINCE SEP 1     61                        94    -33       46
  SINCE JUL 1     61                        95    -34       46

 COOLING
  YESTERDAY        0                         1     -1        1
  MONTH TO DATE    7                        17    -10       49
  SINCE SEP 1    188                       174     14      181
  SINCE JAN 1   1175                      1207    -32     1400
..................................................................


WIND (MPH)
  HIGHEST WIND SPEED    13   HIGHEST WIND DIRECTION    NE (60)
  HIGHEST GUST SPEED    17   HIGHEST GUST DIRECTION    NE (50)
  AVERAGE WIND SPEED     5.7


SKY COVER
  AVERAGE SKY COVER 0.4


WEATHER CONDITIONS
 THE FOLLOWING WEATHER WAS RECORDED YESTERDAY.
  NO SIGNIFICANT WEATHER WAS OBSERVED.


RELATIVE HUMIDITY (PERCENT)
 HIGHEST    83           200 AM
 LOWEST     34           300 PM
 AVERAGE    59

..........................................................


THE LAGUARDIA NY CLIMATE NORMALS FOR TODAY
                         NORMAL    RECORD    YEAR
 MAXIMUM TEMPERATURE (F)   66        86      1995
                                             1954
 MINIMUM TEMPERATURE (F)   52        39      1988


SUNRISE AND SUNSET
OCTOBER 13 2014.......SUNRISE   705 AM EDT   SUNSET   618 PM EDT
OCTOBER 14 2014.......SUNRISE   706 AM EDT   SUNSET   617 PM EDT


-  INDICATES NEGATIVE NUMBERS.
R  INDICATES RECORD WAS SET OR TIED.
MM INDICATES DATA IS MISSING.
T  INDICATES TRACE AMOUNT.




$$
