382
CDUS41 KOKX 160617
CLILGA


CLIMATE REPORT
NATIONAL WEATHER SERVICE NEW YORK NY
216 AM EDT TUE MAY 16 2017


...................................

...THE LAGUARDIA NY CLIMATE SUMMARY FOR MAY 15 2017...

CLIMATE NORMAL PERIOD 1981 TO 2010
CLIMATE RECORD PERIOD 1939 TO 2017


WEATHER ITEM   OBSERVED TIME   RECORD YEAR NORMAL DEPARTURE LAST
                VALUE   (LST)  VALUE       VALUE  FROM      YEAR
                                                  NORMAL
..................................................................
TEMPERATURE (F)
 YESTERDAY
  MAXIMUM         70    513 PM  89    2004  71     -1       59
  MINIMUM         54    324 AM  43    1947  54      0       47
  AVERAGE         62                        62      0       53

PRECIPITATION (IN)
  YESTERDAY        0.00          0.89 1981   0.11  -0.11      T
  MONTH TO DATE    4.08                      1.69   2.39     1.93
  SINCE MAR 1     12.86                      9.66   3.20     4.85
  SINCE JAN 1     18.86                     15.59   3.27    13.38

SNOWFALL (IN)
  YESTERDAY        0.0          MM      MM   0.0    0.0      0.0
  MONTH TO DATE    0.0                       0.0    0.0      0.0
  SINCE OCT 1     33.2                      26.9    6.3     36.2
  SINCE JUL 1     33.2                      26.9    6.3     36.2
  SNOW DEPTH       0

DEGREE DAYS
 HEATING
  YESTERDAY        3                         4     -1       12
  MONTH TO DATE   94                        88      6      120
  SINCE MAR 1   1075                      1173    -98      969
  SINCE JUL 1   3762                      4602   -840     3631

 COOLING
  YESTERDAY        0                         1     -1        0
  MONTH TO DATE    5                        15    -10        3
  SINCE MAR 1     36                        23     13       16
  SINCE JAN 1     36                        23     13       16
..................................................................


WIND (MPH)
  HIGHEST WIND SPEED    32   HIGHEST WIND DIRECTION    NW (310)
  HIGHEST GUST SPEED    47   HIGHEST GUST DIRECTION    NW (300)
  AVERAGE WIND SPEED    20.4


SKY COVER
  AVERAGE SKY COVER 0.5


WEATHER CONDITIONS
 THE FOLLOWING WEATHER WAS RECORDED YESTERDAY.
  NO SIGNIFICANT WEATHER WAS OBSERVED.


RELATIVE HUMIDITY (PERCENT)
 HIGHEST    62           500 AM
 LOWEST     36           400 PM
 AVERAGE    49

..........................................................


THE LAGUARDIA NY CLIMATE NORMALS FOR TODAY
                         NORMAL    RECORD    YEAR
 MAXIMUM TEMPERATURE (F)   71        90      1951
 MINIMUM TEMPERATURE (F)   54        41      1983


SUNRISE AND SUNSET
MAY 16 2017...........SUNRISE   537 AM EDT   SUNSET   807 PM EDT
MAY 17 2017...........SUNRISE   536 AM EDT   SUNSET   808 PM EDT


-  INDICATES NEGATIVE NUMBERS.
R  INDICATES RECORD WAS SET OR TIED.
MM INDICATES DATA IS MISSING.
T  INDICATES TRACE AMOUNT.




$$
