000
CDUS41 KOKX 050618
CLILGA


CLIMATE REPORT
NATIONAL WEATHER SERVICE NEW YORK NY
117 AM EST SUN MAR 5 2017


...................................

...THE LAGUARDIA NY CLIMATE SUMMARY FOR MARCH 4 2017...

CLIMATE NORMAL PERIOD 1981 TO 2010
CLIMATE RECORD PERIOD 1939 TO 2017


WEATHER ITEM   OBSERVED TIME   RECORD YEAR NORMAL DEPARTURE LAST
                VALUE   (LST)  VALUE       VALUE  FROM      YEAR
                                                  NORMAL
..................................................................
TEMPERATURE (F)
 YESTERDAY
  MAXIMUM         32    251 PM  69    1946  46    -14       42
  MINIMUM         19   1159 PM   7    1943  31    -12       30
  AVERAGE         26                        39    -13       36

PRECIPITATION (IN)
  YESTERDAY        0.00          1.53 1977   0.11  -0.11     0.08
  MONTH TO DATE    0.12                      0.46  -0.34     0.25
  SINCE MAR 1      0.12                      0.46  -0.34     0.25
  SINCE JAN 1      6.12                      6.39  -0.27     8.78

SNOWFALL (IN)
  YESTERDAY        0.0           2.3  1971   0.2   -0.2      1.2
  MONTH TO DATE    0.0                       0.9   -0.9      1.2
  SINCE OCT 1     23.4                      22.9    0.5     35.6
  SINCE JUL 1     23.4                      22.9    0.5     35.6
  SNOW DEPTH       0

DEGREE DAYS
 HEATING
  YESTERDAY       39                        26     13       29
  MONTH TO DATE   85                       106    -21      102
  SINCE MAR 1     85                       106    -21      102
  SINCE JUL 1   2772                      3535   -763     2764

 COOLING
  YESTERDAY        0                         0      0        0
  MONTH TO DATE    0                         0      0        0
  SINCE MAR 1      0                         0      0        0
  SINCE JAN 1      0                         0      0        0
..................................................................


WIND (MPH)
  HIGHEST WIND SPEED    33   HIGHEST WIND DIRECTION    NW (330)
  HIGHEST GUST SPEED    41   HIGHEST GUST DIRECTION    NW (320)
  AVERAGE WIND SPEED    21.3


SKY COVER
  AVERAGE SKY COVER 0.4


WEATHER CONDITIONS
 THE FOLLOWING WEATHER WAS RECORDED YESTERDAY.
  NO SIGNIFICANT WEATHER WAS OBSERVED.


RELATIVE HUMIDITY (PERCENT)
 HIGHEST    50           700 AM
 LOWEST     28           400 PM
 AVERAGE    39

..........................................................


THE LAGUARDIA NY CLIMATE NORMALS FOR TODAY
                         NORMAL    RECORD    YEAR
 MAXIMUM TEMPERATURE (F)   46        72      1976
 MINIMUM TEMPERATURE (F)   32         9      1948


SUNRISE AND SUNSET
MARCH  5 2017.........SUNRISE   623 AM EST   SUNSET   552 PM EST
MARCH  6 2017.........SUNRISE   621 AM EST   SUNSET   553 PM EST


-  INDICATES NEGATIVE NUMBERS.
R  INDICATES RECORD WAS SET OR TIED.
MM INDICATES DATA IS MISSING.
T  INDICATES TRACE AMOUNT.




$$
