000
CDUS41 KOKX 112049
CLILGA


CLIMATE REPORT
NATIONAL WEATHER SERVICE NEW YORK NY
449 PM EDT MON APR 11 2016


...................................

...THE LAGUARDIA NY CLIMATE SUMMARY FOR APRIL 11 2016...
VALID TODAY AS OF 0400 PM LOCAL TIME.

CLIMATE NORMAL PERIOD 1981 TO 2010
CLIMATE RECORD PERIOD 1945 TO 2016


WEATHER ITEM   OBSERVED TIME   RECORD YEAR NORMAL DEPARTURE LAST
                VALUE   (LST)  VALUE       VALUE  FROM      YEAR
                                                  NORMAL
..................................................................
TEMPERATURE (F)
 TODAY
  MAXIMUM         61    106 PM  82    1955  59      2       57
  MINIMUM         44    150 AM  32    1943  43      1       45
  AVERAGE         53                        51      2       51

PRECIPITATION (IN)
  TODAY            T             0.94 1958   0.15  -0.15     0.00
  MONTH TO DATE    0.97                      1.55  -0.58     0.46
  SINCE MAR 1      2.23                      5.52  -3.29     5.00
  SINCE JAN 1     10.76                     11.45  -0.69    12.08

SNOWFALL (IN)
  TODAY            0.0           0.5  1958   0.0    0.0      0.0
  MONTH TO DATE    T                         0.3   -0.3      0.0
  SINCE OCT 1     36.2                      26.7    9.5     53.8
  SINCE JUL 1     36.2                      26.7    9.5     53.8
  SNOW DEPTH       0

DEGREE DAYS
 HEATING
  TODAY           12                        14     -2       14
  MONTH TO DATE  203                       174     29      176
  SINCE MAR 1    698                       881   -183     1010
  SINCE JUL 1   3360                      4310   -950     4732

 COOLING
  TODAY            0                         0      0        0
  MONTH TO DATE    3                         0      3        0
  SINCE MAR 1      8                         0      8        0
  SINCE JAN 1      8                         0      8        0
..................................................................


WIND (MPH)
  HIGHEST WIND SPEED    22   HIGHEST WIND DIRECTION     S (170)
  HIGHEST GUST SPEED    26   HIGHEST GUST DIRECTION     S (160)
  AVERAGE WIND SPEED    13.6


SKY COVER
  AVERAGE SKY COVER 0.9


WEATHER CONDITIONS
 THE FOLLOWING WEATHER WAS RECORDED TODAY.
  LIGHT RAIN


RELATIVE HUMIDITY (PERCENT)
 HIGHEST    71           600 AM
 LOWEST     46           100 PM
 AVERAGE    59

..........................................................


THE LAGUARDIA NY CLIMATE NORMALS FOR TOMORROW
                         NORMAL    RECORD    YEAR
 MAXIMUM TEMPERATURE (F)   60        86      1977
 MINIMUM TEMPERATURE (F)   43        29      1976


SUNRISE AND SUNSET
APRIL 11 2016.........SUNRISE   622 AM EDT   SUNSET   731 PM EDT
APRIL 12 2016.........SUNRISE   621 AM EDT   SUNSET   732 PM EDT


-  INDICATES NEGATIVE NUMBERS.
R  INDICATES RECORD WAS SET OR TIED.
MM INDICATES DATA IS MISSING.
T  INDICATES TRACE AMOUNT.




$$
