000
CDUS41 KOKX 040617
CLILGA


CLIMATE REPORT
NATIONAL WEATHER SERVICE NEW YORK NY
217 AM EDT TUE APR 4 2017


...................................

...THE LAGUARDIA NY CLIMATE SUMMARY FOR APRIL 3 2017...

CLIMATE NORMAL PERIOD 1981 TO 2010
CLIMATE RECORD PERIOD 1939 TO 2017


WEATHER ITEM   OBSERVED TIME   RECORD YEAR NORMAL DEPARTURE LAST
                VALUE   (LST)  VALUE       VALUE  FROM      YEAR
                                                  NORMAL
..................................................................
TEMPERATURE (F)
 YESTERDAY
  MAXIMUM         63   1232 PM  77    1967  56      7       50
  MINIMUM         48    507 AM  25    1954  40      8       35
  AVERAGE         56                        48      8       43

PRECIPITATION (IN)
  YESTERDAY        0.03          1.59 1983   0.14  -0.11     0.11
  MONTH TO DATE    0.04                      0.42  -0.38     0.25
  SINCE MAR 1      4.73                      4.39   0.34     1.51
  SINCE JAN 1     10.73                     10.32   0.41    10.04

SNOWFALL (IN)
  YESTERDAY        0.0          MM      MM   0.0    0.0       T
  MONTH TO DATE    0.0                       0.1   -0.1       T
  SINCE OCT 1     33.2                      26.5    6.7     36.2
  SINCE JUL 1     33.2                      26.5    6.7     36.2
  SNOW DEPTH       0

DEGREE DAYS
 HEATING
  YESTERDAY        9                        17     -8       22
  MONTH TO DATE   42                        52    -10       32
  SINCE MAR 1    777                       759     18      527
  SINCE JUL 1   3464                      4188   -724     3189

 COOLING
  YESTERDAY        0                         0      0        0
  MONTH TO DATE    0                         0      0        3
  SINCE MAR 1      0                         0      0        8
  SINCE JAN 1      0                         0      0        8
..................................................................


WIND (MPH)
  HIGHEST WIND SPEED    21   HIGHEST WIND DIRECTION     S (160)
  HIGHEST GUST SPEED    24   HIGHEST GUST DIRECTION     S (170)
  AVERAGE WIND SPEED     9.2


SKY COVER
  AVERAGE SKY COVER 0.7


WEATHER CONDITIONS
 THE FOLLOWING WEATHER WAS RECORDED YESTERDAY.
  LIGHT RAIN


RELATIVE HUMIDITY (PERCENT)
 HIGHEST    56           400 AM
 LOWEST     29           200 PM
 AVERAGE    43

..........................................................


THE LAGUARDIA NY CLIMATE NORMALS FOR TODAY
                         NORMAL    RECORD    YEAR
 MAXIMUM TEMPERATURE (F)   57        76      2010
 MINIMUM TEMPERATURE (F)   41        24      1954


SUNRISE AND SUNSET
APRIL  4 2017.........SUNRISE   634 AM EDT   SUNSET   724 PM EDT
APRIL  5 2017.........SUNRISE   632 AM EDT   SUNSET   725 PM EDT


-  INDICATES NEGATIVE NUMBERS.
R  INDICATES RECORD WAS SET OR TIED.
MM INDICATES DATA IS MISSING.
T  INDICATES TRACE AMOUNT.




$$
