499
CDUS41 KOKX 092137
CLILGA


CLIMATE REPORT
NATIONAL WEATHER SERVICE NEW YORK NY
437 PM EST THU FEB 9 2017


...................................

...THE LAGUARDIA NY CLIMATE SUMMARY FOR FEBRUARY 9 2017...
VALID TODAY AS OF 0400 PM LOCAL TIME.

CLIMATE NORMAL PERIOD 1981 TO 2010
CLIMATE RECORD PERIOD 1939 TO 2017


WEATHER ITEM   OBSERVED TIME   RECORD YEAR NORMAL DEPARTURE LAST
                VALUE   (LST)  VALUE       VALUE  FROM      YEAR
                                                  NORMAL
..................................................................
TEMPERATURE (F)
 TODAY
  MAXIMUM         44   1225 AM  62    1990  41      3       36
  MINIMUM         27    336 PM   7    1979  28     -1       27
  AVERAGE         36                        34      2       32

PRECIPITATION (IN)
  TODAY            0.44          1.82 1969   0.09   0.35      T
  MONTH TO DATE    0.69                      0.86  -0.17     1.11
  SINCE DEC 1      7.77                      7.59   0.18     9.61
  SINCE JAN 1      4.82                      4.03   0.79     5.28

SNOWFALL (IN)
  TODAY           10.0          15.7  1969   0.3    9.7       T
  MONTH TO DATE   10.0                       2.9    7.1      3.4
  SINCE OCT 1     23.1                      15.8    7.3     32.2
  SINCE JUL 1     23.1                      15.8    7.3     32.2
  SNOW DEPTH       2

DEGREE DAYS
 HEATING
  TODAY           29                        31     -2       33
  MONTH TO DATE  230                       281    -51      207
  SINCE DEC 1   1766                      2105   -339     1542
  SINCE JUL 1   2304                      2880   -576     2104

 COOLING
  TODAY            0                         0      0        0
  MONTH TO DATE    0                         0      0        0
  SINCE DEC 1      0                         0      0        1
  SINCE JAN 1      0                         0      0        0
..................................................................


WIND (MPH)
  HIGHEST WIND SPEED    33   HIGHEST WIND DIRECTION    NW (320)
  HIGHEST GUST SPEED    44   HIGHEST GUST DIRECTION     N (340)
  AVERAGE WIND SPEED    18.6


SKY COVER
  AVERAGE SKY COVER 1.0


WEATHER CONDITIONS
 THE FOLLOWING WEATHER WAS RECORDED TODAY.
  SNOW
  LIGHT SNOW
  FOG
  FOG W/VISIBILITY <= 1/4 MILE
  BLOWING SNOW


RELATIVE HUMIDITY (PERCENT)
 HIGHEST    92           700 AM
 LOWEST     57           200 AM
 AVERAGE    75

..........................................................


THE LAGUARDIA NY CLIMATE NORMALS FOR TOMORROW
                         NORMAL    RECORD    YEAR
 MAXIMUM TEMPERATURE (F)   41        60      2001
 MINIMUM TEMPERATURE (F)   28         4      1979


SUNRISE AND SUNSET
FEBRUARY  9 2017......SUNRISE   657 AM EST   SUNSET   523 PM EST
FEBRUARY 10 2017......SUNRISE   656 AM EST   SUNSET   525 PM EST


-  INDICATES NEGATIVE NUMBERS.
R  INDICATES RECORD WAS SET OR TIED.
MM INDICATES DATA IS MISSING.
T  INDICATES TRACE AMOUNT.




$$
