000
CDUS41 KOKX 080619
CLILGA


CLIMATE REPORT
NATIONAL WEATHER SERVICE NEW YORK NY
219 AM EDT THU SEP 8 2016


...................................

...THE LAGUARDIA NY CLIMATE SUMMARY FOR SEPTEMBER 7 2016...

CLIMATE NORMAL PERIOD 1981 TO 2010
CLIMATE RECORD PERIOD 1939 TO 2016


WEATHER ITEM   OBSERVED TIME   RECORD YEAR NORMAL DEPARTURE LAST
                VALUE   (LST)  VALUE       VALUE  FROM      YEAR
                                                  NORMAL
..................................................................
TEMPERATURE (F)
 YESTERDAY
  MAXIMUM         86    303 PM  90    2015  79      7       90
                                      1945
  MINIMUM         72    615 AM  53    1984  65      7       71
                                      1962
  AVERAGE         79                        72      7       81

PRECIPITATION (IN)
  YESTERDAY        T             2.37 1998   0.12  -0.12     0.00
  MONTH TO DATE    0.35                      0.83  -0.48     0.00
  SINCE SEP 1      0.35                      0.83  -0.48     0.00
  SINCE JAN 1     24.07                     31.08  -7.01    25.27

SNOWFALL (IN)
  YESTERDAY        0.0          MM      MM   0.0    0.0      0.0
  MONTH TO DATE    0.0                       0.0    0.0      0.0
  SINCE OCT 1     36.2                      26.9    9.3     53.8
  SINCE JUL 1      0.0                       0.0    0.0      0.0
  SNOW DEPTH       0

DEGREE DAYS
 HEATING
  YESTERDAY        0                         0      0        0
  MONTH TO DATE    0                         0      0        0
  SINCE SEP 1      0                         0      0        0
  SINCE JUL 1      0                         1     -1        0

 COOLING
  YESTERDAY       14                         7      7       16
  MONTH TO DATE   77                        57     20      102
  SINCE SEP 1     77                        57     20      102
  SINCE JAN 1   1494                      1090    404     1351
..................................................................


WIND (MPH)
  HIGHEST WIND SPEED    20   HIGHEST WIND DIRECTION     N (360)
  HIGHEST GUST SPEED    26   HIGHEST GUST DIRECTION     N (350)
  AVERAGE WIND SPEED    11.1


SKY COVER
  AVERAGE SKY COVER 0.7


WEATHER CONDITIONS
 THE FOLLOWING WEATHER WAS RECORDED YESTERDAY.
  LIGHT RAIN
  FOG


RELATIVE HUMIDITY (PERCENT)
 HIGHEST    90          1200 AM
 LOWEST     51           100 PM
 AVERAGE    71

..........................................................


THE LAGUARDIA NY CLIMATE NORMALS FOR TODAY
                         NORMAL    RECORD    YEAR
 MAXIMUM TEMPERATURE (F)   79        95      2015
 MINIMUM TEMPERATURE (F)   65        54      1984


SUNRISE AND SUNSET
SEPTEMBER  8 2016.....SUNRISE   630 AM EDT   SUNSET   716 PM EDT
SEPTEMBER  9 2016.....SUNRISE   631 AM EDT   SUNSET   714 PM EDT


-  INDICATES NEGATIVE NUMBERS.
R  INDICATES RECORD WAS SET OR TIED.
MM INDICATES DATA IS MISSING.
T  INDICATES TRACE AMOUNT.




$$
