956
CDUS41 KOKX 280633
CLILGA


CLIMATE REPORT
NATIONAL WEATHER SERVICE NEW YORK NY
133 AM EST THU JAN 28 2016


...................................

...THE LAGUARDIA NY CLIMATE SUMMARY FOR JANUARY 27 2016...

CLIMATE NORMAL PERIOD 1981 TO 2010
CLIMATE RECORD PERIOD 1945 TO 2016


WEATHER ITEM   OBSERVED TIME   RECORD YEAR NORMAL DEPARTURE LAST
                VALUE   (LST)  VALUE       VALUE  FROM      YEAR
                                                  NORMAL
..................................................................
TEMPERATURE (F)
 YESTERDAY
  MAXIMUM         48    304 AM  66    1974  39      9       28
  MINIMUM         34   1159 PM   0    1994  26      8       19
  AVERAGE         41                        33      8       24

PRECIPITATION (IN)
  YESTERDAY        0.01          1.93 1976   0.10  -0.09     0.25
  MONTH TO DATE    4.17                      2.77   1.40     4.80
  SINCE DEC 1      8.50                      6.33   2.17    11.00
  SINCE JAN 1      4.17                      2.77   1.40     4.80

SNOWFALL (IN)
  YESTERDAY        0.0           7.9  2011   0.2   -0.2      5.0
  MONTH TO DATE   28.8                       6.3   22.5     17.9
  SINCE OCT 1     28.8                      11.8   17.0     19.6
  SINCE JUL 1     28.8                      11.8   17.0     19.6
  SNOW DEPTH       9

DEGREE DAYS
 HEATING
  YESTERDAY       24                        32     -8       41
  MONTH TO DATE  798                       860    -62      927
  SINCE DEC 1   1231                      1691   -460     1676
  SINCE JUL 1   1793                      2466   -673     2430

 COOLING
  YESTERDAY        0                         0      0        0
  MONTH TO DATE    0                         0      0        0
  SINCE DEC 1      1                         0      1        0
  SINCE JAN 1      0                         0      0        0
..................................................................


WIND (MPH)
  HIGHEST WIND SPEED    24   HIGHEST WIND DIRECTION    NW (320)
  HIGHEST GUST SPEED    30   HIGHEST GUST DIRECTION    NW (310)
  AVERAGE WIND SPEED    11.7


SKY COVER
  AVERAGE SKY COVER 0.7


WEATHER CONDITIONS
 THE FOLLOWING WEATHER WAS RECORDED YESTERDAY.
  LIGHT RAIN


RELATIVE HUMIDITY (PERCENT)
 HIGHEST    70           600 AM
 LOWEST     37          1200 PM
 AVERAGE    54

..........................................................


THE LAGUARDIA NY CLIMATE NORMALS FOR TODAY
                         NORMAL    RECORD    YEAR
 MAXIMUM TEMPERATURE (F)   40        60      2002
                                             1947
 MINIMUM TEMPERATURE (F)   27         7      2005


SUNRISE AND SUNSET
JANUARY 28 2016.......SUNRISE   710 AM EST   SUNSET   508 PM EST
JANUARY 29 2016.......SUNRISE   709 AM EST   SUNSET   509 PM EST


-  INDICATES NEGATIVE NUMBERS.
R  INDICATES RECORD WAS SET OR TIED.
MM INDICATES DATA IS MISSING.
T  INDICATES TRACE AMOUNT.




$$
