533
CDUS41 KOKX 110623
CLILGA


CLIMATE REPORT
NATIONAL WEATHER SERVICE NEW YORK NY
122 AM EST SAT NOV 11 2017


...................................

...THE LAGUARDIA NY CLIMATE SUMMARY FOR NOVEMBER 10 2017...

CLIMATE NORMAL PERIOD 1981 TO 2010
CLIMATE RECORD PERIOD 1939 TO 2017


WEATHER ITEM   OBSERVED TIME   RECORD YEAR NORMAL DEPARTURE LAST
                VALUE   (LST)  VALUE       VALUE  FROM      YEAR
                                                  NORMAL
..................................................................
TEMPERATURE (F)
 YESTERDAY
  MAXIMUM         53   1238 AM  75    1999  57     -4       58
  MINIMUM         27R  1159 PM  31    1956  44    -17       44
  AVERAGE         40                        50    -10       51

PRECIPITATION (IN)
  YESTERDAY        T             1.23 1990   0.11  -0.11     0.00
  MONTH TO DATE    0.70                      1.11  -0.41     0.02
  SINCE SEP 1      6.32                      8.62  -2.30     7.37
  SINCE JAN 1     39.31                     38.87   0.44    31.09

SNOWFALL (IN)
  YESTERDAY        0.0          MM      MM   0.0    0.0      0.0
  MONTH TO DATE    0.0                       0.0    0.0      0.0
  SINCE OCT 1      0.0                       0.0    0.0      0.0
  SINCE JUL 1      0.0                       0.0    0.0      0.0
  SNOW DEPTH       0

DEGREE DAYS
 HEATING
  YESTERDAY       25                        15     10       14
  MONTH TO DATE  122                       136    -14       83
  SINCE SEP 1    207                       407   -200      248
  SINCE JUL 1    207                       408   -201      248

 COOLING
  YESTERDAY        0                         0      0        0
  MONTH TO DATE    0                         0      0        2
  SINCE SEP 1    308                       180    128      328
  SINCE JAN 1   1439                      1213    226     1745
..................................................................


WIND (MPH)
  HIGHEST WIND SPEED    30   HIGHEST WIND DIRECTION    NW (310)
  HIGHEST GUST SPEED    39   HIGHEST GUST DIRECTION    NW (310)
  AVERAGE WIND SPEED    20.1


SKY COVER
  AVERAGE SKY COVER 0.4


WEATHER CONDITIONS
 THE FOLLOWING WEATHER WAS RECORDED YESTERDAY.
  LIGHT RAIN


RELATIVE HUMIDITY (PERCENT)
 HIGHEST    77           400 AM
 LOWEST     35           200 PM
 AVERAGE    56

..........................................................


THE LAGUARDIA NY CLIMATE NORMALS FOR TODAY
                         NORMAL    RECORD    YEAR
 MAXIMUM TEMPERATURE (F)   56        74      1949
 MINIMUM TEMPERATURE (F)   43        29      1956


SUNRISE AND SUNSET
NOVEMBER 11 2017......SUNRISE   638 AM EST   SUNSET   441 PM EST
NOVEMBER 12 2017......SUNRISE   639 AM EST   SUNSET   440 PM EST


-  INDICATES NEGATIVE NUMBERS.
R  INDICATES RECORD WAS SET OR TIED.
MM INDICATES DATA IS MISSING.
T  INDICATES TRACE AMOUNT.




$$
