000
CDUS41 KOKX 170617
CLILGA


CLIMATE REPORT
NATIONAL WEATHER SERVICE NEW YORK NY
117 AM EST SAT JAN 17 2015


...................................

...THE LAGUARDIA NY CLIMATE SUMMARY FOR JANUARY 16 2015...

CLIMATE NORMAL PERIOD 1981 TO 2010
CLIMATE RECORD PERIOD 1945 TO 2015


WEATHER ITEM   OBSERVED TIME   RECORD YEAR NORMAL DEPARTURE LAST
                VALUE   (LST)  VALUE       VALUE  FROM      YEAR
                                                  NORMAL
..................................................................
TEMPERATURE (F)
 YESTERDAY
  MAXIMUM         42    141 PM  59    1953  39      3       41
  MINIMUM         20   1159 PM   2    1994  26     -6       36
  AVERAGE         31                        33     -2       39

PRECIPITATION (IN)
  YESTERDAY        0.00          0.90 1997   0.10  -0.10      T
  MONTH TO DATE    1.54                      1.67  -0.13     1.89
  SINCE DEC 1      7.74                      5.23   2.51     6.35
  SINCE JAN 1      1.54                      1.67  -0.13     1.89

SNOWFALL (IN)
  YESTERDAY        0.0           4.6  1965   0.3   -0.3      0.0
  MONTH TO DATE    2.8                       3.9   -1.1      8.0
  SINCE OCT 1      4.5                       9.4   -4.9     15.8
  SINCE JUL 1      4.5                       9.4   -4.9     15.8
  SNOW DEPTH       0

DEGREE DAYS
 HEATING
  YESTERDAY       34                        32      2       26
  MONTH TO DATE  569                       508     61      526
  SINCE DEC 1   1318                      1339    -21     1351
  SINCE JUL 1   2072                      2114    -42     2133

 COOLING
  YESTERDAY        0                         0      0        0
  MONTH TO DATE    0                         0      0        0
  SINCE DEC 1      0                         0      0        0
  SINCE JAN 1      0                         0      0        0
..................................................................


WIND (MPH)
  HIGHEST WIND SPEED    37   HIGHEST WIND DIRECTION    NW (310)
  HIGHEST GUST SPEED    46   HIGHEST GUST DIRECTION    NW (320)
  AVERAGE WIND SPEED    18.2


SKY COVER
  AVERAGE SKY COVER 0.3


WEATHER CONDITIONS
 THE FOLLOWING WEATHER WAS RECORDED YESTERDAY.
  NO SIGNIFICANT WEATHER WAS OBSERVED.


RELATIVE HUMIDITY (PERCENT)
 HIGHEST    53           300 AM
 LOWEST     35           700 PM
 AVERAGE    44

..........................................................


THE LAGUARDIA NY CLIMATE NORMALS FOR TODAY
                         NORMAL    RECORD    YEAR
 MAXIMUM TEMPERATURE (F)   39        59      1990
                                             1973
 MINIMUM TEMPERATURE (F)   26        -1      1982
                                             1977


SUNRISE AND SUNSET
JANUARY 17 2015.......SUNRISE   717 AM EST   SUNSET   455 PM EST
JANUARY 18 2015.......SUNRISE   716 AM EST   SUNSET   456 PM EST


-  INDICATES NEGATIVE NUMBERS.
R  INDICATES RECORD WAS SET OR TIED.
MM INDICATES DATA IS MISSING.
T  INDICATES TRACE AMOUNT.




$$
