000
CDUS41 KOKX 090642
CLILGA


CLIMATE REPORT
NATIONAL WEATHER SERVICE NEW YORK NY
241 AM EDT SUN JUL 9 2017


...................................

...THE LAGUARDIA NY CLIMATE SUMMARY FOR JULY 8 2017...

CLIMATE NORMAL PERIOD 1981 TO 2010
CLIMATE RECORD PERIOD 1939 TO 2017


WEATHER ITEM   OBSERVED TIME   RECORD YEAR NORMAL DEPARTURE LAST
                VALUE   (LST)  VALUE       VALUE  FROM      YEAR
                                                  NORMAL
..................................................................
TEMPERATURE (F)
 YESTERDAY
  MAXIMUM         87    345 PM  99    1994  85      2       86
                                      1993
  MINIMUM         71    509 AM  60    1984  69      2       69
  AVERAGE         79                        77      2       78

PRECIPITATION (IN)
  YESTERDAY        T             1.24 1987   0.13  -0.13     0.01
  MONTH TO DATE    2.33                      1.01   1.32     1.39
  SINCE JUN 1      6.71                      4.95   1.76     3.63
  SINCE JAN 1     27.48                     22.64   4.84    19.00

SNOWFALL (IN)
  YESTERDAY        0.0          MM      MM   0.0    0.0      0.0
  MONTH TO DATE    0.0                       0.0    0.0      0.0
  SINCE OCT 1     33.2                      26.9    6.3     36.2
  SINCE JUL 1      0.0                       0.0    0.0      0.0
  SNOW DEPTH       0

DEGREE DAYS
 HEATING
  YESTERDAY        0                         0      0        0
  MONTH TO DATE    0                         0      0        0
  SINCE JUN 1     16                        16      0        2
  SINCE JUL 1      0                         0      0        0

 COOLING
  YESTERDAY       14                        12      2       13
  MONTH TO DATE  110                        93     17      111
  SINCE JUN 1    390                       324     66      381
  SINCE JAN 1    495                       390    105      500
..................................................................


WIND (MPH)
  HIGHEST WIND SPEED    23   HIGHEST WIND DIRECTION     W (270)
  HIGHEST GUST SPEED    30   HIGHEST GUST DIRECTION     W (280)
  AVERAGE WIND SPEED     9.6


SKY COVER
  AVERAGE SKY COVER 0.6


WEATHER CONDITIONS
 THE FOLLOWING WEATHER WAS RECORDED YESTERDAY.
  LIGHT RAIN


RELATIVE HUMIDITY (PERCENT)
 HIGHEST   100           300 AM
 LOWEST     46           100 PM
 AVERAGE    73

..........................................................


THE LAGUARDIA NY CLIMATE NORMALS FOR TODAY
                         NORMAL    RECORD    YEAR
 MAXIMUM TEMPERATURE (F)   85        98      1993
 MINIMUM TEMPERATURE (F)   69        57      1963


SUNRISE AND SUNSET
JULY  9 2017..........SUNRISE   533 AM EDT   SUNSET   829 PM EDT
JULY 10 2017..........SUNRISE   534 AM EDT   SUNSET   828 PM EDT


-  INDICATES NEGATIVE NUMBERS.
R  INDICATES RECORD WAS SET OR TIED.
MM INDICATES DATA IS MISSING.
T  INDICATES TRACE AMOUNT.




$$
