000
CDUS41 KOKX 090619
CLILGA


CLIMATE REPORT
NATIONAL WEATHER SERVICE NEW YORK NY
218 AM EDT MON MAY 9 2016


...................................

...THE LAGUARDIA NY CLIMATE SUMMARY FOR MAY 8 2016...

CLIMATE NORMAL PERIOD 1981 TO 2010
CLIMATE RECORD PERIOD 1945 TO 2016


WEATHER ITEM   OBSERVED TIME   RECORD YEAR NORMAL DEPARTURE LAST
                VALUE   (LST)  VALUE       VALUE  FROM      YEAR
                                                  NORMAL
..................................................................
TEMPERATURE (F)
 YESTERDAY
  MAXIMUM         65    317 PM  89    2000  69     -4       79
                                      1943
  MINIMUM         49    319 AM  37    1947  51     -2       54
  AVERAGE         57                        60     -3       67

PRECIPITATION (IN)
  YESTERDAY        0.15          2.28 2013   0.11   0.04     0.00
  MONTH TO DATE    1.68                      0.91   0.77      T
  SINCE MAR 1      4.60                      8.88  -4.28     6.36
  SINCE JAN 1     13.13                     14.81  -1.68    13.44

SNOWFALL (IN)
  YESTERDAY        0.0          MM      MM   0.0    0.0      0.0
  MONTH TO DATE    0.0                       0.0    0.0      0.0
  SINCE OCT 1     36.2                      26.9    9.3     53.8
  SINCE JUL 1     36.2                      26.9    9.3     53.8
  SNOW DEPTH       0

DEGREE DAYS
 HEATING
  YESTERDAY        8                         6      2        0
  MONTH TO DATE   97                        54     43       20
  SINCE MAR 1    946                      1139   -193     1198
  SINCE JUL 1   3608                      4568   -960     4920

 COOLING
  YESTERDAY        0                         1     -1        2
  MONTH TO DATE    0                         8     -8       13
  SINCE MAR 1     13                        16     -3       15
  SINCE JAN 1     13                        16     -3       15
..................................................................


WIND (MPH)
  HIGHEST WIND SPEED    31   HIGHEST WIND DIRECTION    NW (320)
  HIGHEST GUST SPEED    38   HIGHEST GUST DIRECTION    NW (330)
  AVERAGE WIND SPEED    11.1


SKY COVER
  AVERAGE SKY COVER 0.7


WEATHER CONDITIONS
 THE FOLLOWING WEATHER WAS RECORDED YESTERDAY.
  RAIN
  FOG


RELATIVE HUMIDITY (PERCENT)
 HIGHEST   100          1200 AM
 LOWEST     30           400 PM
 AVERAGE    65

..........................................................


THE LAGUARDIA NY CLIMATE NORMALS FOR TODAY
                         NORMAL    RECORD    YEAR
 MAXIMUM TEMPERATURE (F)   69        92      2000
 MINIMUM TEMPERATURE (F)   52        37      1947


SUNRISE AND SUNSET
MAY  9 2016...........SUNRISE   544 AM EDT   SUNSET   801 PM EDT
MAY 10 2016...........SUNRISE   543 AM EDT   SUNSET   802 PM EDT


-  INDICATES NEGATIVE NUMBERS.
R  INDICATES RECORD WAS SET OR TIED.
MM INDICATES DATA IS MISSING.
T  INDICATES TRACE AMOUNT.




$$
