000
CDUS41 KOKX 280629
CLILGA


CLIMATE REPORT
NATIONAL WEATHER SERVICE NEW YORK NY
129 AM EST THU DEC 28 2017


...................................

...THE LAGUARDIA NY CLIMATE SUMMARY FOR DECEMBER 27 2017...

CLIMATE NORMAL PERIOD 1981 TO 2010
CLIMATE RECORD PERIOD 1939 TO 2017


WEATHER ITEM   OBSERVED TIME   RECORD YEAR NORMAL DEPARTURE LAST
                VALUE   (LST)  VALUE       VALUE  FROM      YEAR
                                                  NORMAL
..................................................................
TEMPERATURE (F)
 YESTERDAY
  MAXIMUM         25    409 PM  63    1949  41    -16       62
  MINIMUM         18   1159 PM   9    1989  29    -11       42
  AVERAGE         22                        35    -13       52

PRECIPITATION (IN)
  YESTERDAY        0.00          1.17 2011   0.11  -0.11      T
  MONTH TO DATE    2.02                      3.16  -1.14     2.47
  SINCE DEC 1      2.02                      3.16  -1.14     2.47
  SINCE JAN 1     42.69                     44.33  -1.64    38.91

SNOWFALL (IN)
  YESTERDAY        0.0           4.8  1984   0.2   -0.2      0.0
  MONTH TO DATE    7.2                       4.2    3.0      3.0
  SINCE OCT 1      7.2                       4.5    2.7      3.0
  SINCE JUL 1      7.2                       4.5    2.7      3.0
  SNOW DEPTH       0

DEGREE DAYS
 HEATING
  YESTERDAY       43                        30     13       13
  MONTH TO DATE  695                       708    -13      657
  SINCE DEC 1    695                       708    -13      657
  SINCE JUL 1   1286                      1483   -197     1195

 COOLING
  YESTERDAY        0                         0      0        0
  MONTH TO DATE    0                         0      0        0
  SINCE DEC 1      0                         0      0        0
  SINCE JAN 1   1439                      1214    225     1745
..................................................................


WIND (MPH)
  HIGHEST WIND SPEED    22   HIGHEST WIND DIRECTION    NW (320)
  HIGHEST GUST SPEED    32   HIGHEST GUST DIRECTION    NW (330)
  AVERAGE WIND SPEED    13.6


SKY COVER
  AVERAGE SKY COVER 0.5


WEATHER CONDITIONS
 THE FOLLOWING WEATHER WAS RECORDED YESTERDAY.
  NO SIGNIFICANT WEATHER WAS OBSERVED.


RELATIVE HUMIDITY (PERCENT)
 HIGHEST    52           200 AM
 LOWEST     36           100 PM
 AVERAGE    44

..........................................................


THE LAGUARDIA NY CLIMATE NORMALS FOR TODAY
                         NORMAL    RECORD    YEAR
 MAXIMUM TEMPERATURE (F)   41        65      2008
 MINIMUM TEMPERATURE (F)   29        12      1952


SUNRISE AND SUNSET
DECEMBER 28 2017......SUNRISE   719 AM EST   SUNSET   436 PM EST
DECEMBER 29 2017......SUNRISE   719 AM EST   SUNSET   436 PM EST


-  INDICATES NEGATIVE NUMBERS.
R  INDICATES RECORD WAS SET OR TIED.
MM INDICATES DATA IS MISSING.
T  INDICATES TRACE AMOUNT.




$$
