000
CDUS41 KOKX 182036
CLILGA


CLIMATE REPORT
NATIONAL WEATHER SERVICE NEW YORK NY
436 PM EDT MON APR 18 2016


...................................

...THE LAGUARDIA NY CLIMATE SUMMARY FOR APRIL 18 2016...
VALID TODAY AS OF 0400 PM LOCAL TIME.

CLIMATE NORMAL PERIOD 1981 TO 2010
CLIMATE RECORD PERIOD 1945 TO 2016


WEATHER ITEM   OBSERVED TIME   RECORD YEAR NORMAL DEPARTURE LAST
                VALUE   (LST)  VALUE       VALUE  FROM      YEAR
                                                  NORMAL
..................................................................
TEMPERATURE (F)
 TODAY
  MAXIMUM         80    258 PM  91    1976  62     18       79
  MINIMUM         49    458 AM  35    2014  45      4       54
  AVERAGE         65                        54     11       67

PRECIPITATION (IN)
  TODAY            0.00          0.58 1953   0.12  -0.12     0.00
  MONTH TO DATE    1.20                      2.49  -1.29     0.54
  SINCE MAR 1      2.46                      6.46  -4.00     5.08
  SINCE JAN 1     10.99                     12.39  -1.40    12.16

SNOWFALL (IN)
  TODAY            0.0           T    1997   0.1   -0.1      0.0
  MONTH TO DATE    T                         0.5   -0.5      0.0
  SINCE OCT 1     36.2                      26.9    9.3     53.8
  SINCE JUL 1     36.2                      26.9    9.3     53.8
  SNOW DEPTH       0

DEGREE DAYS
 HEATING
  TODAY            0                        12    -12        0
  MONTH TO DATE  269                       263      6      217
  SINCE MAR 1    764                       970   -206     1051
  SINCE JUL 1   3426                      4399   -973     4773

 COOLING
  TODAY            0                         0      0        2
  MONTH TO DATE    3                         0      3        2
  SINCE MAR 1      8                         0      8        2
  SINCE JAN 1      8                         0      8        2
..................................................................


WIND (MPH)
  HIGHEST WIND SPEED    12   HIGHEST WIND DIRECTION    NE (40)
  HIGHEST GUST SPEED    17   HIGHEST GUST DIRECTION    NE (30)
  AVERAGE WIND SPEED     2.8


SKY COVER
  AVERAGE SKY COVER 0.4


WEATHER CONDITIONS
 THE FOLLOWING WEATHER WAS RECORDED TODAY.
  NO SIGNIFICANT WEATHER WAS OBSERVED.


RELATIVE HUMIDITY (PERCENT)
 HIGHEST    66           500 AM
 LOWEST     16           300 PM
 AVERAGE    41

..........................................................


THE LAGUARDIA NY CLIMATE NORMALS FOR TOMORROW
                         NORMAL    RECORD    YEAR
 MAXIMUM TEMPERATURE (F)   62        85      2002
                                             1976
 MINIMUM TEMPERATURE (F)   46        35      1983


SUNRISE AND SUNSET
APRIL 18 2016.........SUNRISE   612 AM EDT   SUNSET   739 PM EDT
APRIL 19 2016.........SUNRISE   610 AM EDT   SUNSET   740 PM EDT


-  INDICATES NEGATIVE NUMBERS.
R  INDICATES RECORD WAS SET OR TIED.
MM INDICATES DATA IS MISSING.
T  INDICATES TRACE AMOUNT.




$$
