000
CDUS41 KOKX 070622
CLILGA


CLIMATE REPORT
NATIONAL WEATHER SERVICE NEW YORK NY
222 AM EDT SUN AUG 7 2016


...................................

...THE LAGUARDIA NY CLIMATE SUMMARY FOR AUGUST 6 2016...

CLIMATE NORMAL PERIOD 1981 TO 2010
CLIMATE RECORD PERIOD 1939 TO 2016


WEATHER ITEM   OBSERVED TIME   RECORD YEAR NORMAL DEPARTURE LAST
                VALUE   (LST)  VALUE       VALUE  FROM      YEAR
                                                  NORMAL
..................................................................
TEMPERATURE (F)
 YESTERDAY
  MAXIMUM         91    247 PM  94    1955  85      6       82
  MINIMUM         75    350 AM  57    1994  70      5       70
  AVERAGE         83                        77      6       76

PRECIPITATION (IN)
  YESTERDAY        T             2.34 1978   0.15  -0.15     0.00
  MONTH TO DATE    T                         0.91  -0.91     0.30
  SINCE JUN 1      7.22                      9.35  -2.13     8.64
  SINCE JAN 1     22.59                     27.04  -4.45    23.69

SNOWFALL (IN)
  YESTERDAY        0.0          MM      MM   0.0    0.0      0.0
  MONTH TO DATE    0.0                       0.0    0.0      0.0
  SINCE OCT 1     36.2                      26.9    9.3     53.8
  SINCE JUL 1      0.0                       0.0    0.0      0.0
  SNOW DEPTH       0

DEGREE DAYS
 HEATING
  YESTERDAY        0                         0      0        0
  MONTH TO DATE    0                         0      0        0
  SINCE JUN 1      2                        16    -14       34
  SINCE JUL 1      0                         0      0        0

 COOLING
  YESTERDAY       18                        12      6       11
  MONTH TO DATE   75                        76     -1       96
  SINCE JUN 1    851                       692    159      771
  SINCE JAN 1    970                       758    212      893
..................................................................


WIND (MPH)
  HIGHEST WIND SPEED    22   HIGHEST WIND DIRECTION    NW (300)
  HIGHEST GUST SPEED    27   HIGHEST GUST DIRECTION     W (260)
  AVERAGE WIND SPEED    10.2


SKY COVER
  AVERAGE SKY COVER 0.6


WEATHER CONDITIONS
 THE FOLLOWING WEATHER WAS RECORDED YESTERDAY.
  LIGHT RAIN


RELATIVE HUMIDITY (PERCENT)
 HIGHEST    79           500 AM
 LOWEST     51          1000 PM
 AVERAGE    65

..........................................................


THE LAGUARDIA NY CLIMATE NORMALS FOR TODAY
                         NORMAL    RECORD    YEAR
 MAXIMUM TEMPERATURE (F)   85        99      2001
 MINIMUM TEMPERATURE (F)   70        61      1975


SUNRISE AND SUNSET
AUGUST  7 2016........SUNRISE   558 AM EDT   SUNSET   804 PM EDT
AUGUST  8 2016........SUNRISE   559 AM EDT   SUNSET   802 PM EDT


-  INDICATES NEGATIVE NUMBERS.
R  INDICATES RECORD WAS SET OR TIED.
MM INDICATES DATA IS MISSING.
T  INDICATES TRACE AMOUNT.




$$
