000
CDUS41 KOKX 092045
CLILGA


CLIMATE REPORT
NATIONAL WEATHER SERVICE NEW YORK NY
445 PM EDT WED AUG 9 2017


...................................

...THE LAGUARDIA NY CLIMATE SUMMARY FOR AUGUST 9 2017...
VALID TODAY AS OF 0400 PM LOCAL TIME.

CLIMATE NORMAL PERIOD 1981 TO 2010
CLIMATE RECORD PERIOD 1939 TO 2017


WEATHER ITEM   OBSERVED TIME   RECORD YEAR NORMAL DEPARTURE LAST
                VALUE   (LST)  VALUE       VALUE  FROM      YEAR
                                                  NORMAL
..................................................................
TEMPERATURE (F)
 TODAY
  MAXIMUM         85    147 PM 104    2001  85      0       89
  MINIMUM         68    514 AM  61    1962  70     -2       75
  AVERAGE         77                        77      0       82

PRECIPITATION (IN)
  TODAY            0.00          2.97 1976   0.14  -0.14     0.00
  MONTH TO DATE    1.43                      1.32   0.11      T
  SINCE JUN 1     10.13                      9.76   0.37     7.22
  SINCE JAN 1     30.90                     27.45   3.45    22.59

SNOWFALL (IN)
  TODAY            0.0          MM      MM   0.0    0.0      0.0
  MONTH TO DATE    0.0                       0.0    0.0      0.0
  SINCE OCT 1     33.2                      26.9    6.3     36.2
  SINCE JUL 1      0.0                       0.0    0.0      0.0
  SNOW DEPTH       0

DEGREE DAYS
 HEATING
  TODAY            0                         0      0        0
  MONTH TO DATE    0                         0      0        0
  SINCE JUN 1     16                        16      0        2
  SINCE JUL 1      0                         0      0        0

 COOLING
  TODAY           12                        12      0       17
  MONTH TO DATE  100                       112    -12      125
  SINCE JUN 1    795                       728     67      901
  SINCE JAN 1    900                       794    106     1020
..................................................................


WIND (MPH)
  HIGHEST WIND SPEED    14   HIGHEST WIND DIRECTION    SE (140)
  HIGHEST GUST SPEED    19   HIGHEST GUST DIRECTION     S (170)
  AVERAGE WIND SPEED     5.2


SKY COVER
  AVERAGE SKY COVER 0.2


WEATHER CONDITIONS
 THE FOLLOWING WEATHER WAS RECORDED TODAY.
  NO SIGNIFICANT WEATHER WAS OBSERVED.


RELATIVE HUMIDITY (PERCENT)
 HIGHEST    81           500 AM
 LOWEST     37           200 PM
 AVERAGE    59

..........................................................


THE LAGUARDIA NY CLIMATE NORMALS FOR TOMORROW
                         NORMAL    RECORD    YEAR
 MAXIMUM TEMPERATURE (F)   85        99      1949
 MINIMUM TEMPERATURE (F)   70        57      1962


SUNRISE AND SUNSET
AUGUST  9 2017........SUNRISE   600 AM EDT   SUNSET   801 PM EDT
AUGUST 10 2017........SUNRISE   601 AM EDT   SUNSET   800 PM EDT


-  INDICATES NEGATIVE NUMBERS.
R  INDICATES RECORD WAS SET OR TIED.
MM INDICATES DATA IS MISSING.
T  INDICATES TRACE AMOUNT.




$$
