000
CDUS41 KOKX 052036
CLILGA


CLIMATE REPORT
NATIONAL WEATHER SERVICE NEW YORK NY
435 PM EDT FRI MAY 5 2017


...................................

...THE LAGUARDIA NY CLIMATE SUMMARY FOR MAY 5 2017...
VALID TODAY AS OF 0400 PM LOCAL TIME.

CLIMATE NORMAL PERIOD 1981 TO 2010
CLIMATE RECORD PERIOD 1939 TO 2017


WEATHER ITEM   OBSERVED TIME   RECORD YEAR NORMAL DEPARTURE LAST
                VALUE   (LST)  VALUE       VALUE  FROM      YEAR
                                                  NORMAL
..................................................................
TEMPERATURE (F)
 TODAY
  MAXIMUM         60    841 AM  90    1955  68     -8       58
                                      1949
  MINIMUM         53    349 AM  42    1978  51      2       47
                                      1974
  AVERAGE         57                        59     -2       53

PRECIPITATION (IN)
  TODAY            2.25R         0.79 1948   0.12   2.13     0.00
  MONTH TO DATE    2.25                      0.57   1.68     0.97
  SINCE MAR 1     11.03                      8.54   2.49     3.89
  SINCE JAN 1     17.03                     14.47   2.56    12.42

SNOWFALL (IN)
  TODAY            0.0          MM      MM   0.0    0.0      0.0
  MONTH TO DATE    0.0                       0.0    0.0      0.0
  SINCE OCT 1     33.2                      26.9    6.3     36.2
  SINCE JUL 1     33.2                      26.9    6.3     36.2
  SNOW DEPTH       0

DEGREE DAYS
 HEATING
  TODAY            8                         7      1       12
  MONTH TO DATE   21                        36    -15       64
  SINCE MAR 1   1002                      1121   -119      913
  SINCE JUL 1   3689                      4550   -861     3575

 COOLING
  TODAY            0                         1     -1        0
  MONTH TO DATE    5                         5      0        0
  SINCE MAR 1     36                        13     23       13
  SINCE JAN 1     36                        13     23       13
..................................................................


WIND (MPH)
  HIGHEST WIND SPEED    25   HIGHEST WIND DIRECTION     W (270)
  HIGHEST GUST SPEED    32   HIGHEST GUST DIRECTION    NW (330)
  AVERAGE WIND SPEED    13.9


SKY COVER
  AVERAGE SKY COVER 1.0


WEATHER CONDITIONS
 THE FOLLOWING WEATHER WAS RECORDED TODAY.
  THUNDERSTORM
  HEAVY RAIN
  RAIN
  LIGHT RAIN
  FOG


RELATIVE HUMIDITY (PERCENT)
 HIGHEST    93          1100 AM
 LOWEST     61          1200 AM
 AVERAGE    77

..........................................................


THE LAGUARDIA NY CLIMATE NORMALS FOR TOMORROW
                         NORMAL    RECORD    YEAR
 MAXIMUM TEMPERATURE (F)   68        93      1949
 MINIMUM TEMPERATURE (F)   51        41      1967


SUNRISE AND SUNSET
MAY  5 2017...........SUNRISE   549 AM EDT   SUNSET   756 PM EDT
MAY  6 2017...........SUNRISE   548 AM EDT   SUNSET   757 PM EDT


-  INDICATES NEGATIVE NUMBERS.
R  INDICATES RECORD WAS SET OR TIED.
MM INDICATES DATA IS MISSING.
T  INDICATES TRACE AMOUNT.




$$
