000
CDUS41 KOKX 220632
CLILGA


CLIMATE REPORT
NATIONAL WEATHER SERVICE NEW YORK NY
231 AM EDT MON JUN 22 2015


...................................

...THE LAGUARDIA NY CLIMATE SUMMARY FOR JUNE 21 2015...

CLIMATE NORMAL PERIOD 1981 TO 2010
CLIMATE RECORD PERIOD 1945 TO 2015


WEATHER ITEM   OBSERVED TIME   RECORD YEAR NORMAL DEPARTURE LAST
                VALUE   (LST)  VALUE       VALUE  FROM      YEAR
                                                  NORMAL
..................................................................
TEMPERATURE (F)
 YESTERDAY
  MAXIMUM         90    339 PM  98    2012  82      8       76
  MINIMUM         69   1209 AM  55    1968  66      3       62
  AVERAGE         80                        74      6       69

PRECIPITATION (IN)
  YESTERDAY        0.54          4.00 1987   0.12   0.42     0.00
  MONTH TO DATE    3.41                      2.87   0.54     3.62
  SINCE JUN 1      3.41                      2.87   0.54     3.62
  SINCE JAN 1     18.46                     20.56  -2.10    27.50

SNOWFALL (IN)
  YESTERDAY        0.0          MM      MM   0.0    0.0      0.0
  MONTH TO DATE    0.0                       0.0    0.0      0.0
  SINCE OCT 1     53.8                      26.9   26.9     52.4
  SINCE JUL 1     53.8                      26.9   26.9     52.4
  SNOW DEPTH       0

DEGREE DAYS
 HEATING
  YESTERDAY        0                         0      0        0
  MONTH TO DATE   34                        15     19        0
  SINCE JUN 1     34                        15     19        0
  SINCE JUL 1   4984                      4663    321     5016

 COOLING
  YESTERDAY       15                         9      6        4
  MONTH TO DATE  139                       140     -1      134
  SINCE JUN 1    139                       140     -1      134
  SINCE JAN 1    261                       206     55      184
..................................................................


WIND (MPH)
  HIGHEST WIND SPEED    31   HIGHEST WIND DIRECTION     W (280)
  HIGHEST GUST SPEED    41   HIGHEST GUST DIRECTION    NW (320)
  AVERAGE WIND SPEED    11.1


SKY COVER
  AVERAGE SKY COVER 0.7


WEATHER CONDITIONS
 THE FOLLOWING WEATHER WAS RECORDED YESTERDAY.
  RAIN
  LIGHT RAIN
  FOG
  HAZE


RELATIVE HUMIDITY (PERCENT)
 HIGHEST    93           200 AM
 LOWEST     44           300 PM
 AVERAGE    69

..........................................................


THE LAGUARDIA NY CLIMATE NORMALS FOR TODAY
                         NORMAL    RECORD    YEAR
 MAXIMUM TEMPERATURE (F)   82        99      1988
 MINIMUM TEMPERATURE (F)   66        53      1992


SUNRISE AND SUNSET
JUNE 22 2015..........SUNRISE   525 AM EDT   SUNSET   831 PM EDT
JUNE 23 2015..........SUNRISE   525 AM EDT   SUNSET   831 PM EDT


-  INDICATES NEGATIVE NUMBERS.
R  INDICATES RECORD WAS SET OR TIED.
MM INDICATES DATA IS MISSING.
T  INDICATES TRACE AMOUNT.




$$
