000
CDUS41 KOKX 080616
CLILGA


CLIMATE REPORT
NATIONAL WEATHER SERVICE NEW YORK NY
216 AM EDT FRI JUL 8 2016


...................................

...THE LAGUARDIA NY CLIMATE SUMMARY FOR JULY 7 2016...

CLIMATE NORMAL PERIOD 1981 TO 2010
CLIMATE RECORD PERIOD 1939 TO 2016


WEATHER ITEM   OBSERVED TIME   RECORD YEAR NORMAL DEPARTURE LAST
                VALUE   (LST)  VALUE       VALUE  FROM      YEAR
                                                  NORMAL
..................................................................
TEMPERATURE (F)
 YESTERDAY
  MAXIMUM         93   1157 AM 101    2010  85      8       88
  MINIMUM         75   1159 PM  59    1972  69      6       75
                                      1969
                                      1948
  AVERAGE         84                        77      7       82

PRECIPITATION (IN)
  YESTERDAY        0.02          1.81 1984   0.13  -0.11     0.00
  MONTH TO DATE    1.38                      0.88   0.50     0.35
  SINCE JUN 1      3.62                      4.82  -1.20     5.15
  SINCE JAN 1     18.99                     22.51  -3.52    20.20

SNOWFALL (IN)
  YESTERDAY        0.0          MM      MM   0.0    0.0      0.0
  MONTH TO DATE    0.0                       0.0    0.0      0.0
  SINCE OCT 1     36.2                      26.9    9.3     53.8
  SINCE JUL 1      0.0                       0.0    0.0      0.0
  SNOW DEPTH       0

DEGREE DAYS
 HEATING
  YESTERDAY        0                         0      0        0
  MONTH TO DATE    0                         0      0        0
  SINCE JUN 1      2                        16    -14       34
  SINCE JUL 1      0                         0      0        0

 COOLING
  YESTERDAY       19                        12      7       17
  MONTH TO DATE   98                        81     17       82
  SINCE JUN 1    368                       312     56      310
  SINCE JAN 1    487                       378    109      432
..................................................................


WIND (MPH)
  HIGHEST WIND SPEED    20   HIGHEST WIND DIRECTION     S (160)
  HIGHEST GUST SPEED    26   HIGHEST GUST DIRECTION     S (170)
  AVERAGE WIND SPEED     7.1


SKY COVER
  AVERAGE SKY COVER 0.6


WEATHER CONDITIONS
 THE FOLLOWING WEATHER WAS RECORDED YESTERDAY.
  FOG


RELATIVE HUMIDITY (PERCENT)
 HIGHEST    85          1000 PM
 LOWEST     44          1100 AM
 AVERAGE    65

..........................................................


THE LAGUARDIA NY CLIMATE NORMALS FOR TODAY
                         NORMAL    RECORD    YEAR
 MAXIMUM TEMPERATURE (F)   85        99      1994
                                             1993
 MINIMUM TEMPERATURE (F)   69        60      1984


SUNRISE AND SUNSET
JULY  8 2016..........SUNRISE   532 AM EDT   SUNSET   829 PM EDT
JULY  9 2016..........SUNRISE   533 AM EDT   SUNSET   828 PM EDT


-  INDICATES NEGATIVE NUMBERS.
R  INDICATES RECORD WAS SET OR TIED.
MM INDICATES DATA IS MISSING.
T  INDICATES TRACE AMOUNT.




$$
