257
CDUS41 KOKX 120619
CLILGA


CLIMATE REPORT
NATIONAL WEATHER SERVICE NEW YORK NY
118 AM EST THU JAN 12 2017


...................................

...THE LAGUARDIA NY CLIMATE SUMMARY FOR JANUARY 11 2017...

CLIMATE NORMAL PERIOD 1981 TO 2010
CLIMATE RECORD PERIOD 1939 TO 2017


WEATHER ITEM   OBSERVED TIME   RECORD YEAR NORMAL DEPARTURE LAST
                VALUE   (LST)  VALUE       VALUE  FROM      YEAR
                                                  NORMAL
..................................................................
TEMPERATURE (F)
 YESTERDAY
  MAXIMUM         54    303 PM  62    1975  39     15       42
  MINIMUM         44    209 AM   4    1982  27     17       28
  AVERAGE         49                        33     16       35

PRECIPITATION (IN)
  YESTERDAY        0.52          1.34 2008   0.11   0.41     0.00
  MONTH TO DATE    1.42                      1.14   0.28     1.42
  SINCE DEC 1      4.37                      4.70  -0.33     5.75
  SINCE JAN 1      1.42                      1.14   0.28     1.42

SNOWFALL (IN)
  YESTERDAY        0.0           6.5  1954   0.3   -0.3      0.0
  MONTH TO DATE    8.3                       2.7    5.6      0.0
  SINCE OCT 1     11.3                       8.2    3.1       T
  SINCE JUL 1     11.3                       8.2    3.1       T
  SNOW DEPTH       0

DEGREE DAYS
 HEATING
  YESTERDAY       16                        32    -16       30
  MONTH TO DATE  325                       348    -23      300
  SINCE DEC 1   1083                      1179    -96      733
  SINCE JUL 1   1621                      1954   -333     1295

 COOLING
  YESTERDAY        0                         0      0        0
  MONTH TO DATE    0                         0      0        0
  SINCE DEC 1      0                         0      0        1
  SINCE JAN 1      0                         0      0        0
..................................................................


WIND (MPH)
  HIGHEST WIND SPEED    24   HIGHEST WIND DIRECTION    SW (240)
  HIGHEST GUST SPEED    34   HIGHEST GUST DIRECTION    SW (220)
  AVERAGE WIND SPEED    10.1


SKY COVER
  AVERAGE SKY COVER 0.8


WEATHER CONDITIONS
 THE FOLLOWING WEATHER WAS RECORDED YESTERDAY.
  RAIN
  LIGHT RAIN
  FOG
  HAZE


RELATIVE HUMIDITY (PERCENT)
 HIGHEST    89           300 AM
 LOWEST     50           300 PM
 AVERAGE    70

..........................................................


THE LAGUARDIA NY CLIMATE NORMALS FOR TODAY
                         NORMAL    RECORD    YEAR
 MAXIMUM TEMPERATURE (F)   39        60      1975
 MINIMUM TEMPERATURE (F)   26         1      1981


SUNRISE AND SUNSET
JANUARY 12 2017.......SUNRISE   719 AM EST   SUNSET   450 PM EST
JANUARY 13 2017.......SUNRISE   718 AM EST   SUNSET   451 PM EST


-  INDICATES NEGATIVE NUMBERS.
R  INDICATES RECORD WAS SET OR TIED.
MM INDICATES DATA IS MISSING.
T  INDICATES TRACE AMOUNT.




$$
