000
CDUS41 KOKX 200653
CLILGA


CLIMATE REPORT
NATIONAL WEATHER SERVICE NEW YORK NY
253 AM EDT THU AUG 20 2015


...................................

...THE LAGUARDIA NY CLIMATE SUMMARY FOR AUGUST 19 2015...

CLIMATE NORMAL PERIOD 1981 TO 2010
CLIMATE RECORD PERIOD 1945 TO 2015


WEATHER ITEM   OBSERVED TIME   RECORD YEAR NORMAL DEPARTURE LAST
                VALUE   (LST)  VALUE       VALUE  FROM      YEAR
                                                  NORMAL
..................................................................
TEMPERATURE (F)
 YESTERDAY
  MAXIMUM         87    158 PM  94    1966  84      3       80
  MINIMUM         76    343 AM  59    1977  69      7       65
  AVERAGE         82                        76      6       73

PRECIPITATION (IN)
  YESTERDAY        0.00          2.74 1991   0.13  -0.13     0.00
  MONTH TO DATE    1.48                      2.64  -1.16     1.40
  SINCE JUN 1      9.82                     11.08  -1.26     9.08
  SINCE JAN 1     24.87                     28.77  -3.90    32.96

SNOWFALL (IN)
  YESTERDAY        0.0          MM      MM   0.0    0.0      0.0
  MONTH TO DATE    0.0                       0.0    0.0      0.0
  SINCE OCT 1     53.8                      26.9   26.9     52.4
  SINCE JUL 1      0.0                       0.0    0.0      0.0
  SNOW DEPTH       0

DEGREE DAYS
 HEATING
  YESTERDAY        0                         0      0        0
  MONTH TO DATE    0                         0      0        0
  SINCE JUN 1     34                        16     18        0
  SINCE JUL 1      0                         0      0        0

 COOLING
  YESTERDAY       17                        11      6        8
  MONTH TO DATE  283                       229     54      198
  SINCE JUN 1    958                       845    113      812
  SINCE JAN 1   1080                       911    169      862
..................................................................


WIND (MPH)
  HIGHEST WIND SPEED    21   HIGHEST WIND DIRECTION     S (160)
  HIGHEST GUST SPEED    28   HIGHEST GUST DIRECTION    SE (140)
  AVERAGE WIND SPEED    11.3


SKY COVER
  AVERAGE SKY COVER 0.6


WEATHER CONDITIONS
 THE FOLLOWING WEATHER WAS RECORDED YESTERDAY.
  NO SIGNIFICANT WEATHER WAS OBSERVED.


RELATIVE HUMIDITY (PERCENT)
 HIGHEST    87           100 AM
 LOWEST     51           400 PM
 AVERAGE    69

..........................................................


THE LAGUARDIA NY CLIMATE NORMALS FOR TODAY
                         NORMAL    RECORD    YEAR
 MAXIMUM TEMPERATURE (F)   83        98      1955
 MINIMUM TEMPERATURE (F)   69        58      1949


SUNRISE AND SUNSET
AUGUST 20 2015........SUNRISE   610 AM EDT   SUNSET   747 PM EDT
AUGUST 21 2015........SUNRISE   611 AM EDT   SUNSET   745 PM EDT


-  INDICATES NEGATIVE NUMBERS.
R  INDICATES RECORD WAS SET OR TIED.
MM INDICATES DATA IS MISSING.
T  INDICATES TRACE AMOUNT.




$$
