000
CDUS41 KOKX 130624
CLILGA


CLIMATE REPORT
NATIONAL WEATHER SERVICE NEW YORK NY
224 AM EDT WED APR 13 2016


...................................

...THE LAGUARDIA NY CLIMATE SUMMARY FOR APRIL 12 2016...

CLIMATE NORMAL PERIOD 1981 TO 2010
CLIMATE RECORD PERIOD 1945 TO 2016


WEATHER ITEM   OBSERVED TIME   RECORD YEAR NORMAL DEPARTURE LAST
                VALUE   (LST)  VALUE       VALUE  FROM      YEAR
                                                  NORMAL
..................................................................
TEMPERATURE (F)
 YESTERDAY
  MAXIMUM         58    406 PM  86    1977  60     -2       65
  MINIMUM         46   1159 PM  29    1976  43      3       44
  AVERAGE         52                        52      0       55

PRECIPITATION (IN)
  YESTERDAY        0.22          1.59 2007   0.14   0.08     0.00
  MONTH TO DATE    1.20                      1.69  -0.49     0.46
  SINCE MAR 1      2.46                      5.66  -3.20     5.00
  SINCE JAN 1     10.99                     11.59  -0.60    12.08

SNOWFALL (IN)
  YESTERDAY        0.0           1.3  1959   0.1   -0.1      0.0
  MONTH TO DATE    T                         0.4   -0.4      0.0
  SINCE OCT 1     36.2                      26.8    9.4     53.8
  SINCE JUL 1     36.2                      26.8    9.4     53.8
  SNOW DEPTH       0

DEGREE DAYS
 HEATING
  YESTERDAY       13                        14     -1       10
  MONTH TO DATE  216                       188     28      186
  SINCE MAR 1    711                       895   -184     1020
  SINCE JUL 1   3373                      4324   -951     4742

 COOLING
  YESTERDAY        0                         0      0        0
  MONTH TO DATE    3                         0      3        0
  SINCE MAR 1      8                         0      8        0
  SINCE JAN 1      8                         0      8        0
..................................................................


WIND (MPH)
  HIGHEST WIND SPEED    26   HIGHEST WIND DIRECTION    NW (310)
  HIGHEST GUST SPEED    32   HIGHEST GUST DIRECTION    NW (310)
  AVERAGE WIND SPEED    13.3


SKY COVER
  AVERAGE SKY COVER 0.7


WEATHER CONDITIONS
 THE FOLLOWING WEATHER WAS RECORDED YESTERDAY.
  RAIN
  LIGHT RAIN
  FOG


RELATIVE HUMIDITY (PERCENT)
 HIGHEST    89           800 AM
 LOWEST     32           600 PM
 AVERAGE    61

..........................................................


THE LAGUARDIA NY CLIMATE NORMALS FOR TODAY
                         NORMAL    RECORD    YEAR
 MAXIMUM TEMPERATURE (F)   60        85      1977
 MINIMUM TEMPERATURE (F)   44        31      1950


SUNRISE AND SUNSET
APRIL 13 2016.........SUNRISE   619 AM EDT   SUNSET   733 PM EDT
APRIL 14 2016.........SUNRISE   618 AM EDT   SUNSET   735 PM EDT


-  INDICATES NEGATIVE NUMBERS.
R  INDICATES RECORD WAS SET OR TIED.
MM INDICATES DATA IS MISSING.
T  INDICATES TRACE AMOUNT.




$$
