000
CDUS41 KOKX 272032
CLILGA


CLIMATE REPORT
NATIONAL WEATHER SERVICE NEW YORK NY
432 PM EDT WED SEP 27 2017


...................................

...THE LAGUARDIA NY CLIMATE SUMMARY FOR SEPTEMBER 27 2017...
VALID TODAY AS OF 0400 PM LOCAL TIME.

CLIMATE NORMAL PERIOD 1981 TO 2010
CLIMATE RECORD PERIOD 1939 TO 2017


WEATHER ITEM   OBSERVED TIME   RECORD YEAR NORMAL DEPARTURE LAST
                VALUE   (LST)  VALUE       VALUE  FROM      YEAR
                                                  NORMAL
..................................................................
TEMPERATURE (F)
 TODAY
  MAXIMUM         84    242 PM  90    1998  72     12       76
  MINIMUM         70    648 AM  43    1947  58     12       66
  AVERAGE         77                        65     12       71

PRECIPITATION (IN)
  TODAY            0.00          2.72 1985   0.13  -0.13     0.15
  MONTH TO DATE    1.84                      3.31  -1.47     2.14
  SINCE SEP 1      1.84                      3.31  -1.47     2.14
  SINCE JAN 1     34.83                     33.56   1.27    25.86

SNOWFALL (IN)
  TODAY            0.0          MM      MM   0.0    0.0      0.0
  MONTH TO DATE    0.0                       0.0    0.0      0.0
  SINCE OCT 1     33.2                      26.9    6.3     36.2
  SINCE JUL 1      0.0                       0.0    0.0      0.0
  SNOW DEPTH       0

DEGREE DAYS
 HEATING
  TODAY            0                         3     -3        0
  MONTH TO DATE    5                        23    -18        0
  SINCE SEP 1      5                        23    -18        0
  SINCE JUL 1      5                        24    -19        0

 COOLING
  TODAY           12                         3      9        6
  MONTH TO DATE  208                       153     55      275
  SINCE SEP 1    208                       153     55      275
  SINCE JAN 1   1339                      1186    153     1692
..................................................................


WIND (MPH)
  HIGHEST WIND SPEED    16   HIGHEST WIND DIRECTION    NE (50)
  HIGHEST GUST SPEED    26   HIGHEST GUST DIRECTION    NE (60)
  AVERAGE WIND SPEED     8.7


SKY COVER
  AVERAGE SKY COVER 0.5


WEATHER CONDITIONS
 THE FOLLOWING WEATHER WAS RECORDED TODAY.
  NO SIGNIFICANT WEATHER WAS OBSERVED.


RELATIVE HUMIDITY (PERCENT)
 HIGHEST   100           500 AM
 LOWEST     69           300 PM
 AVERAGE    85

..........................................................


THE LAGUARDIA NY CLIMATE NORMALS FOR TOMORROW
                         NORMAL    RECORD    YEAR
 MAXIMUM TEMPERATURE (F)   72        84      2014
                                             1954
 MINIMUM TEMPERATURE (F)   57        42      1947


SUNRISE AND SUNSET
SEPTEMBER 27 2017.....SUNRISE   648 AM EDT   SUNSET   644 PM EDT
SEPTEMBER 28 2017.....SUNRISE   649 AM EDT   SUNSET   642 PM EDT


-  INDICATES NEGATIVE NUMBERS.
R  INDICATES RECORD WAS SET OR TIED.
MM INDICATES DATA IS MISSING.
T  INDICATES TRACE AMOUNT.




$$
