000
CDUS41 KOKX 180616
CLILGA


CLIMATE REPORT
NATIONAL WEATHER SERVICE NEW YORK NY
115 AM EST FRI NOV 18 2016


...................................

...THE LAGUARDIA NY CLIMATE SUMMARY FOR NOVEMBER 17 2016...

CLIMATE NORMAL PERIOD 1981 TO 2010
CLIMATE RECORD PERIOD 1939 TO 2016


WEATHER ITEM   OBSERVED TIME   RECORD YEAR NORMAL DEPARTURE LAST
                VALUE   (LST)  VALUE       VALUE  FROM      YEAR
                                                  NORMAL
..................................................................
TEMPERATURE (F)
 YESTERDAY
  MAXIMUM         63    332 PM  72    1953  54      9       53
  MINIMUM         52   1159 PM  27    1959  41     11       41
  AVERAGE         58                        48     10       47

PRECIPITATION (IN)
  YESTERDAY        0.00          1.49 2014   0.12  -0.12     0.00
  MONTH TO DATE    1.63                      1.87  -0.24     0.51
  SINCE SEP 1      8.98                      9.38  -0.40     6.41
  SINCE JAN 1     32.70                     39.63  -6.93    31.68

SNOWFALL (IN)
  YESTERDAY        0.0           0.2  1980   0.0    0.0      0.0
  MONTH TO DATE    0.0                       0.0    0.0      0.0
  SINCE OCT 1      0.0                       0.0    0.0      0.0
  SINCE JUL 1      0.0                       0.0    0.0      0.0
  SNOW DEPTH       0

DEGREE DAYS
 HEATING
  YESTERDAY        7                        17    -10       18
  MONTH TO DATE  159                       250    -91      139
  SINCE SEP 1    324                       521   -197      353
  SINCE JUL 1    324                       522   -198      353

 COOLING
  YESTERDAY        0                         0      0        0
  MONTH TO DATE    2                         0      2        5
  SINCE SEP 1    328                       180    148      305
  SINCE JAN 1   1745                      1213    532     1554
..................................................................


WIND (MPH)
  HIGHEST WIND SPEED    21   HIGHEST WIND DIRECTION     N (340)
  HIGHEST GUST SPEED    25   HIGHEST GUST DIRECTION     N (340)
  AVERAGE WIND SPEED    11.5


SKY COVER
  AVERAGE SKY COVER 0.2


WEATHER CONDITIONS
 THE FOLLOWING WEATHER WAS RECORDED YESTERDAY.
  NO SIGNIFICANT WEATHER WAS OBSERVED.


RELATIVE HUMIDITY (PERCENT)
 HIGHEST    66           500 AM
 LOWEST     43           300 PM
 AVERAGE    55

..........................................................


THE LAGUARDIA NY CLIMATE NORMALS FOR TODAY
                         NORMAL    RECORD    YEAR
 MAXIMUM TEMPERATURE (F)   54        72      1953
 MINIMUM TEMPERATURE (F)   41        22      1959


SUNRISE AND SUNSET
NOVEMBER 18 2016......SUNRISE   647 AM EST   SUNSET   435 PM EST
NOVEMBER 19 2016......SUNRISE   648 AM EST   SUNSET   434 PM EST


-  INDICATES NEGATIVE NUMBERS.
R  INDICATES RECORD WAS SET OR TIED.
MM INDICATES DATA IS MISSING.
T  INDICATES TRACE AMOUNT.




$$
