957
CDUS41 KOKX 052138
CLILGA


CLIMATE REPORT
NATIONAL WEATHER SERVICE NEW YORK NY
438 PM EST TUE DEC 5 2017


...................................

...THE LAGUARDIA NY CLIMATE SUMMARY FOR DECEMBER 5 2017...
VALID TODAY AS OF 0400 PM LOCAL TIME.

CLIMATE NORMAL PERIOD 1981 TO 2010
CLIMATE RECORD PERIOD 1939 TO 2017


WEATHER ITEM   OBSERVED TIME   RECORD YEAR NORMAL DEPARTURE LAST
                VALUE   (LST)  VALUE       VALUE  FROM      YEAR
                                                  NORMAL
..................................................................
TEMPERATURE (F)
 TODAY
  MAXIMUM         60    154 PM  69    2001  48     12       51
  MINIMUM         50    124 AM  21    1942  36     14       40
  AVERAGE         55                        42     13       46

PRECIPITATION (IN)
  TODAY            T             1.38 1952   0.13  -0.13     0.18
  MONTH TO DATE    T                         0.63  -0.63     0.23
  SINCE DEC 1      T                         0.63  -0.63     0.23
  SINCE JAN 1     40.67                     41.80  -1.13    36.67

SNOWFALL (IN)
  TODAY            0.0           7.3  2003   0.1   -0.1      0.0
                                      2002
  MONTH TO DATE    0.0                       0.4   -0.4      0.0
  SINCE OCT 1      T                         0.7   -0.7       T
  SINCE JUL 1      T                         0.7   -0.7       T
  SNOW DEPTH       0

DEGREE DAYS
 HEATING
  TODAY           10                        23    -13       19
  MONTH TO DATE   87                       113    -26       88
  SINCE DEC 1     87                       113    -26       88
  SINCE JUL 1    678                       888   -210      626

 COOLING
  TODAY            0                         0      0        0
  MONTH TO DATE    0                         0      0        0
  SINCE DEC 1      0                         0      0        0
  SINCE JAN 1   1439                      1214    225     1745
..................................................................


WIND (MPH)
  HIGHEST WIND SPEED    24   HIGHEST WIND DIRECTION     S (160)
  HIGHEST GUST SPEED    33   HIGHEST GUST DIRECTION     S (170)
  AVERAGE WIND SPEED    13.5


SKY COVER
  AVERAGE SKY COVER 0.9


WEATHER CONDITIONS
 THE FOLLOWING WEATHER WAS RECORDED TODAY.
  LIGHT RAIN


RELATIVE HUMIDITY (PERCENT)
 HIGHEST    86           100 PM
 LOWEST     63           200 AM
 AVERAGE    75

..........................................................


THE LAGUARDIA NY CLIMATE NORMALS FOR TOMORROW
                         NORMAL    RECORD    YEAR
 MAXIMUM TEMPERATURE (F)   47        72      2001
 MINIMUM TEMPERATURE (F)   35        18      1954


SUNRISE AND SUNSET
DECEMBER  5 2017......SUNRISE   705 AM EST   SUNSET   428 PM EST
DECEMBER  6 2017......SUNRISE   705 AM EST   SUNSET   428 PM EST


-  INDICATES NEGATIVE NUMBERS.
R  INDICATES RECORD WAS SET OR TIED.
MM INDICATES DATA IS MISSING.
T  INDICATES TRACE AMOUNT.




$$
