000
CDUS41 KOKX 012044
CLILGA


CLIMATE REPORT
NATIONAL WEATHER SERVICE NEW YORK NY
444 PM EDT TUE JUL 1 2014


...................................

...THE LAGUARDIA NY CLIMATE SUMMARY FOR JULY 1 2014...
VALID TODAY AS OF 0400 PM LOCAL TIME.

CLIMATE NORMAL PERIOD 1981 TO 2010
CLIMATE RECORD PERIOD 1945 TO 2014


WEATHER ITEM   OBSERVED TIME   RECORD YEAR NORMAL DEPARTURE LAST
                VALUE   (LST)  VALUE       VALUE  FROM      YEAR
                                                  NORMAL
..................................................................
TEMPERATURE (F)
 TODAY
  MAXIMUM         88    217 PM  97    2012  84      4       78
                                      1964
                                      1963
  MINIMUM         73    539 AM  56    1988  68      5       73
                                      1943
  AVERAGE         81                        76      5       76

PRECIPITATION (IN)
  TODAY            T             1.12 1971   0.12  -0.12     0.73
  MONTH TO DATE    T                         0.12  -0.12     0.73
  SINCE JUN 1      3.69                      4.06  -0.37     8.89
  SINCE JAN 1     27.57                     21.75   5.82    23.30

SNOWFALL (IN)
  TODAY            0.0          MM      MM   0.0    0.0      0.0
  MONTH TO DATE    0.0                       0.0    0.0      0.0
  SINCE OCT 1     52.4                      26.9   25.5     22.2
  SINCE JUL 1      0.0                       0.0    0.0      0.0
  SNOW DEPTH       0

DEGREE DAYS
 HEATING
  TODAY            0                         0      0        0
  MONTH TO DATE    0                         0      0        0
  SINCE JUN 1      0                        16    -16        4
  SINCE JUL 1      0                         0      0        0

 COOLING
  TODAY           16                        11      5       11
  MONTH TO DATE   16                        11      5       11
  SINCE JUN 1    248                       242      6      292
  SINCE JAN 1    298                       308    -10      380
..................................................................


WIND (MPH)
  HIGHEST WIND SPEED    23   HIGHEST WIND DIRECTION     S (170)
  HIGHEST GUST SPEED    26   HIGHEST GUST DIRECTION     S (180)
  AVERAGE WIND SPEED    10.9


SKY COVER
  AVERAGE SKY COVER 0.5


WEATHER CONDITIONS
 THE FOLLOWING WEATHER WAS RECORDED TODAY.
  NO SIGNIFICANT WEATHER WAS OBSERVED.


RELATIVE HUMIDITY (PERCENT)
 HIGHEST    79           300 AM
 LOWEST     55           100 PM
 AVERAGE    67

..........................................................


THE LAGUARDIA NY CLIMATE NORMALS FOR TOMORROW
                         NORMAL    RECORD    YEAR
 MAXIMUM TEMPERATURE (F)   84       101      1966
 MINIMUM TEMPERATURE (F)   68        58      2001


SUNRISE AND SUNSET
JULY  1 2014..........SUNRISE   528 AM EDT   SUNSET   831 PM EDT
JULY  2 2014..........SUNRISE   528 AM EDT   SUNSET   831 PM EDT


-  INDICATES NEGATIVE NUMBERS.
R  INDICATES RECORD WAS SET OR TIED.
MM INDICATES DATA IS MISSING.
T  INDICATES TRACE AMOUNT.




$$
