000
CDUS41 KOKX 192138
CLILGA


CLIMATE REPORT
NATIONAL WEATHER SERVICE NEW YORK NY
438 PM EST THU FEB 19 2015


...................................

...THE LAGUARDIA NY CLIMATE SUMMARY FOR FEBRUARY 19 2015...
VALID TODAY AS OF 0400 PM LOCAL TIME.

CLIMATE NORMAL PERIOD 1981 TO 2010
CLIMATE RECORD PERIOD 1945 TO 2015


WEATHER ITEM   OBSERVED TIME   RECORD YEAR NORMAL DEPARTURE LAST
                VALUE   (LST)  VALUE       VALUE  FROM      YEAR
                                                  NORMAL
..................................................................
TEMPERATURE (F)
 TODAY
  MAXIMUM         27   1213 AM  65    1997  43    -16       45
  MINIMUM         16    837 AM  11    1959  29    -13       28
  AVERAGE         22                        36    -14       37

PRECIPITATION (IN)
  TODAY            0.00          1.70 1972   0.10  -0.10     0.25
  MONTH TO DATE    1.39                      1.82  -0.43     4.79
  SINCE DEC 1     12.57                      8.55   4.02    11.61
  SINCE JAN 1      6.37                      4.99   1.38     7.15

SNOWFALL (IN)
  TODAY            0.0           9.0  1979   0.3   -0.3      0.0
  MONTH TO DATE   11.0                       6.3    4.7     27.0
  SINCE OCT 1     32.4                      19.2   13.2     51.5
  SINCE JUL 1     32.4                      19.2   13.2     51.5
  SNOW DEPTH       5

DEGREE DAYS
 HEATING
  TODAY           43                        29     14       28
  MONTH TO DATE  763                       578    185      660
  SINCE DEC 1   2595                      2402    193     2601
  SINCE JUL 1   3349                      3177    172     3383

 COOLING
  TODAY            0                         0      0        0
  MONTH TO DATE    0                         0      0        0
  SINCE DEC 1      0                         0      0        0
  SINCE JAN 1      0                         0      0        0
..................................................................


WIND (MPH)
  HIGHEST WIND SPEED    30   HIGHEST WIND DIRECTION    NW (300)
  HIGHEST GUST SPEED    40   HIGHEST GUST DIRECTION     W (290)
  AVERAGE WIND SPEED    19.6


SKY COVER
  AVERAGE SKY COVER 0.6


WEATHER CONDITIONS
 THE FOLLOWING WEATHER WAS RECORDED TODAY.
  NO SIGNIFICANT WEATHER WAS OBSERVED.


RELATIVE HUMIDITY (PERCENT)
 HIGHEST    60           100 AM
 LOWEST     28           400 PM
 AVERAGE    44

..........................................................


THE LAGUARDIA NY CLIMATE NORMALS FOR TOMORROW
                         NORMAL    RECORD    YEAR
 MAXIMUM TEMPERATURE (F)   43        63      1943
 MINIMUM TEMPERATURE (F)   29         7      1950


SUNRISE AND SUNSET
FEBRUARY 19 2015......SUNRISE   645 AM EST   SUNSET   535 PM EST
FEBRUARY 20 2015......SUNRISE   643 AM EST   SUNSET   536 PM EST


-  INDICATES NEGATIVE NUMBERS.
R  INDICATES RECORD WAS SET OR TIED.
MM INDICATES DATA IS MISSING.
T  INDICATES TRACE AMOUNT.




$$
