000
CDUS41 KOKX 110628
CLILGA


CLIMATE REPORT
NATIONAL WEATHER SERVICE NEW YORK NY
228 AM EDT FRI AUG 11 2017


...................................

...THE LAGUARDIA NY CLIMATE SUMMARY FOR AUGUST 10 2017...

CLIMATE NORMAL PERIOD 1981 TO 2010
CLIMATE RECORD PERIOD 1939 TO 2017


WEATHER ITEM   OBSERVED TIME   RECORD YEAR NORMAL DEPARTURE LAST
                VALUE   (LST)  VALUE       VALUE  FROM      YEAR
                                                  NORMAL
..................................................................
TEMPERATURE (F)
 YESTERDAY
  MAXIMUM         86    135 PM  99    1949  85      1       89
  MINIMUM         71    455 AM  57    1962  70      1       76
  AVERAGE         79                        77      2       83

PRECIPITATION (IN)
  YESTERDAY        0.00          1.91 2006   0.14  -0.14     0.06
  MONTH TO DATE    1.43                      1.46  -0.03     0.06
  SINCE JUN 1     10.13                      9.90   0.23     7.28
  SINCE JAN 1     30.90                     27.59   3.31    22.65

SNOWFALL (IN)
  YESTERDAY        0.0          MM      MM   0.0    0.0      0.0
  MONTH TO DATE    0.0                       0.0    0.0      0.0
  SINCE OCT 1     33.2                      26.9    6.3     36.2
  SINCE JUL 1      0.0                       0.0    0.0      0.0
  SNOW DEPTH       0

DEGREE DAYS
 HEATING
  YESTERDAY        0                         0      0        0
  MONTH TO DATE    0                         0      0        0
  SINCE JUN 1     16                        16      0        2
  SINCE JUL 1      0                         0      0        0

 COOLING
  YESTERDAY       14                        12      2       18
  MONTH TO DATE  114                       124    -10      143
  SINCE JUN 1    809                       740     69      919
  SINCE JAN 1    914                       806    108     1038
..................................................................


WIND (MPH)
  HIGHEST WIND SPEED    16   HIGHEST WIND DIRECTION     S (160)
  HIGHEST GUST SPEED    20   HIGHEST GUST DIRECTION     S (170)
  AVERAGE WIND SPEED     6.9


SKY COVER
  AVERAGE SKY COVER 0.4


WEATHER CONDITIONS
 THE FOLLOWING WEATHER WAS RECORDED YESTERDAY.
  NO SIGNIFICANT WEATHER WAS OBSERVED.


RELATIVE HUMIDITY (PERCENT)
 HIGHEST    73           400 AM
 LOWEST     43           100 PM
 AVERAGE    58

..........................................................


THE LAGUARDIA NY CLIMATE NORMALS FOR TODAY
                         NORMAL    RECORD    YEAR
 MAXIMUM TEMPERATURE (F)   85        99      1949
 MINIMUM TEMPERATURE (F)   70        57      1962


SUNRISE AND SUNSET
AUGUST 11 2017........SUNRISE   602 AM EDT   SUNSET   759 PM EDT
AUGUST 12 2017........SUNRISE   603 AM EDT   SUNSET   757 PM EDT


-  INDICATES NEGATIVE NUMBERS.
R  INDICATES RECORD WAS SET OR TIED.
MM INDICATES DATA IS MISSING.
T  INDICATES TRACE AMOUNT.




$$
