720
CDUS41 KOKX 082138
CLILGA


CLIMATE REPORT
NATIONAL WEATHER SERVICE NEW YORK NY
438 PM EST WED FEB 8 2017


...................................

...THE LAGUARDIA NY CLIMATE SUMMARY FOR FEBRUARY 8 2017...
VALID TODAY AS OF 0400 PM LOCAL TIME.

CLIMATE NORMAL PERIOD 1981 TO 2010
CLIMATE RECORD PERIOD 1939 TO 2017


WEATHER ITEM   OBSERVED TIME   RECORD YEAR NORMAL DEPARTURE LAST
                VALUE   (LST)  VALUE       VALUE  FROM      YEAR
                                                  NORMAL
..................................................................
TEMPERATURE (F)
 TODAY
  MAXIMUM         62R   241 PM  60    1965  41     21       41
  MINIMUM         39    253 AM  -2    1963  28     11       28
  AVERAGE         51                        34     17       35

PRECIPITATION (IN)
  TODAY            0.02          0.80 1994   0.10  -0.08     0.06
  MONTH TO DATE    0.25                      0.77  -0.52     1.11
  SINCE DEC 1      7.33                      7.50  -0.17     9.61
  SINCE JAN 1      4.38                      3.94   0.44     5.28

SNOWFALL (IN)
  TODAY            0.0           9.2  1994   0.4   -0.4      1.0
  MONTH TO DATE    0.0                       2.6   -2.6      3.4
  SINCE OCT 1     13.1                      15.5   -2.4     32.2
  SINCE JUL 1     13.1                      15.5   -2.4     32.2
  SNOW DEPTH       0

DEGREE DAYS
 HEATING
  TODAY           14                        31    -17       30
  MONTH TO DATE  201                       250    -49      174
  SINCE DEC 1   1737                      2074   -337     1509
  SINCE JUL 1   2275                      2849   -574     2071

 COOLING
  TODAY            0                         0      0        0
  MONTH TO DATE    0                         0      0        0
  SINCE DEC 1      0                         0      0        1
  SINCE JAN 1      0                         0      0        0
..................................................................


WIND (MPH)
  HIGHEST WIND SPEED    16   HIGHEST WIND DIRECTION     N (340)
  HIGHEST GUST SPEED    20   HIGHEST GUST DIRECTION     W (260)
  AVERAGE WIND SPEED     7.2


SKY COVER
  AVERAGE SKY COVER 0.8


WEATHER CONDITIONS
 THE FOLLOWING WEATHER WAS RECORDED TODAY.
  LIGHT RAIN
  FOG
  FOG W/VISIBILITY <= 1/4 MILE
  HAZE


RELATIVE HUMIDITY (PERCENT)
 HIGHEST   100           300 AM
 LOWEST     46           200 PM
 AVERAGE    73

..........................................................


THE LAGUARDIA NY CLIMATE NORMALS FOR TOMORROW
                         NORMAL    RECORD    YEAR
 MAXIMUM TEMPERATURE (F)   41        62      1990
 MINIMUM TEMPERATURE (F)   28         7      1979


SUNRISE AND SUNSET
FEBRUARY  8 2017......SUNRISE   658 AM EST   SUNSET   522 PM EST
FEBRUARY  9 2017......SUNRISE   657 AM EST   SUNSET   523 PM EST


-  INDICATES NEGATIVE NUMBERS.
R  INDICATES RECORD WAS SET OR TIED.
MM INDICATES DATA IS MISSING.
T  INDICATES TRACE AMOUNT.




$$
