000
CDUS41 KOKX 150618
CLILGA


CLIMATE REPORT
NATIONAL WEATHER SERVICE NEW YORK NY
118 AM EST SAT NOV 15 2014


...................................

...THE LAGUARDIA NY CLIMATE SUMMARY FOR NOVEMBER 14 2014...

CLIMATE NORMAL PERIOD 1981 TO 2010
CLIMATE RECORD PERIOD 1945 TO 2014


WEATHER ITEM   OBSERVED TIME   RECORD YEAR NORMAL DEPARTURE LAST
                VALUE   (LST)  VALUE       VALUE  FROM      YEAR
                                                  NORMAL
..................................................................
TEMPERATURE (F)
 YESTERDAY
  MAXIMUM         43    244 PM  72    1993  55    -12       53
  MINIMUM         36    826 AM  24    1986  42     -6       34
  AVERAGE         40                        49     -9       44

PRECIPITATION (IN)
  YESTERDAY        0.03          2.05 1972   0.11  -0.08     0.00
  MONTH TO DATE    0.72                      1.53  -0.81     0.17
  SINCE SEP 1      5.85                      9.04  -3.19     3.89
  SINCE JAN 1     40.91                     39.29   1.62    31.23

SNOWFALL (IN)
  YESTERDAY        0.0           0.1  1997   0.0    0.0      0.0
  MONTH TO DATE    0.0                       0.0    0.0       T
  SINCE OCT 1      0.0                       0.0    0.0       T
  SINCE JUL 1      0.0                       0.0    0.0       T
  SNOW DEPTH       0

DEGREE DAYS
 HEATING
  YESTERDAY       25                        16      9       21
  MONTH TO DATE  201                       199      2      226
  SINCE SEP 1    377                       470    -93      428
  SINCE JUL 1    377                       471    -94      428

 COOLING
  YESTERDAY        0                         0      0        0
  MONTH TO DATE    0                         0      0        0
  SINCE SEP 1    205                       180     25      183
  SINCE JAN 1   1192                      1213    -21     1402
..................................................................


WIND (MPH)
  HIGHEST WIND SPEED    23   HIGHEST WIND DIRECTION    NW (310)
  HIGHEST GUST SPEED    32   HIGHEST GUST DIRECTION    NW (300)
  AVERAGE WIND SPEED    15.3


SKY COVER
  AVERAGE SKY COVER 0.5


WEATHER CONDITIONS
 THE FOLLOWING WEATHER WAS RECORDED YESTERDAY.
  LIGHT RAIN


RELATIVE HUMIDITY (PERCENT)
 HIGHEST    92           200 AM
 LOWEST     36           200 PM
 AVERAGE    64

..........................................................


THE LAGUARDIA NY CLIMATE NORMALS FOR TODAY
                         NORMAL    RECORD    YEAR
 MAXIMUM TEMPERATURE (F)   55        80      1993
 MINIMUM TEMPERATURE (F)   42        22      1967


SUNRISE AND SUNSET
NOVEMBER 15 2014......SUNRISE   642 AM EST   SUNSET   438 PM EST
NOVEMBER 16 2014......SUNRISE   644 AM EST   SUNSET   437 PM EST


-  INDICATES NEGATIVE NUMBERS.
R  INDICATES RECORD WAS SET OR TIED.
MM INDICATES DATA IS MISSING.
T  INDICATES TRACE AMOUNT.




$$
