000
CDUS41 KOKX 102139
CLILGA


CLIMATE REPORT
NATIONAL WEATHER SERVICE NEW YORK NY
439 PM EST TUE JAN 10 2017


...................................

...THE LAGUARDIA NY CLIMATE SUMMARY FOR JANUARY 10 2017...
VALID TODAY AS OF 0400 PM LOCAL TIME.

CLIMATE NORMAL PERIOD 1981 TO 2010
CLIMATE RECORD PERIOD 1939 TO 2017


WEATHER ITEM   OBSERVED TIME   RECORD YEAR NORMAL DEPARTURE LAST
                VALUE   (LST)  VALUE       VALUE  FROM      YEAR
                                                  NORMAL
..................................................................
TEMPERATURE (F)
 TODAY
  MAXIMUM         39    359 PM  59    2016  39      0       59
                                      2000
  MINIMUM         23    446 AM   2    2004  27     -4       42
  AVERAGE         31                        33     -2       51

PRECIPITATION (IN)
  TODAY            0.00          1.42 2016   0.10  -0.10     1.42
  MONTH TO DATE    0.90                      1.03  -0.13     1.42
  SINCE DEC 1      3.85                      4.59  -0.74     5.75
  SINCE JAN 1      0.90                      1.03  -0.13     1.42

SNOWFALL (IN)
  TODAY            0.0           4.0  1965   0.2   -0.2      0.0
  MONTH TO DATE    8.3                       2.4    5.9      0.0
  SINCE OCT 1     11.3                       7.9    3.4       T
  SINCE JUL 1     11.3                       7.9    3.4       T
  SNOW DEPTH       3

DEGREE DAYS
 HEATING
  TODAY           34                        32      2       14
  MONTH TO DATE  313                       316     -3      270
  SINCE DEC 1   1071                      1147    -76      703
  SINCE JUL 1   1609                      1922   -313     1265

 COOLING
  TODAY            0                         0      0        0
  MONTH TO DATE    0                         0      0        0
  SINCE DEC 1      0                         0      0        1
  SINCE JAN 1      0                         0      0        0
..................................................................


WIND (MPH)
  HIGHEST WIND SPEED    12   HIGHEST WIND DIRECTION     S (170)
  HIGHEST GUST SPEED    14   HIGHEST GUST DIRECTION    SE (130)
  AVERAGE WIND SPEED     6.6


SKY COVER
  AVERAGE SKY COVER 0.8


WEATHER CONDITIONS
 THE FOLLOWING WEATHER WAS RECORDED TODAY.
  NO SIGNIFICANT WEATHER WAS OBSERVED.


RELATIVE HUMIDITY (PERCENT)
 HIGHEST    70           300 PM
 LOWEST     46          1000 AM
 AVERAGE    58

..........................................................


THE LAGUARDIA NY CLIMATE NORMALS FOR TOMORROW
                         NORMAL    RECORD    YEAR
 MAXIMUM TEMPERATURE (F)   39        62      1975
 MINIMUM TEMPERATURE (F)   27         4      1982


SUNRISE AND SUNSET
JANUARY 10 2017.......SUNRISE   719 AM EST   SUNSET   448 PM EST
JANUARY 11 2017.......SUNRISE   719 AM EST   SUNSET   449 PM EST


-  INDICATES NEGATIVE NUMBERS.
R  INDICATES RECORD WAS SET OR TIED.
MM INDICATES DATA IS MISSING.
T  INDICATES TRACE AMOUNT.




$$
