000
CDUS41 KOKX 110618
CLILGA


CLIMATE REPORT
NATIONAL WEATHER SERVICE NEW YORK NY
218 AM EDT FRI JUL 11 2014


...................................

...THE LAGUARDIA NY CLIMATE SUMMARY FOR JULY 10 2014...

CLIMATE NORMAL PERIOD 1981 TO 2010
CLIMATE RECORD PERIOD 1945 TO 2014


WEATHER ITEM   OBSERVED TIME   RECORD YEAR NORMAL DEPARTURE LAST
                VALUE   (LST)  VALUE       VALUE  FROM      YEAR
                                                  NORMAL
..................................................................
TEMPERATURE (F)
 YESTERDAY
  MAXIMUM         82    510 PM  99    1993  85     -3       91
  MINIMUM         70    615 AM  60    1953  69      1       75
  AVERAGE         76                        77     -1       83

PRECIPITATION (IN)
  YESTERDAY        0.00          2.46 1950   0.15  -0.15     0.02
  MONTH TO DATE    1.70                      1.30   0.40     1.83
  SINCE JUN 1      5.39                      5.24   0.15     9.99
  SINCE JAN 1     29.27                     22.93   6.34    24.40

SNOWFALL (IN)
  YESTERDAY        0.0          MM      MM   0.0    0.0      0.0
  MONTH TO DATE    0.0                       0.0    0.0      0.0
  SINCE OCT 1     52.4                      26.9   25.5     22.2
  SINCE JUL 1      0.0                       0.0    0.0      0.0
  SNOW DEPTH       0

DEGREE DAYS
 HEATING
  YESTERDAY        0                         0      0        0
  MONTH TO DATE    0                         0      0        0
  SINCE JUN 1      0                        16    -16        4
  SINCE JUL 1      0                         0      0        0

 COOLING
  YESTERDAY       11                        12     -1       18
  MONTH TO DATE  138                       117     21      179
  SINCE JUN 1    370                       348     22      460
  SINCE JAN 1    420                       414      6      548
..................................................................


WIND (MPH)
  HIGHEST WIND SPEED    14   HIGHEST WIND DIRECTION    NE (50)
  HIGHEST GUST SPEED    22   HIGHEST GUST DIRECTION    NE (50)
  AVERAGE WIND SPEED     6.6


SKY COVER
  AVERAGE SKY COVER 0.7


WEATHER CONDITIONS
 THE FOLLOWING WEATHER WAS RECORDED YESTERDAY.
  NO SIGNIFICANT WEATHER WAS OBSERVED.


RELATIVE HUMIDITY (PERCENT)
 HIGHEST    78           600 AM
 LOWEST     49           200 PM
 AVERAGE    64

..........................................................


THE LAGUARDIA NY CLIMATE NORMALS FOR TODAY
                         NORMAL    RECORD    YEAR
 MAXIMUM TEMPERATURE (F)   85        98      1988
 MINIMUM TEMPERATURE (F)   69        62      1945


SUNRISE AND SUNSET
JULY 11 2014..........SUNRISE   534 AM EDT   SUNSET   828 PM EDT
JULY 12 2014..........SUNRISE   535 AM EDT   SUNSET   827 PM EDT


-  INDICATES NEGATIVE NUMBERS.
R  INDICATES RECORD WAS SET OR TIED.
MM INDICATES DATA IS MISSING.
T  INDICATES TRACE AMOUNT.




$$
