000
CDUS41 KOKX 140622
CLILGA


CLIMATE REPORT
NATIONAL WEATHER SERVICE NEW YORK NY
120 AM EST TUE NOV 14 2017


...................................

...THE LAGUARDIA NY CLIMATE SUMMARY FOR NOVEMBER 13 2017...

CLIMATE NORMAL PERIOD 1981 TO 2010
CLIMATE RECORD PERIOD 1939 TO 2017


WEATHER ITEM   OBSERVED TIME   RECORD YEAR NORMAL DEPARTURE LAST
                VALUE   (LST)  VALUE       VALUE  FROM      YEAR
                                                  NORMAL
..................................................................
TEMPERATURE (F)
 YESTERDAY
  MAXIMUM         50    357 PM  70    1964  56     -6       64
  MINIMUM         42   1159 PM  26    1986  43     -1       43
  AVERAGE         46                        49     -3       54

PRECIPITATION (IN)
  YESTERDAY        0.05          1.60 1982   0.10  -0.05     0.00
  MONTH TO DATE    0.75                      1.42  -0.67     0.02
  SINCE SEP 1      6.37                      8.93  -2.56     7.37
  SINCE JAN 1     39.36                     39.18   0.18    31.09

SNOWFALL (IN)
  YESTERDAY        0.0          MM      MM   0.0    0.0      0.0
  MONTH TO DATE    0.0                       0.0    0.0      0.0
  SINCE OCT 1      0.0                       0.0    0.0      0.0
  SINCE JUL 1      0.0                       0.0    0.0      0.0
  SNOW DEPTH       0

DEGREE DAYS
 HEATING
  YESTERDAY       19                        16      3       11
  MONTH TO DATE  197                       183     14      124
  SINCE SEP 1    282                       454   -172      289
  SINCE JUL 1    282                       455   -173      289

 COOLING
  YESTERDAY        0                         0      0        0
  MONTH TO DATE    0                         0      0        2
  SINCE SEP 1    308                       180    128      328
  SINCE JAN 1   1439                      1213    226     1745
..................................................................


WIND (MPH)
  HIGHEST WIND SPEED    14   HIGHEST WIND DIRECTION     N (10)
  HIGHEST GUST SPEED    19   HIGHEST GUST DIRECTION    NE (60)
  AVERAGE WIND SPEED     8.5


SKY COVER
  AVERAGE SKY COVER 0.8


WEATHER CONDITIONS
 THE FOLLOWING WEATHER WAS RECORDED YESTERDAY.
  LIGHT RAIN


RELATIVE HUMIDITY (PERCENT)
 HIGHEST    76          1100 AM
 LOWEST     49           200 AM
 AVERAGE    63

..........................................................


THE LAGUARDIA NY CLIMATE NORMALS FOR TODAY
                         NORMAL    RECORD    YEAR
 MAXIMUM TEMPERATURE (F)   55        72      1993
 MINIMUM TEMPERATURE (F)   42        24      1986


SUNRISE AND SUNSET
NOVEMBER 14 2017......SUNRISE   642 AM EST   SUNSET   438 PM EST
NOVEMBER 15 2017......SUNRISE   643 AM EST   SUNSET   437 PM EST


-  INDICATES NEGATIVE NUMBERS.
R  INDICATES RECORD WAS SET OR TIED.
MM INDICATES DATA IS MISSING.
T  INDICATES TRACE AMOUNT.




$$
