000
CDUS41 KOKX 102133
CLILGA


CLIMATE REPORT
NATIONAL WEATHER SERVICE NEW YORK NY
432 PM EST SAT FEB 10 2018


...................................

...THE LAGUARDIA NY CLIMATE SUMMARY FOR FEBRUARY 10 2018...
VALID TODAY AS OF 0400 PM LOCAL TIME.

CLIMATE NORMAL PERIOD 1981 TO 2010
CLIMATE RECORD PERIOD 1939 TO 2018


WEATHER ITEM   OBSERVED TIME   RECORD YEAR NORMAL DEPARTURE LAST
                VALUE   (LST)  VALUE       VALUE  FROM      YEAR
                                                  NORMAL
..................................................................
TEMPERATURE (F)
 TODAY
  MAXIMUM         51    100 PM  60    2001  41     10       34
  MINIMUM         38    545 AM   4    1979  28     10       19
  AVERAGE         45                        34     11       27

PRECIPITATION (IN)
  TODAY            0.13          1.67 1970   0.09   0.04      T
  MONTH TO DATE    2.22                      0.95   1.27     1.12
  SINCE DEC 1      6.40                      7.68  -1.28     8.20
  SINCE JAN 1      4.34                      4.12   0.22     5.25

SNOWFALL (IN)
  TODAY            0.0          10.4  2010   0.3   -0.3       T
  MONTH TO DATE    0.6                       3.2   -2.6     10.0
  SINCE OCT 1     17.3                      16.1    1.2     23.1
  SINCE JUL 1     17.3                      16.1    1.2     23.1
  SNOW DEPTH       0

DEGREE DAYS
 HEATING
  TODAY           20                        30    -10       38
  MONTH TO DATE  302                       311     -9      272
  SINCE DEC 1   2220                      2135     85     1808
  SINCE JUL 1   2811                      2910    -99     2346

 COOLING
  TODAY            0                         0      0        0
  MONTH TO DATE    0                         0      0        0
  SINCE DEC 1      0                         0      0        0
  SINCE JAN 1      0                         0      0        0
..................................................................


WIND (MPH)
  HIGHEST WIND SPEED    10   HIGHEST WIND DIRECTION    SW (230)
  HIGHEST GUST SPEED    13   HIGHEST GUST DIRECTION    SW (240)
  AVERAGE WIND SPEED     4.6


SKY COVER
  AVERAGE SKY COVER 0.9


WEATHER CONDITIONS
 THE FOLLOWING WEATHER WAS RECORDED TODAY.
  RAIN
  LIGHT RAIN
  FOG


RELATIVE HUMIDITY (PERCENT)
 HIGHEST    92           400 PM
 LOWEST     71          1000 AM
 AVERAGE    82

..........................................................


THE LAGUARDIA NY CLIMATE NORMALS FOR TOMORROW
                         NORMAL    RECORD    YEAR
 MAXIMUM TEMPERATURE (F)   41        63      2009
 MINIMUM TEMPERATURE (F)   28         2      1979


SUNRISE AND SUNSET
FEBRUARY 10 2018......SUNRISE   656 AM EST   SUNSET   524 PM EST
FEBRUARY 11 2018......SUNRISE   655 AM EST   SUNSET   525 PM EST


-  INDICATES NEGATIVE NUMBERS.
R  INDICATES RECORD WAS SET OR TIED.
MM INDICATES DATA IS MISSING.
T  INDICATES TRACE AMOUNT.




$$
