000
CDUS41 KOKX 080617
CLILGA


CLIMATE REPORT
NATIONAL WEATHER SERVICE NEW YORK NY
117 AM EST MON DEC 8 2014


...................................

...THE LAGUARDIA NY CLIMATE SUMMARY FOR DECEMBER 7 2014...

CLIMATE NORMAL PERIOD 1981 TO 2010
CLIMATE RECORD PERIOD 1945 TO 2014


WEATHER ITEM   OBSERVED TIME   RECORD YEAR NORMAL DEPARTURE LAST
                VALUE   (LST)  VALUE       VALUE  FROM      YEAR
                                                  NORMAL
..................................................................
TEMPERATURE (F)
 YESTERDAY
  MAXIMUM         41    238 PM  75    1998  47     -6       41
  MINIMUM         30   1159 PM  17    1954  35     -5       32
  AVERAGE         36                        41     -5       37

PRECIPITATION (IN)
  YESTERDAY        0.03          1.39 1996   0.12  -0.09     0.13
  MONTH TO DATE    2.10                      0.87   1.23     0.87
  SINCE DEC 1      2.10                      0.87   1.23     0.87
  SINCE JAN 1     46.21                     42.04   4.17    34.70

SNOWFALL (IN)
  YESTERDAY        0.0           1.2  1949   0.2   -0.2       T
  MONTH TO DATE    0.0                       0.7   -0.7       T
  SINCE OCT 1      0.4                       1.0   -0.6      0.2
  SINCE JUL 1      0.4                       1.0   -0.6      0.2
  SNOW DEPTH       0

DEGREE DAYS
 HEATING
  YESTERDAY       29                        24      5       28
  MONTH TO DATE  156                       161     -5      144
  SINCE DEC 1    156                       161     -5      144
  SINCE JUL 1    910                       936    -26      926

 COOLING
  YESTERDAY        0                         0      0        0
  MONTH TO DATE    0                         0      0        0
  SINCE DEC 1      0                         0      0        0
  SINCE JAN 1   1192                      1214    -22     1402
..................................................................


WIND (MPH)
  HIGHEST WIND SPEED    29   HIGHEST WIND DIRECTION     N (360)
  HIGHEST GUST SPEED    46   HIGHEST GUST DIRECTION    SW (230)
  AVERAGE WIND SPEED    18.1


SKY COVER
  AVERAGE SKY COVER 0.5


WEATHER CONDITIONS
 THE FOLLOWING WEATHER WAS RECORDED YESTERDAY.
  LIGHT RAIN


RELATIVE HUMIDITY (PERCENT)
 HIGHEST    85          1200 AM
 LOWEST     31          1100 PM
 AVERAGE    58

..........................................................


THE LAGUARDIA NY CLIMATE NORMALS FOR TODAY
                         NORMAL    RECORD    YEAR
 MAXIMUM TEMPERATURE (F)   47        64      1951
 MINIMUM TEMPERATURE (F)   35        18      1976


SUNRISE AND SUNSET
DECEMBER  8 2014......SUNRISE   707 AM EST   SUNSET   428 PM EST
DECEMBER  9 2014......SUNRISE   708 AM EST   SUNSET   428 PM EST


-  INDICATES NEGATIVE NUMBERS.
R  INDICATES RECORD WAS SET OR TIED.
MM INDICATES DATA IS MISSING.
T  INDICATES TRACE AMOUNT.




$$
