000
CDUS41 KOKX 030616
CLILGA


CLIMATE REPORT
NATIONAL WEATHER SERVICE NEW YORK NY
216 AM EDT WED MAY 3 2017


...................................

...THE LAGUARDIA NY CLIMATE SUMMARY FOR MAY 2 2017...

CLIMATE NORMAL PERIOD 1981 TO 2010
CLIMATE RECORD PERIOD 1939 TO 2017


WEATHER ITEM   OBSERVED TIME   RECORD YEAR NORMAL DEPARTURE LAST
                VALUE   (LST)  VALUE       VALUE  FROM      YEAR
                                                  NORMAL
..................................................................
TEMPERATURE (F)
 YESTERDAY
  MAXIMUM         78    113 PM  90    2010  67     11       62
                                      2001
  MINIMUM         62    150 AM  40    1978  50     12       45
                                      1963
                                      1941
  AVERAGE         70                        58     12       54

PRECIPITATION (IN)
  YESTERDAY        T             0.83 1989   0.12  -0.12     0.04
  MONTH TO DATE    T                         0.22  -0.22     0.19
  SINCE MAR 1      8.78                      8.19   0.59     3.11
  SINCE JAN 1     14.78                     14.12   0.66    11.64

SNOWFALL (IN)
  YESTERDAY        0.0          MM      MM   0.0    0.0      0.0
  MONTH TO DATE    0.0                       0.0    0.0      0.0
  SINCE OCT 1     33.2                      26.9    6.3     36.2
  SINCE JUL 1     33.2                      26.9    6.3     36.2
  SNOW DEPTH       0

DEGREE DAYS
 HEATING
  YESTERDAY        0                         7     -7       11
  MONTH TO DATE    3                        15    -12       27
  SINCE MAR 1    984                      1100   -116      876
  SINCE JUL 1   3671                      4529   -858     3538

 COOLING
  YESTERDAY        5                         1      4        0
  MONTH TO DATE    5                         2      3        0
  SINCE MAR 1     36                        10     26       13
  SINCE JAN 1     36                        10     26       13
..................................................................


WIND (MPH)
  HIGHEST WIND SPEED    32   HIGHEST WIND DIRECTION     W (250)
  HIGHEST GUST SPEED    42   HIGHEST GUST DIRECTION     W (270)
  AVERAGE WIND SPEED    15.4


SKY COVER
  AVERAGE SKY COVER 0.7


WEATHER CONDITIONS
 THE FOLLOWING WEATHER WAS RECORDED YESTERDAY.
  LIGHT RAIN


RELATIVE HUMIDITY (PERCENT)
 HIGHEST    84          1200 AM
 LOWEST     23           400 PM
 AVERAGE    54

..........................................................


THE LAGUARDIA NY CLIMATE NORMALS FOR TODAY
                         NORMAL    RECORD    YEAR
 MAXIMUM TEMPERATURE (F)   67        90      2001
 MINIMUM TEMPERATURE (F)   50        40      1957


SUNRISE AND SUNSET
MAY  3 2017...........SUNRISE   551 AM EDT   SUNSET   754 PM EDT
MAY  4 2017...........SUNRISE   550 AM EDT   SUNSET   755 PM EDT


-  INDICATES NEGATIVE NUMBERS.
R  INDICATES RECORD WAS SET OR TIED.
MM INDICATES DATA IS MISSING.
T  INDICATES TRACE AMOUNT.




$$
