000
CDUS41 KOKX 050622
CLILGA


CLIMATE REPORT
NATIONAL WEATHER SERVICE NEW YORK NY
222 AM EDT THU MAY 5 2016


...................................

...THE LAGUARDIA NY CLIMATE SUMMARY FOR MAY 4 2016...

CLIMATE NORMAL PERIOD 1981 TO 2010
CLIMATE RECORD PERIOD 1945 TO 2016


WEATHER ITEM   OBSERVED TIME   RECORD YEAR NORMAL DEPARTURE LAST
                VALUE   (LST)  VALUE       VALUE  FROM      YEAR
                                                  NORMAL
..................................................................
TEMPERATURE (F)
 YESTERDAY
  MAXIMUM         54    825 PM  92    2001  67    -13       82
  MINIMUM         49   1156 PM  41    1957  50     -1       54
  AVERAGE         52                        59     -7       68

PRECIPITATION (IN)
  YESTERDAY        0.03          0.89 1975   0.12  -0.09     0.00
  MONTH TO DATE    0.97                      0.45   0.52     0.00
  SINCE MAR 1      3.89                      8.42  -4.53     6.36
  SINCE JAN 1     12.42                     14.35  -1.93    13.44

SNOWFALL (IN)
  YESTERDAY        0.0          MM      MM   0.0    0.0      0.0
  MONTH TO DATE    0.0                       0.0    0.0      0.0
  SINCE OCT 1     36.2                      26.9    9.3     53.8
  SINCE JUL 1     36.2                      26.9    9.3     53.8
  SNOW DEPTH       0

DEGREE DAYS
 HEATING
  YESTERDAY       13                         7      6        0
  MONTH TO DATE   52                        29     23       18
  SINCE MAR 1    901                      1114   -213     1196
  SINCE JUL 1   3563                      4543   -980     4918

 COOLING
  YESTERDAY        0                         1     -1        3
  MONTH TO DATE    0                         4     -4        3
  SINCE MAR 1     13                        12      1        5
  SINCE JAN 1     13                        12      1        5
..................................................................


WIND (MPH)
  HIGHEST WIND SPEED    20   HIGHEST WIND DIRECTION    NE (50)
  HIGHEST GUST SPEED    26   HIGHEST GUST DIRECTION    NE (60)
  AVERAGE WIND SPEED    12.4


SKY COVER
  AVERAGE SKY COVER 1.0


WEATHER CONDITIONS
 THE FOLLOWING WEATHER WAS RECORDED YESTERDAY.
  LIGHT RAIN
  FOG


RELATIVE HUMIDITY (PERCENT)
 HIGHEST   100          1200 AM
 LOWEST     80          1000 PM
 AVERAGE    90

..........................................................


THE LAGUARDIA NY CLIMATE NORMALS FOR TODAY
                         NORMAL    RECORD    YEAR
 MAXIMUM TEMPERATURE (F)   68        90      1955
                                             1949
 MINIMUM TEMPERATURE (F)   51        42      1978
                                             1974


SUNRISE AND SUNSET
MAY  5 2016...........SUNRISE   549 AM EDT   SUNSET   756 PM EDT
MAY  6 2016...........SUNRISE   547 AM EDT   SUNSET   758 PM EDT


-  INDICATES NEGATIVE NUMBERS.
R  INDICATES RECORD WAS SET OR TIED.
MM INDICATES DATA IS MISSING.
T  INDICATES TRACE AMOUNT.




$$
