659
CDUS41 KOKX 221405
CLILGA


CLIMATE REPORT
NATIONAL WEATHER SERVICE NEW YORK NY
905 AM EST TUE NOV 22 2016


...................................

...THE LAGUARDIA NY CLIMATE SUMMARY FOR NOVEMBER 21 2016...

CLIMATE NORMAL PERIOD 1981 TO 2010
CLIMATE RECORD PERIOD 1939 TO 2016


WEATHER ITEM   OBSERVED TIME   RECORD YEAR NORMAL DEPARTURE LAST
                VALUE   (LST)  VALUE       VALUE  FROM      YEAR
                                                  NORMAL
..................................................................
TEMPERATURE (F)
 YESTERDAY
  MAXIMUM         43    354 PM  69    1991  53    -10       54
                                      1942
  MINIMUM         39   1010 AM  20    1987  40     -1       43
  AVERAGE         41                        46     -5       49

PRECIPITATION (IN)
  YESTERDAY        T             0.84 1975   0.11  -0.11     0.00
  MONTH TO DATE    2.15                      2.33  -0.18     1.67
  SINCE SEP 1      9.50                      9.84  -0.34     7.57
  SINCE JAN 1     33.22                     40.09  -6.87    32.84

SNOWFALL (IN)
  YESTERDAY        T            MM      MM   0.0    0.0      0.0
  MONTH TO DATE    T                         0.1   -0.1      0.0
  SINCE OCT 1      T                         0.1   -0.1      0.0
  SINCE JUL 1      T                         0.1   -0.1      0.0
  SNOW DEPTH       0

DEGREE DAYS
 HEATING
  YESTERDAY       24                        19      5       16
  MONTH TO DATE  227                       323    -96      182
  SINCE SEP 1    392                       594   -202      396
  SINCE JUL 1    392                       595   -203      396

 COOLING
  YESTERDAY        0                         0      0        0
  MONTH TO DATE    2                         0      2        5
  SINCE SEP 1    328                       180    148      305
  SINCE JAN 1   1745                      1213    532     1554
..................................................................


WIND (MPH)
  HIGHEST WIND SPEED    36   HIGHEST WIND DIRECTION    NW (310)
  HIGHEST GUST SPEED    48   HIGHEST GUST DIRECTION     W (270)
  AVERAGE WIND SPEED    22.9


SKY COVER
  AVERAGE SKY COVER 0.8


WEATHER CONDITIONS
 THE FOLLOWING WEATHER WAS RECORDED YESTERDAY.
  LIGHT SNOW


RELATIVE HUMIDITY (PERCENT)
 HIGHEST    48          1100 AM
 LOWEST     39           200 PM
 AVERAGE    44

..........................................................


THE LAGUARDIA NY CLIMATE NORMALS FOR TODAY
                         NORMAL    RECORD    YEAR
 MAXIMUM TEMPERATURE (F)   52        69      1940
 MINIMUM TEMPERATURE (F)   40        21      1987


SUNRISE AND SUNSET
NOVEMBER 22 2016......SUNRISE   651 AM EST   SUNSET   432 PM EST
NOVEMBER 23 2016......SUNRISE   652 AM EST   SUNSET   432 PM EST


-  INDICATES NEGATIVE NUMBERS.
R  INDICATES RECORD WAS SET OR TIED.
MM INDICATES DATA IS MISSING.
T  INDICATES TRACE AMOUNT.




$$
