000
CDUS41 KOKX 282034
CLILGA


CLIMATE REPORT
NATIONAL WEATHER SERVICE NEW YORK NY
433 PM EDT FRI MAR 28 2014


...................................

...THE LAGUARDIA NY CLIMATE SUMMARY FOR MARCH 28 2014...
VALID TODAY AS OF 0400 PM LOCAL TIME.

CLIMATE NORMAL PERIOD 1981 TO 2010
CLIMATE RECORD PERIOD 1948 TO 2014


WEATHER ITEM   OBSERVED TIME   RECORD YEAR NORMAL DEPARTURE LAST
                VALUE   (LST)  VALUE       VALUE  FROM      YEAR
                                                  NORMAL
..................................................................
TEMPERATURE (F)
 TODAY
  MAXIMUM         54    259 PM  83    1945  54      0       49
  MINIMUM         38    304 AM  23    1982  38      0       39
  AVERAGE         46                        46      0       44

PRECIPITATION (IN)
  TODAY            0.03          2.83 2005   0.13  -0.10      T
  MONTH TO DATE    1.38                      3.56  -2.18     2.29
  SINCE MAR 1      1.38                      3.56  -2.18     2.29
  SINCE JAN 1      8.67                      9.49  -0.82     8.13

SNOWFALL (IN)
  TODAY            0.0           0.3  1959   0.1   -0.1      0.0
  MONTH TO DATE    0.4                       4.2   -3.8      6.1
  SINCE OCT 1     52.1                      26.2   25.9     22.2
  SINCE JUL 1     52.1                      26.2   25.9     22.2
  SNOW DEPTH       0

DEGREE DAYS
 HEATING
  TODAY           19                        19      0       21
  MONTH TO DATE  802                       651    151      704
  SINCE MAR 1    802                       651    151      704
  SINCE JUL 1   4459                      4080    379     3899

 COOLING
  TODAY            0                         0      0        0
  MONTH TO DATE    0                         0      0        0
  SINCE MAR 1      0                         0      0        0
  SINCE JAN 1      0                         0      0        0
..................................................................


WIND (MPH)
  HIGHEST WIND SPEED    18   HIGHEST WIND DIRECTION    SW (210)
  HIGHEST GUST SPEED    29   HIGHEST GUST DIRECTION    SW (210)
  AVERAGE WIND SPEED     8.5


SKY COVER
  AVERAGE SKY COVER 1.0


WEATHER CONDITIONS
 THE FOLLOWING WEATHER WAS RECORDED TODAY.
  LIGHT RAIN


RELATIVE HUMIDITY (PERCENT)
 HIGHEST    74           200 PM
 LOWEST     44          1200 AM
 AVERAGE    59

..........................................................


THE LAGUARDIA NY CLIMATE NORMALS FOR TOMORROW
                         NORMAL    RECORD    YEAR
 MAXIMUM TEMPERATURE (F)   54        86      1945
 MINIMUM TEMPERATURE (F)   39        25      1959


SUNRISE AND SUNSET
MARCH 28 2014.........SUNRISE   646 AM EDT   SUNSET   716 PM EDT
MARCH 29 2014.........SUNRISE   644 AM EDT   SUNSET   717 PM EDT


-  INDICATES NEGATIVE NUMBERS.
R  INDICATES RECORD WAS SET OR TIED.
MM INDICATES DATA IS MISSING.
T  INDICATES TRACE AMOUNT.




$$
