776
CDUS41 KOKX 152109
CLILGA


CLIMATE REPORT
NATIONAL WEATHER SERVICE NEW YORK NY
509 PM EDT FRI JUL 15 2016


...................................

...THE LAGUARDIA NY CLIMATE SUMMARY FOR JULY 15 2016...
VALID TODAY AS OF 0500 PM LOCAL TIME.

CLIMATE NORMAL PERIOD 1981 TO 2010
CLIMATE RECORD PERIOD 1939 TO 2016


WEATHER ITEM   OBSERVED TIME   RECORD YEAR NORMAL DEPARTURE LAST
                VALUE   (LST)  VALUE       VALUE  FROM      YEAR
                                                  NORMAL
..................................................................
TEMPERATURE (F)
 TODAY
  MAXIMUM         92        MM 103    1995  86      6       81
  MINIMUM         82        MM  62    1960  70     12       72
                                      1950
                                      1940
  AVERAGE         87                        78      9       77

PRECIPITATION (IN)
  TODAY            0.00          3.53 1997   0.16  -0.16     0.01
  MONTH TO DATE    2.30                      2.07   0.23     1.69
  SINCE JUN 1      4.54                      6.01  -1.47     6.49
  SINCE JAN 1     19.91                     23.70  -3.79    21.54

SNOWFALL (IN)
  TODAY            0.0          MM      MM   0.0    0.0      0.0
  MONTH TO DATE    0.0                       0.0    0.0      0.0
  SINCE OCT 1     36.2                      26.9    9.3     53.8
  SINCE JUL 1      0.0                       0.0    0.0      0.0
  SNOW DEPTH       0

DEGREE DAYS
 HEATING
  TODAY            0                         0      0        0
  MONTH TO DATE    0                         0      0        0
  SINCE JUN 1      2                        16    -14       34
  SINCE JUL 1      0                         0      0        0

 COOLING
  TODAY           22                        13      9       12
  MONTH TO DATE  204                       180     24      190
  SINCE JUN 1    474                       411     63      418
  SINCE JAN 1    593                       477    116      540
..................................................................


WIND (MPH)
  HIGHEST WIND SPEED    16   HIGHEST WIND DIRECTION     W (260)
  HIGHEST GUST SPEED    21   HIGHEST GUST DIRECTION     W (260)
  AVERAGE WIND SPEED     7.2


SKY COVER
  AVERAGE SKY COVER 0.5


WEATHER CONDITIONS
 THE FOLLOWING WEATHER WAS RECORDED TODAY.
  NO SIGNIFICANT WEATHER WAS OBSERVED.


RELATIVE HUMIDITY (PERCENT)
 HIGHEST    74           300 AM
 LOWEST     41           300 PM
 AVERAGE    58

..........................................................


THE LAGUARDIA NY CLIMATE NORMALS FOR TOMORROW
                         NORMAL    RECORD    YEAR
 MAXIMUM TEMPERATURE (F)   86        97      1980
 MINIMUM TEMPERATURE (F)   70        58      1946


SUNRISE AND SUNSET
JULY 15 2016..........SUNRISE   537 AM EDT   SUNSET   825 PM EDT
JULY 16 2016..........SUNRISE   538 AM EDT   SUNSET   825 PM EDT


-  INDICATES NEGATIVE NUMBERS.
R  INDICATES RECORD WAS SET OR TIED.
MM INDICATES DATA IS MISSING.
T  INDICATES TRACE AMOUNT.




$$
