000
CDUS41 KOKX 080647
CLILGA


CLIMATE REPORT
NATIONAL WEATHER SERVICE NEW YORK NY
147 AM EST WED MAR 8 2017


...................................

...THE LAGUARDIA NY CLIMATE SUMMARY FOR MARCH 7 2017...

CLIMATE NORMAL PERIOD 1981 TO 2010
CLIMATE RECORD PERIOD 1939 TO 2017


WEATHER ITEM   OBSERVED TIME   RECORD YEAR NORMAL DEPARTURE LAST
                VALUE   (LST)  VALUE       VALUE  FROM      YEAR
                                                  NORMAL
..................................................................
TEMPERATURE (F)
 YESTERDAY
  MAXIMUM         53    933 PM  69    2009  47      6       61
                                      1987
  MINIMUM         43    137 AM  14    2007  32     11       37
                                      1990
                                      1989
  AVERAGE         48                        40      8       49

PRECIPITATION (IN)
  YESTERDAY        0.10          1.90 1967   0.13  -0.03     0.00
  MONTH TO DATE    0.22                      0.83  -0.61     0.25
  SINCE MAR 1      0.22                      0.83  -0.61     0.25
  SINCE JAN 1      6.22                      6.76  -0.54     8.78

SNOWFALL (IN)
  YESTERDAY        0.0           2.7  1990   0.2   -0.2      0.0
  MONTH TO DATE    0.0                       1.5   -1.5      1.2
  SINCE OCT 1     23.4                      23.5   -0.1     35.6
  SINCE JUL 1     23.4                      23.5   -0.1     35.6
  SNOW DEPTH       0

DEGREE DAYS
 HEATING
  YESTERDAY       17                        26     -9       16
  MONTH TO DATE  167                       184    -17      172
  SINCE MAR 1    167                       184    -17      172
  SINCE JUL 1   2854                      3613   -759     2834

 COOLING
  YESTERDAY        0                         0      0        0
  MONTH TO DATE    0                         0      0        0
  SINCE MAR 1      0                         0      0        0
  SINCE JAN 1      0                         0      0        0
..................................................................


WIND (MPH)
  HIGHEST WIND SPEED    16   HIGHEST WIND DIRECTION     S (170)
  HIGHEST GUST SPEED    22   HIGHEST GUST DIRECTION     S (170)
  AVERAGE WIND SPEED     8.4


SKY COVER
  AVERAGE SKY COVER 1.0


WEATHER CONDITIONS
 THE FOLLOWING WEATHER WAS RECORDED YESTERDAY.
  LIGHT RAIN
  FOG


RELATIVE HUMIDITY (PERCENT)
 HIGHEST    86          1000 AM
 LOWEST     53          1200 AM
 AVERAGE    70

..........................................................


THE LAGUARDIA NY CLIMATE NORMALS FOR TODAY
                         NORMAL    RECORD    YEAR
 MAXIMUM TEMPERATURE (F)   47        74      1987
 MINIMUM TEMPERATURE (F)   32        14      1986


SUNRISE AND SUNSET
MARCH  8 2017.........SUNRISE   618 AM EST   SUNSET   555 PM EST
MARCH  9 2017.........SUNRISE   617 AM EST   SUNSET   556 PM EST


-  INDICATES NEGATIVE NUMBERS.
R  INDICATES RECORD WAS SET OR TIED.
MM INDICATES DATA IS MISSING.
T  INDICATES TRACE AMOUNT.




$$
