000
CDUS41 KOKX 032049
CLILGA


CLIMATE REPORT
NATIONAL WEATHER SERVICE NEW YORK NY
449 PM EDT MON JUL 3 2017


...................................

...THE LAGUARDIA NY CLIMATE SUMMARY FOR JULY 3 2017...
VALID TODAY AS OF 0400 PM LOCAL TIME.

CLIMATE NORMAL PERIOD 1981 TO 2010
CLIMATE RECORD PERIOD 1939 TO 2017


WEATHER ITEM   OBSERVED TIME   RECORD YEAR NORMAL DEPARTURE LAST
                VALUE   (LST)  VALUE       VALUE  FROM      YEAR
                                                  NORMAL
..................................................................
TEMPERATURE (F)
 TODAY
  MAXIMUM         90    215 PM 107    1966  85      5       82
  MINIMUM         77    316 AM  57    1969  68      9       69
  AVERAGE         84                        76      8       76

PRECIPITATION (IN)
  TODAY            0.00          1.77 1967   0.12  -0.12     0.00
  MONTH TO DATE    0.07                      0.37  -0.30     0.28
  SINCE JUN 1      4.45                      4.31   0.14     2.52
  SINCE JAN 1     25.22                     22.00   3.22    17.89

SNOWFALL (IN)
  TODAY            0.0          MM      MM   0.0    0.0      0.0
  MONTH TO DATE    0.0                       0.0    0.0      0.0
  SINCE OCT 1     33.2                      26.9    6.3     36.2
  SINCE JUL 1      0.0                       0.0    0.0      0.0
  SNOW DEPTH       0

DEGREE DAYS
 HEATING
  TODAY            0                         0      0        0
  MONTH TO DATE    0                         0      0        0
  SINCE JUN 1     16                        16      0        2
  SINCE JUL 1      0                         0      0        0

 COOLING
  TODAY           19                        11      8       11
  MONTH TO DATE   51                        33     18       30
  SINCE JUN 1    331                       264     67      300
  SINCE JAN 1    436                       330    106      419
..................................................................


WIND (MPH)
  HIGHEST WIND SPEED    18   HIGHEST WIND DIRECTION    NW (320)
  HIGHEST GUST SPEED    24   HIGHEST GUST DIRECTION    NW (300)
  AVERAGE WIND SPEED     8.2


SKY COVER
  AVERAGE SKY COVER 0.5


WEATHER CONDITIONS
 THE FOLLOWING WEATHER WAS RECORDED TODAY.
  NO SIGNIFICANT WEATHER WAS OBSERVED.


RELATIVE HUMIDITY (PERCENT)
 HIGHEST    69           100 AM
 LOWEST     38           100 PM
 AVERAGE    54

..........................................................


THE LAGUARDIA NY CLIMATE NORMALS FOR TOMORROW
                         NORMAL    RECORD    YEAR
 MAXIMUM TEMPERATURE (F)   85       100      1949
 MINIMUM TEMPERATURE (F)   69        57      1940


SUNRISE AND SUNSET
JULY  3 2017..........SUNRISE   529 AM EDT   SUNSET   830 PM EDT
JULY  4 2017..........SUNRISE   530 AM EDT   SUNSET   830 PM EDT


-  INDICATES NEGATIVE NUMBERS.
R  INDICATES RECORD WAS SET OR TIED.
MM INDICATES DATA IS MISSING.
T  INDICATES TRACE AMOUNT.




$$
