000
CDUS41 KOKX 112142
CLILGA


CLIMATE REPORT
NATIONAL WEATHER SERVICE NEW YORK NY
442 PM EST SUN FEB 11 2018


...................................

...THE LAGUARDIA NY CLIMATE SUMMARY FOR FEBRUARY 11 2018...
VALID TODAY AS OF 0400 PM LOCAL TIME.

CLIMATE NORMAL PERIOD 1981 TO 2010
CLIMATE RECORD PERIOD 1939 TO 2018


WEATHER ITEM   OBSERVED TIME   RECORD YEAR NORMAL DEPARTURE LAST
                VALUE   (LST)  VALUE       VALUE  FROM      YEAR
                                                  NORMAL
..................................................................
TEMPERATURE (F)
 TODAY
  MAXIMUM         52    328 PM  63    2009  41     11       49
  MINIMUM         42    114 PM   2    1979  28     14       31
  AVERAGE         47                        35     12       40

PRECIPITATION (IN)
  TODAY            1.13          1.32 1983   0.10   1.03     0.00
  MONTH TO DATE    3.75                      1.05   2.70     1.12
  SINCE DEC 1      7.93                      7.78   0.15     8.20
  SINCE JAN 1      5.87                      4.22   1.65     5.25

SNOWFALL (IN)
  TODAY            0.0          17.0  1983   0.3   -0.3      0.0
  MONTH TO DATE    0.6                       3.5   -2.9     10.0
  SINCE OCT 1     17.3                      16.4    0.9     23.1
  SINCE JUL 1     17.3                      16.4    0.9     23.1
  SNOW DEPTH       0

DEGREE DAYS
 HEATING
  TODAY           18                        30    -12       25
  MONTH TO DATE  320                       341    -21      297
  SINCE DEC 1   2238                      2165     73     1833
  SINCE JUL 1   2829                      2940   -111     2371

 COOLING
  TODAY            0                         0      0        0
  MONTH TO DATE    0                         0      0        0
  SINCE DEC 1      0                         0      0        0
  SINCE JAN 1      0                         0      0        0
..................................................................


WIND (MPH)
  HIGHEST WIND SPEED    14   HIGHEST WIND DIRECTION     S (170)
  HIGHEST GUST SPEED    20   HIGHEST GUST DIRECTION     S (190)
  AVERAGE WIND SPEED     4.9


SKY COVER
  AVERAGE SKY COVER 1.0


WEATHER CONDITIONS
 THE FOLLOWING WEATHER WAS RECORDED TODAY.
  HEAVY RAIN
  RAIN
  LIGHT RAIN
  FOG
  FOG W/VISIBILITY <= 1/4 MILE


RELATIVE HUMIDITY (PERCENT)
 HIGHEST   100           400 AM
 LOWEST     92           100 AM
 AVERAGE    96

..........................................................


THE LAGUARDIA NY CLIMATE NORMALS FOR TOMORROW
                         NORMAL    RECORD    YEAR
 MAXIMUM TEMPERATURE (F)   42        58      1984
 MINIMUM TEMPERATURE (F)   28         4      1979


SUNRISE AND SUNSET
FEBRUARY 11 2018......SUNRISE   655 AM EST   SUNSET   525 PM EST
FEBRUARY 12 2018......SUNRISE   653 AM EST   SUNSET   527 PM EST


-  INDICATES NEGATIVE NUMBERS.
R  INDICATES RECORD WAS SET OR TIED.
MM INDICATES DATA IS MISSING.
T  INDICATES TRACE AMOUNT.




$$
