000
CDUS41 KOKX 280617
CLILGA


CLIMATE REPORT
NATIONAL WEATHER SERVICE NEW YORK NY
216 AM EDT FRI MAR 28 2014


...................................

...THE LAGUARDIA NY CLIMATE SUMMARY FOR MARCH 27 2014...

CLIMATE NORMAL PERIOD 1981 TO 2010
CLIMATE RECORD PERIOD 1948 TO 2014


WEATHER ITEM   OBSERVED TIME   RECORD YEAR NORMAL DEPARTURE LAST
                VALUE   (LST)  VALUE       VALUE  FROM      YEAR
                                                  NORMAL
..................................................................
TEMPERATURE (F)
 YESTERDAY
  MAXIMUM         42    328 PM  83    1998  54    -12       52
  MINIMUM         23R   611 AM  24    1975  38    -15       38
  AVERAGE         33                        46    -13       45

PRECIPITATION (IN)
  YESTERDAY        0.00          1.20 1983   0.14  -0.14     0.00
  MONTH TO DATE    1.35                      3.43  -2.08     2.29
  SINCE MAR 1      1.35                      3.43  -2.08     2.29
  SINCE JAN 1      8.64                      9.36  -0.72     8.13

SNOWFALL (IN)
  YESTERDAY        0.0           0.9  1959   0.1   -0.1      0.0
  MONTH TO DATE    0.4                       4.1   -3.7      6.1
  SINCE OCT 1     52.1                      26.1   26.0     22.2
  SINCE JUL 1     52.1                      26.1   26.0     22.2
  SNOW DEPTH       0

DEGREE DAYS
 HEATING
  YESTERDAY       32                        19     13       20
  MONTH TO DATE  783                       632    151      683
  SINCE MAR 1    783                       632    151      683
  SINCE JUL 1   4440                      4061    379     3878

 COOLING
  YESTERDAY        0                         0      0        0
  MONTH TO DATE    0                         0      0        0
  SINCE MAR 1      0                         0      0        0
  SINCE JAN 1      0                         0      0        0
..................................................................


WIND (MPH)
  HIGHEST WIND SPEED    26   HIGHEST WIND DIRECTION    NW (310)
  HIGHEST GUST SPEED    31   HIGHEST GUST DIRECTION    NW (320)
  AVERAGE WIND SPEED    11.7


SKY COVER
  AVERAGE SKY COVER 0.4


WEATHER CONDITIONS
 THE FOLLOWING WEATHER WAS RECORDED YESTERDAY.
  NO SIGNIFICANT WEATHER WAS OBSERVED.


RELATIVE HUMIDITY (PERCENT)
 HIGHEST    50           600 AM
 LOWEST     20           200 PM
 AVERAGE    35

..........................................................


THE LAGUARDIA NY CLIMATE NORMALS FOR TODAY
                         NORMAL    RECORD    YEAR
 MAXIMUM TEMPERATURE (F)   54        83      1945
 MINIMUM TEMPERATURE (F)   38        23      1982


SUNRISE AND SUNSET
MARCH 28 2014.........SUNRISE   646 AM EDT   SUNSET   716 PM EDT
MARCH 29 2014.........SUNRISE   644 AM EDT   SUNSET   717 PM EDT


-  INDICATES NEGATIVE NUMBERS.
R  INDICATES RECORD WAS SET OR TIED.
MM INDICATES DATA IS MISSING.
T  INDICATES TRACE AMOUNT.




$$
