000
CDUS41 KOKX 130616
CLILGA


CLIMATE REPORT
NATIONAL WEATHER SERVICE NEW YORK NY
116 AM EST THU NOV 13 2014


...................................

...THE LAGUARDIA NY CLIMATE SUMMARY FOR NOVEMBER 12 2014...

CLIMATE NORMAL PERIOD 1981 TO 2010
CLIMATE RECORD PERIOD 1945 TO 2014


WEATHER ITEM   OBSERVED TIME   RECORD YEAR NORMAL DEPARTURE LAST
                VALUE   (LST)  VALUE       VALUE  FROM      YEAR
                                                  NORMAL
..................................................................
TEMPERATURE (F)
 YESTERDAY
  MAXIMUM         66    146 PM  67    1964  56     10       52
                                      1956
  MINIMUM         46   1159 PM  24    1943  43      3       32
  AVERAGE         56                        50      6       42

PRECIPITATION (IN)
  YESTERDAY        T             1.74 1975   0.11  -0.11     0.03
  MONTH TO DATE    0.52                      1.32  -0.80     0.17
  SINCE SEP 1      5.65                      8.83  -3.18     3.89
  SINCE JAN 1     40.71                     39.08   1.63    31.23

SNOWFALL (IN)
  YESTERDAY        0.0          MM      MM   0.0    0.0       T
  MONTH TO DATE    0.0                       0.0    0.0       T
  SINCE OCT 1      0.0                       0.0    0.0       T
  SINCE JUL 1      0.0                       0.0    0.0       T
  SNOW DEPTH       0

DEGREE DAYS
 HEATING
  YESTERDAY        9                        16     -7       23
  MONTH TO DATE  154                       167    -13      175
  SINCE SEP 1    330                       438   -108      377
  SINCE JUL 1    330                       439   -109      377

 COOLING
  YESTERDAY        0                         0      0        0
  MONTH TO DATE    0                         0      0        0
  SINCE SEP 1    205                       180     25      183
  SINCE JAN 1   1192                      1213    -21     1402
..................................................................


WIND (MPH)
  HIGHEST WIND SPEED    22   HIGHEST WIND DIRECTION    NW (320)
  HIGHEST GUST SPEED    28   HIGHEST GUST DIRECTION    NW (320)
  AVERAGE WIND SPEED     7.5


SKY COVER
  AVERAGE SKY COVER 0.7


WEATHER CONDITIONS
 THE FOLLOWING WEATHER WAS RECORDED YESTERDAY.
  LIGHT RAIN
  FOG
  FOG W/VISIBILITY <= 1/4 MILE
  HAZE


RELATIVE HUMIDITY (PERCENT)
 HIGHEST   100          1200 AM
 LOWEST     51           600 PM
 AVERAGE    76

..........................................................


THE LAGUARDIA NY CLIMATE NORMALS FOR TODAY
                         NORMAL    RECORD    YEAR
 MAXIMUM TEMPERATURE (F)   56        70      1964
 MINIMUM TEMPERATURE (F)   43        26      1986


SUNRISE AND SUNSET
NOVEMBER 13 2014......SUNRISE   640 AM EST   SUNSET   439 PM EST
NOVEMBER 14 2014......SUNRISE   641 AM EST   SUNSET   438 PM EST


-  INDICATES NEGATIVE NUMBERS.
R  INDICATES RECORD WAS SET OR TIED.
MM INDICATES DATA IS MISSING.
T  INDICATES TRACE AMOUNT.




$$
