000
CDUS41 KOKX 160617
CLILGA


CLIMATE REPORT
NATIONAL WEATHER SERVICE NEW YORK NY
117 AM EST FRI JAN 16 2015


...................................

...THE LAGUARDIA NY CLIMATE SUMMARY FOR JANUARY 15 2015...

CLIMATE NORMAL PERIOD 1981 TO 2010
CLIMATE RECORD PERIOD 1945 TO 2015


WEATHER ITEM   OBSERVED TIME   RECORD YEAR NORMAL DEPARTURE LAST
                VALUE   (LST)  VALUE       VALUE  FROM      YEAR
                                                  NORMAL
..................................................................
TEMPERATURE (F)
 YESTERDAY
  MAXIMUM         34    424 PM  62    1995  39     -5       46
  MINIMUM         25    837 AM   0    1957  26     -1       36
  AVERAGE         30                        33     -3       41

PRECIPITATION (IN)
  YESTERDAY        0.00          0.88 1999   0.11  -0.11     0.00
  MONTH TO DATE    1.54                      1.57  -0.03     1.89
  SINCE DEC 1      7.74                      5.13   2.61     6.35
  SINCE JAN 1      1.54                      1.57  -0.03     1.89

SNOWFALL (IN)
  YESTERDAY        0.0           4.6  2004   0.2   -0.2      0.0
  MONTH TO DATE    2.8                       3.6   -0.8      8.0
  SINCE OCT 1      4.5                       9.1   -4.6     15.8
  SINCE JUL 1      4.5                       9.1   -4.6     15.8
  SNOW DEPTH       0

DEGREE DAYS
 HEATING
  YESTERDAY       35                        32      3       24
  MONTH TO DATE  535                       476     59      500
  SINCE DEC 1   1284                      1307    -23     1325
  SINCE JUL 1   2038                      2082    -44     2107

 COOLING
  YESTERDAY        0                         0      0        0
  MONTH TO DATE    0                         0      0        0
  SINCE DEC 1      0                         0      0        0
  SINCE JAN 1      0                         0      0        0
..................................................................


WIND (MPH)
  HIGHEST WIND SPEED    17   HIGHEST WIND DIRECTION     W (260)
  HIGHEST GUST SPEED    23   HIGHEST GUST DIRECTION    NW (310)
  AVERAGE WIND SPEED     9.5


SKY COVER
  AVERAGE SKY COVER 0.5


WEATHER CONDITIONS
 THE FOLLOWING WEATHER WAS RECORDED YESTERDAY.
  NO SIGNIFICANT WEATHER WAS OBSERVED.


RELATIVE HUMIDITY (PERCENT)
 HIGHEST    75          1200 AM
 LOWEST     43           300 PM
 AVERAGE    59

..........................................................


THE LAGUARDIA NY CLIMATE NORMALS FOR TODAY
                         NORMAL    RECORD    YEAR
 MAXIMUM TEMPERATURE (F)   39        59      1953
 MINIMUM TEMPERATURE (F)   26         2      1994


SUNRISE AND SUNSET
JANUARY 16 2015.......SUNRISE   717 AM EST   SUNSET   454 PM EST
JANUARY 17 2015.......SUNRISE   717 AM EST   SUNSET   455 PM EST


-  INDICATES NEGATIVE NUMBERS.
R  INDICATES RECORD WAS SET OR TIED.
MM INDICATES DATA IS MISSING.
T  INDICATES TRACE AMOUNT.




$$
