000
CDUS41 KOKX 112034
CLILGA


CLIMATE REPORT
NATIONAL WEATHER SERVICE NEW YORK NY
434 PM EDT SAT OCT 11 2014


...................................

...THE LAGUARDIA NY CLIMATE SUMMARY FOR OCTOBER 11 2014...
VALID TODAY AS OF 0400 PM LOCAL TIME.

CLIMATE NORMAL PERIOD 1981 TO 2010
CLIMATE RECORD PERIOD 1945 TO 2014


WEATHER ITEM   OBSERVED TIME   RECORD YEAR NORMAL DEPARTURE LAST
                VALUE   (LST)  VALUE       VALUE  FROM      YEAR
                                                  NORMAL
..................................................................
TEMPERATURE (F)
 TODAY
  MAXIMUM         60    101 AM  86    1955  67     -7       69
  MINIMUM         52    841 AM  36    1964  53     -1       61
  AVERAGE         56                        60     -4       65

PRECIPITATION (IN)
  TODAY            0.33          2.59 2002   0.13   0.20      T
  MONTH TO DATE    1.44                      1.38   0.06     0.37
  SINCE SEP 1      2.68                      5.11  -2.43     3.66
  SINCE JAN 1     37.74                     35.36   2.38    31.00

SNOWFALL (IN)
  TODAY            0.0          MM      MM   0.0    0.0      0.0
  MONTH TO DATE    0.0                       0.0    0.0      0.0
  SINCE OCT 1      0.0                       0.0    0.0      0.0
  SINCE JUL 1      0.0                       0.0    0.0      0.0
  SNOW DEPTH       0

DEGREE DAYS
 HEATING
  TODAY            9                         6      3        0
  MONTH TO DATE   39                        54    -15       15
  SINCE SEP 1     52                        88    -36       46
  SINCE JUL 1     52                        89    -37       46

 COOLING
  TODAY            0                         1     -1        0
  MONTH TO DATE    7                        16     -9       48
  SINCE SEP 1    188                       173     15      180
  SINCE JAN 1   1175                      1206    -31     1399
..................................................................


WIND (MPH)
  HIGHEST WIND SPEED    18   HIGHEST WIND DIRECTION    NE (50)
  HIGHEST GUST SPEED    22   HIGHEST GUST DIRECTION    NE (40)
  AVERAGE WIND SPEED     9.8


SKY COVER
  AVERAGE SKY COVER 1.0


WEATHER CONDITIONS
 THE FOLLOWING WEATHER WAS RECORDED TODAY.
  RAIN
  LIGHT RAIN
  FOG


RELATIVE HUMIDITY (PERCENT)
 HIGHEST    96           800 AM
 LOWEST     51          1200 AM
 AVERAGE    74

..........................................................


THE LAGUARDIA NY CLIMATE NORMALS FOR TOMORROW
                         NORMAL    RECORD    YEAR
 MAXIMUM TEMPERATURE (F)   67        86      1954
 MINIMUM TEMPERATURE (F)   52        41      1964


SUNRISE AND SUNSET
OCTOBER 11 2014.......SUNRISE   702 AM EDT   SUNSET   622 PM EDT
OCTOBER 12 2014.......SUNRISE   704 AM EDT   SUNSET   620 PM EDT


-  INDICATES NEGATIVE NUMBERS.
R  INDICATES RECORD WAS SET OR TIED.
MM INDICATES DATA IS MISSING.
T  INDICATES TRACE AMOUNT.




$$
