000
CDUS41 KOKX 170620
CLILGA


CLIMATE REPORT
NATIONAL WEATHER SERVICE NEW YORK NY
220 AM EDT SUN AUG 17 2014


...................................

...THE LAGUARDIA NY CLIMATE SUMMARY FOR AUGUST 16 2014...

CLIMATE NORMAL PERIOD 1981 TO 2010
CLIMATE RECORD PERIOD 1945 TO 2014


WEATHER ITEM   OBSERVED TIME   RECORD YEAR NORMAL DEPARTURE LAST
                VALUE   (LST)  VALUE       VALUE  FROM      YEAR
                                                  NORMAL
..................................................................
TEMPERATURE (F)
 YESTERDAY
  MAXIMUM         79    520 PM  96    1997  84     -5       81
  MINIMUM         66    620 AM  58    1979  69     -3       67
  AVERAGE         73                        77     -4       74

PRECIPITATION (IN)
  YESTERDAY        0.00          1.39 1952   0.14  -0.14     0.00
  MONTH TO DATE    1.39                      2.25  -0.86     1.62
  SINCE JUN 1      9.07                     10.69  -1.62    12.58
  SINCE JAN 1     32.95                     28.38   4.57    26.99

SNOWFALL (IN)
  YESTERDAY        0.0          MM      MM   0.0    0.0      0.0
  MONTH TO DATE    0.0                       0.0    0.0      0.0
  SINCE OCT 1     52.4                      26.9   25.5     22.2
  SINCE JUL 1      0.0                       0.0    0.0      0.0
  SNOW DEPTH       0

DEGREE DAYS
 HEATING
  YESTERDAY        0                         0      0        0
  MONTH TO DATE    0                         0      0        0
  SINCE JUN 1      0                        16    -16        4
  SINCE JUL 1      0                         0      0        0

 COOLING
  YESTERDAY        8                        12     -4        9
  MONTH TO DATE  171                       196    -25      163
  SINCE JUN 1    785                       812    -27      953
  SINCE JAN 1    835                       878    -43     1041
..................................................................


WIND (MPH)
  HIGHEST WIND SPEED    20   HIGHEST WIND DIRECTION     S (200)
  HIGHEST GUST SPEED    24   HIGHEST GUST DIRECTION     S (200)
  AVERAGE WIND SPEED     8.0


SKY COVER
  AVERAGE SKY COVER 0.6


WEATHER CONDITIONS
 THE FOLLOWING WEATHER WAS RECORDED YESTERDAY.
  NO SIGNIFICANT WEATHER WAS OBSERVED.


RELATIVE HUMIDITY (PERCENT)
 HIGHEST    64           900 PM
 LOWEST     33          1200 PM
 AVERAGE    49

..........................................................


THE LAGUARDIA NY CLIMATE NORMALS FOR TODAY
                         NORMAL    RECORD    YEAR
 MAXIMUM TEMPERATURE (F)   84        94      1944
 MINIMUM TEMPERATURE (F)   69        58      1979


SUNRISE AND SUNSET
AUGUST 17 2014........SUNRISE   608 AM EDT   SUNSET   751 PM EDT
AUGUST 18 2014........SUNRISE   609 AM EDT   SUNSET   749 PM EDT


-  INDICATES NEGATIVE NUMBERS.
R  INDICATES RECORD WAS SET OR TIED.
MM INDICATES DATA IS MISSING.
T  INDICATES TRACE AMOUNT.




$$
