000
CDUS41 KOKX 060618
CLILGA


CLIMATE REPORT
NATIONAL WEATHER SERVICE NEW YORK NY
118 AM EST SAT JAN 6 2018


...................................

...THE LAGUARDIA NY CLIMATE SUMMARY FOR JANUARY 5 2018...

CLIMATE NORMAL PERIOD 1981 TO 2010
CLIMATE RECORD PERIOD 1939 TO 2018


WEATHER ITEM   OBSERVED TIME   RECORD YEAR NORMAL DEPARTURE LAST
                VALUE   (LST)  VALUE       VALUE  FROM      YEAR
                                                  NORMAL
..................................................................
TEMPERATURE (F)
 YESTERDAY
  MAXIMUM         20   1228 AM  64    1950  40    -20       36
  MINIMUM         10    803 AM   9    1968  27    -17       28
  AVERAGE         15                        33    -18       32

PRECIPITATION (IN)
  YESTERDAY        0.00          1.25 1993   0.10  -0.10     0.00
  MONTH TO DATE    0.51                      0.51   0.00     0.63
  SINCE DEC 1      2.57                      4.07  -1.50     3.58
  SINCE JAN 1      0.51                      0.51   0.00     0.63

SNOWFALL (IN)
  YESTERDAY        0.0           2.2  1985   0.3   -0.3      0.0
                                      1980
  MONTH TO DATE    7.4                       1.2    6.2       T
  SINCE OCT 1     15.4                       6.7    8.7      3.0
  SINCE JUL 1     15.4                       6.7    8.7      3.0
  SNOW DEPTH       7

DEGREE DAYS
 HEATING
  YESTERDAY       50                        32     18       33
  MONTH TO DATE  227                       156     71      120
  SINCE DEC 1   1112                       987    125      878
  SINCE JUL 1   1703                      1762    -59     1416

 COOLING
  YESTERDAY        0                         0      0        0
  MONTH TO DATE    0                         0      0        0
  SINCE DEC 1      0                         0      0        0
  SINCE JAN 1      0                         0      0        0
..................................................................


WIND (MPH)
  HIGHEST WIND SPEED    35   HIGHEST WIND DIRECTION     W (290)
  HIGHEST GUST SPEED    45   HIGHEST GUST DIRECTION     W (280)
  AVERAGE WIND SPEED    24.8


SKY COVER
  AVERAGE SKY COVER 0.2


WEATHER CONDITIONS
 THE FOLLOWING WEATHER WAS RECORDED YESTERDAY.
  NO SIGNIFICANT WEATHER WAS OBSERVED.


RELATIVE HUMIDITY (PERCENT)
 HIGHEST    58           400 AM
 LOWEST     36           800 PM
 AVERAGE    47

..........................................................


THE LAGUARDIA NY CLIMATE NORMALS FOR TODAY
                         NORMAL    RECORD    YEAR
 MAXIMUM TEMPERATURE (F)   40        72      2007
 MINIMUM TEMPERATURE (F)   27         8      1996


SUNRISE AND SUNSET
JANUARY  6 2018.......SUNRISE   720 AM EST   SUNSET   443 PM EST
JANUARY  7 2018.......SUNRISE   720 AM EST   SUNSET   444 PM EST


-  INDICATES NEGATIVE NUMBERS.
R  INDICATES RECORD WAS SET OR TIED.
MM INDICATES DATA IS MISSING.
T  INDICATES TRACE AMOUNT.




$$
