000
CDUS41 KOKX 022036
CLILGA


CLIMATE REPORT
NATIONAL WEATHER SERVICE NEW YORK NY
436 PM EDT SAT SEP 2 2017


...................................

...THE LAGUARDIA NY CLIMATE SUMMARY FOR SEPTEMBER 2 2017...
VALID TODAY AS OF 0400 PM LOCAL TIME.

CLIMATE NORMAL PERIOD 1981 TO 2010
CLIMATE RECORD PERIOD 1939 TO 2017


WEATHER ITEM   OBSERVED TIME   RECORD YEAR NORMAL DEPARTURE LAST
                VALUE   (LST)  VALUE       VALUE  FROM      YEAR
                                                  NORMAL
..................................................................
TEMPERATURE (F)
 TODAY
  MAXIMUM         68   1242 PM 102    1953  81    -13       83
  MINIMUM         56R   607 AM  56    1967  66    -10       68
  AVERAGE         62                        74    -12       76

PRECIPITATION (IN)
  TODAY            0.00          2.88 2002   0.12  -0.12     0.00
  MONTH TO DATE    0.00                      0.23  -0.23     0.34
  SINCE SEP 1      0.00                      0.23  -0.23     0.34
  SINCE JAN 1     32.99                     30.48   2.51    24.06

SNOWFALL (IN)
  TODAY            0.0          MM      MM   0.0    0.0      0.0
  MONTH TO DATE    0.0                       0.0    0.0      0.0
  SINCE OCT 1     33.2                      26.9    6.3     36.2
  SINCE JUL 1      0.0                       0.0    0.0      0.0
  SNOW DEPTH       0

DEGREE DAYS
 HEATING
  TODAY            3                         0      3        0
  MONTH TO DATE    4                         0      4        0
  SINCE SEP 1      4                         0      4        0
  SINCE JUL 1      4                         1      3        0

 COOLING
  TODAY            0                         9     -9       11
  MONTH TO DATE    0                        18    -18       23
  SINCE SEP 1      0                        18    -18       23
  SINCE JAN 1   1131                      1051     80     1440
..................................................................


WIND (MPH)
  HIGHEST WIND SPEED    14   HIGHEST WIND DIRECTION    NE (50)
  HIGHEST GUST SPEED    19   HIGHEST GUST DIRECTION    NE (50)
  AVERAGE WIND SPEED     8.5


SKY COVER
  AVERAGE SKY COVER 0.7


WEATHER CONDITIONS
 THE FOLLOWING WEATHER WAS RECORDED TODAY.
  NO SIGNIFICANT WEATHER WAS OBSERVED.


RELATIVE HUMIDITY (PERCENT)
 HIGHEST    69           800 AM
 LOWEST     48          1200 AM
 AVERAGE    59

..........................................................


THE LAGUARDIA NY CLIMATE NORMALS FOR TOMORROW
                         NORMAL    RECORD    YEAR
 MAXIMUM TEMPERATURE (F)   80        95      1993
 MINIMUM TEMPERATURE (F)   66        54      1967


SUNRISE AND SUNSET
SEPTEMBER  2 2017.....SUNRISE   624 AM EDT   SUNSET   726 PM EDT
SEPTEMBER  3 2017.....SUNRISE   625 AM EDT   SUNSET   724 PM EDT


-  INDICATES NEGATIVE NUMBERS.
R  INDICATES RECORD WAS SET OR TIED.
MM INDICATES DATA IS MISSING.
T  INDICATES TRACE AMOUNT.




$$
