000
CDUS41 KOKX 072131
CLILGA


CLIMATE REPORT
NATIONAL WEATHER SERVICE NEW YORK NY
431 PM EST TUE NOV 7 2017


...................................

...THE LAGUARDIA NY CLIMATE SUMMARY FOR NOVEMBER 7 2017...
VALID TODAY AS OF 0400 PM LOCAL TIME.

CLIMATE NORMAL PERIOD 1981 TO 2010
CLIMATE RECORD PERIOD 1939 TO 2017


WEATHER ITEM   OBSERVED TIME   RECORD YEAR NORMAL DEPARTURE LAST
                VALUE   (LST)  VALUE       VALUE  FROM      YEAR
                                                  NORMAL
..................................................................
TEMPERATURE (F)
 TODAY
  MAXIMUM         51   1130 AM  72    2015  58     -7       58
  MINIMUM         44    716 AM  32    1962  44      0       43
  AVERAGE         48                        51     -3       51

PRECIPITATION (IN)
  TODAY            T             3.07 1963   0.11  -0.11     0.00
  MONTH TO DATE    0.10                      0.79  -0.69     0.00
  SINCE SEP 1      5.72                      8.30  -2.58     7.35
  SINCE JAN 1     38.71                     38.55   0.16    31.07

SNOWFALL (IN)
  TODAY            0.0           1.1  2012   0.0    0.0      0.0
  MONTH TO DATE    0.0                       0.0    0.0      0.0
  SINCE OCT 1      0.0                       0.0    0.0      0.0
  SINCE JUL 1      0.0                       0.0    0.0      0.0
  SNOW DEPTH       0

DEGREE DAYS
 HEATING
  TODAY           17                        14      3       14
  MONTH TO DATE   59                        92    -33       55
  SINCE SEP 1    144                       363   -219      220
  SINCE JUL 1    144                       364   -220      220

 COOLING
  TODAY            0                         0      0        0
  MONTH TO DATE    0                         0      0        2
  SINCE SEP 1    308                       180    128      328
  SINCE JAN 1   1439                      1213    226     1745
..................................................................


WIND (MPH)
  HIGHEST WIND SPEED    17   HIGHEST WIND DIRECTION     N (20)
  HIGHEST GUST SPEED    23   HIGHEST GUST DIRECTION    NE (30)
  AVERAGE WIND SPEED    10.7


SKY COVER
  AVERAGE SKY COVER 0.5


WEATHER CONDITIONS
 THE FOLLOWING WEATHER WAS RECORDED TODAY.
  LIGHT RAIN


RELATIVE HUMIDITY (PERCENT)
 HIGHEST    70           400 AM
 LOWEST     52          1100 AM
 AVERAGE    61

..........................................................


THE LAGUARDIA NY CLIMATE NORMALS FOR TOMORROW
                         NORMAL    RECORD    YEAR
 MAXIMUM TEMPERATURE (F)   57        74      1975
 MINIMUM TEMPERATURE (F)   44        31      1976
                                             1971


SUNRISE AND SUNSET
NOVEMBER  7 2017......SUNRISE   633 AM EST   SUNSET   445 PM EST
NOVEMBER  8 2017......SUNRISE   634 AM EST   SUNSET   444 PM EST


-  INDICATES NEGATIVE NUMBERS.
R  INDICATES RECORD WAS SET OR TIED.
MM INDICATES DATA IS MISSING.
T  INDICATES TRACE AMOUNT.




$$
