000
CDUS41 KOKX 302036
CLILGA


CLIMATE REPORT
NATIONAL WEATHER SERVICE NEW YORK NY
435 PM EDT THU JUN 30 2016


...................................

...THE LAGUARDIA NY CLIMATE SUMMARY FOR JUNE 30 2016...
VALID TODAY AS OF 0400 PM LOCAL TIME.

CLIMATE NORMAL PERIOD 1981 TO 2010
CLIMATE RECORD PERIOD 1939 TO 2016


WEATHER ITEM   OBSERVED TIME   RECORD YEAR NORMAL DEPARTURE LAST
                VALUE   (LST)  VALUE       VALUE  FROM      YEAR
                                                  NORMAL
..................................................................
TEMPERATURE (F)
 TODAY
  MAXIMUM         87    259 PM  97    1964  84      3       82
                                      1945
  MINIMUM         70    504 AM  57    1996  68      2       67
  AVERAGE         79                        76      3       75

PRECIPITATION (IN)
  TODAY            0.00          3.73 1984   0.12  -0.12      T
  MONTH TO DATE    2.24                      3.94  -1.70     4.80
  SINCE JUN 1      2.24                      3.94  -1.70     4.80
  SINCE JAN 1     17.61                     21.63  -4.02    19.85

SNOWFALL (IN)
  TODAY            0.0          MM      MM   0.0    0.0      0.0
  MONTH TO DATE    0.0                       0.0    0.0      0.0
  SINCE OCT 1     36.2                      26.9    9.3     53.8
  SINCE JUL 1     36.2                      26.9    9.3     53.8
  SNOW DEPTH       0

DEGREE DAYS
 HEATING
  TODAY            0                         0      0        0
  MONTH TO DATE    2                        15    -13       34
  SINCE JUN 1      2                        16    -14       34
  SINCE JUL 1   3654                      4664  -1010     4984

 COOLING
  TODAY           14                        11      3       10
  MONTH TO DATE  270                       231     39      228
  SINCE JUN 1    270                       231     39      228
  SINCE JAN 1    389                       297     92      350
..................................................................


WIND (MPH)
  HIGHEST WIND SPEED    13   HIGHEST WIND DIRECTION    SW (240)
  HIGHEST GUST SPEED    17   HIGHEST GUST DIRECTION     W (250)
  AVERAGE WIND SPEED     6.0


SKY COVER
  AVERAGE SKY COVER 0.2


WEATHER CONDITIONS
 THE FOLLOWING WEATHER WAS RECORDED TODAY.
  NO SIGNIFICANT WEATHER WAS OBSERVED.


RELATIVE HUMIDITY (PERCENT)
 HIGHEST    66           200 AM
 LOWEST     29           300 PM
 AVERAGE    48

..........................................................


THE LAGUARDIA NY CLIMATE NORMALS FOR TOMORROW
                         NORMAL    RECORD    YEAR
 MAXIMUM TEMPERATURE (F)   84        97      2012
                                             1964
                                             1963
 MINIMUM TEMPERATURE (F)   68        56      1988
                                             1943


SUNRISE AND SUNSET
JUNE 30 2016..........SUNRISE   528 AM EDT   SUNSET   831 PM EDT
JULY  1 2016..........SUNRISE   528 AM EDT   SUNSET   831 PM EDT


-  INDICATES NEGATIVE NUMBERS.
R  INDICATES RECORD WAS SET OR TIED.
MM INDICATES DATA IS MISSING.
T  INDICATES TRACE AMOUNT.




$$
