000
CDUS41 KOKX 220620
CLILGA


CLIMATE REPORT
NATIONAL WEATHER SERVICE NEW YORK NY
119 AM EST SUN FEB 22 2015


...................................

...THE LAGUARDIA NY CLIMATE SUMMARY FOR FEBRUARY 21 2015...

CLIMATE NORMAL PERIOD 1981 TO 2010
CLIMATE RECORD PERIOD 1945 TO 2015


WEATHER ITEM   OBSERVED TIME   RECORD YEAR NORMAL DEPARTURE LAST
                VALUE   (LST)  VALUE       VALUE  FROM      YEAR
                                                  NORMAL
..................................................................
TEMPERATURE (F)
 YESTERDAY
  MAXIMUM         32   1159 PM  68    1953  43    -11       48
  MINIMUM         14    342 AM   6    1968  29    -15       34
                                      1950
  AVERAGE         23                        36    -13       41

PRECIPITATION (IN)
  YESTERDAY        0.59          1.65 1951   0.10   0.49     0.11
  MONTH TO DATE    1.98                      2.01  -0.03     4.92
  SINCE DEC 1     13.16                      8.74   4.42    11.74
  SINCE JAN 1      6.96                      5.18   1.78     7.28

SNOWFALL (IN)
  YESTERDAY        3.6           4.3  2005   0.3    3.3      0.0
  MONTH TO DATE   14.6                       7.0    7.6     27.0
  SINCE OCT 1     36.0                      19.9   16.1     51.5
  SINCE JUL 1     36.0                      19.9   16.1     51.5
  SNOW DEPTH       5

DEGREE DAYS
 HEATING
  YESTERDAY       42                        29     13       24
  MONTH TO DATE  862                       636    226      706
  SINCE DEC 1   2694                      2460    234     2647
  SINCE JUL 1   3448                      3235    213     3429

 COOLING
  YESTERDAY        0                         0      0        0
  MONTH TO DATE    0                         0      0        0
  SINCE DEC 1      0                         0      0        0
  SINCE JAN 1      0                         0      0        0
..................................................................


WIND (MPH)
  HIGHEST WIND SPEED    18   HIGHEST WIND DIRECTION     S (180)
  HIGHEST GUST SPEED    24   HIGHEST GUST DIRECTION     S (170)
  AVERAGE WIND SPEED     8.6


SKY COVER
  AVERAGE SKY COVER 0.7


WEATHER CONDITIONS
 THE FOLLOWING WEATHER WAS RECORDED YESTERDAY.
  LT FREEZING RAIN
  SNOW
  LIGHT SNOW
  SLEET
  FOG


RELATIVE HUMIDITY (PERCENT)
 HIGHEST    92           500 PM
 LOWEST     35           900 AM
 AVERAGE    64

..........................................................


THE LAGUARDIA NY CLIMATE NORMALS FOR TODAY
                         NORMAL    RECORD    YEAR
 MAXIMUM TEMPERATURE (F)   44        70      1997
 MINIMUM TEMPERATURE (F)   30         9      1963


SUNRISE AND SUNSET
FEBRUARY 22 2015......SUNRISE   640 AM EST   SUNSET   538 PM EST
FEBRUARY 23 2015......SUNRISE   639 AM EST   SUNSET   540 PM EST


-  INDICATES NEGATIVE NUMBERS.
R  INDICATES RECORD WAS SET OR TIED.
MM INDICATES DATA IS MISSING.
T  INDICATES TRACE AMOUNT.




$$
