000
CDUS41 KOKX 300620
CLILGA


CLIMATE REPORT
NATIONAL WEATHER SERVICE NEW YORK NY
219 AM EDT SUN MAR 30 2014


...................................

...THE LAGUARDIA NY CLIMATE SUMMARY FOR MARCH 29 2014...

CLIMATE NORMAL PERIOD 1981 TO 2010
CLIMATE RECORD PERIOD 1948 TO 2014


WEATHER ITEM   OBSERVED TIME   RECORD YEAR NORMAL DEPARTURE LAST
                VALUE   (LST)  VALUE       VALUE  FROM      YEAR
                                                  NORMAL
..................................................................
TEMPERATURE (F)
 YESTERDAY
  MAXIMUM         55   1254 AM  86    1945  54      1       55
  MINIMUM         41    502 PM  25    1959  39      2       42
  AVERAGE         48                        46      2       49

PRECIPITATION (IN)
  YESTERDAY        1.79          1.90 2010   0.14   1.65     0.00
  MONTH TO DATE    3.17                      3.70  -0.53     2.29
  SINCE MAR 1      3.17                      3.70  -0.53     2.29
  SINCE JAN 1     10.46                      9.63   0.83     8.13

SNOWFALL (IN)
  YESTERDAY        0.0           3.5  1970   0.1   -0.1      0.0
  MONTH TO DATE    0.4                       4.3   -3.9      6.1
  SINCE OCT 1     52.1                      26.3   25.8     22.2
  SINCE JUL 1     52.1                      26.3   25.8     22.2
  SNOW DEPTH       0

DEGREE DAYS
 HEATING
  YESTERDAY       17                        19     -2       16
  MONTH TO DATE  816                       670    146      720
  SINCE MAR 1    816                       670    146      720
  SINCE JUL 1   4473                      4099    374     3915

 COOLING
  YESTERDAY        0                         0      0        0
  MONTH TO DATE    0                         0      0        0
  SINCE MAR 1      0                         0      0        0
  SINCE JAN 1      0                         0      0        0
..................................................................


WIND (MPH)
  HIGHEST WIND SPEED    28   HIGHEST WIND DIRECTION    NE (60)
  HIGHEST GUST SPEED    32   HIGHEST GUST DIRECTION    NE (50)
  AVERAGE WIND SPEED    12.4


SKY COVER
  AVERAGE SKY COVER 0.9


WEATHER CONDITIONS
 THE FOLLOWING WEATHER WAS RECORDED YESTERDAY.
  THUNDERSTORM
  HEAVY RAIN
  RAIN
  LIGHT RAIN
  FOG


RELATIVE HUMIDITY (PERCENT)
 HIGHEST    93           400 PM
 LOWEST     66           800 AM
 AVERAGE    80

..........................................................


THE LAGUARDIA NY CLIMATE NORMALS FOR TODAY
                         NORMAL    RECORD    YEAR
 MAXIMUM TEMPERATURE (F)   55        79      1998
 MINIMUM TEMPERATURE (F)   39        23      1970


SUNRISE AND SUNSET
MARCH 30 2014.........SUNRISE   643 AM EDT   SUNSET   718 PM EDT
MARCH 31 2014.........SUNRISE   641 AM EDT   SUNSET   719 PM EDT


-  INDICATES NEGATIVE NUMBERS.
R  INDICATES RECORD WAS SET OR TIED.
MM INDICATES DATA IS MISSING.
T  INDICATES TRACE AMOUNT.




$$
