000
CDUS41 KOKX 092132
CLILGA


CLIMATE REPORT
NATIONAL WEATHER SERVICE NEW YORK NY
432 PM EST SUN NOV 9 2014


...................................

...THE LAGUARDIA NY CLIMATE SUMMARY FOR NOVEMBER 9 2014...
VALID TODAY AS OF 0400 PM LOCAL TIME.

CLIMATE NORMAL PERIOD 1981 TO 2010
CLIMATE RECORD PERIOD 1945 TO 2014


WEATHER ITEM   OBSERVED TIME   RECORD YEAR NORMAL DEPARTURE LAST
                VALUE   (LST)  VALUE       VALUE  FROM      YEAR
                                                  NORMAL
..................................................................
TEMPERATURE (F)
 TODAY
  MAXIMUM         57    244 PM  72    1986  57      0       50
                                      1945
  MINIMUM         47    743 AM  27    1971  44      3       40
  AVERAGE         52                        50      2       45

PRECIPITATION (IN)
  TODAY            0.00          0.77 1997   0.10  -0.10     0.00
  MONTH TO DATE    0.52                      1.00  -0.48     0.14
  SINCE SEP 1      5.65                      8.51  -2.86     3.86
  SINCE JAN 1     40.71                     38.76   1.95    31.20

SNOWFALL (IN)
  TODAY            0.0           T    1967   0.0    0.0      0.0
  MONTH TO DATE    0.0                       0.0    0.0      0.0
  SINCE OCT 1      0.0                       0.0    0.0      0.0
  SINCE JUL 1      0.0                       0.0    0.0      0.0
  SNOW DEPTH       0

DEGREE DAYS
 HEATING
  TODAY           13                        15     -2       20
  MONTH TO DATE  123                       121      2      124
  SINCE SEP 1    299                       392    -93      326
  SINCE JUL 1    299                       393    -94      326

 COOLING
  TODAY            0                         0      0        0
  MONTH TO DATE    0                         0      0        0
  SINCE SEP 1    205                       180     25      183
  SINCE JAN 1   1192                      1213    -21     1402
..................................................................


WIND (MPH)
  HIGHEST WIND SPEED    16   HIGHEST WIND DIRECTION    SW (240)
  HIGHEST GUST SPEED    MM   HIGHEST GUST DIRECTION     E (90)
  AVERAGE WIND SPEED     6.3


SKY COVER
  AVERAGE SKY COVER 0.8


WEATHER CONDITIONS
 THE FOLLOWING WEATHER WAS RECORDED TODAY.
  NO SIGNIFICANT WEATHER WAS OBSERVED.


RELATIVE HUMIDITY (PERCENT)
 HIGHEST    65           200 AM
 LOWEST     36           200 PM
 AVERAGE    51

..........................................................


THE LAGUARDIA NY CLIMATE NORMALS FOR TOMORROW
                         NORMAL    RECORD    YEAR
 MAXIMUM TEMPERATURE (F)   57        75      1999
 MINIMUM TEMPERATURE (F)   44        31      1956


SUNRISE AND SUNSET
NOVEMBER  9 2014......SUNRISE   635 AM EST   SUNSET   443 PM EST
NOVEMBER 10 2014......SUNRISE   637 AM EST   SUNSET   442 PM EST


-  INDICATES NEGATIVE NUMBERS.
R  INDICATES RECORD WAS SET OR TIED.
MM INDICATES DATA IS MISSING.
T  INDICATES TRACE AMOUNT.




$$
