000
CDUS41 KOKX 030618
CLILGA


CLIMATE REPORT
NATIONAL WEATHER SERVICE NEW YORK NY
117 AM EST TUE JAN 3 2017


...................................

...THE LAGUARDIA NY CLIMATE SUMMARY FOR JANUARY 2 2017...

CLIMATE NORMAL PERIOD 1981 TO 2010
CLIMATE RECORD PERIOD 1939 TO 2017


WEATHER ITEM   OBSERVED TIME   RECORD YEAR NORMAL DEPARTURE LAST
                VALUE   (LST)  VALUE       VALUE  FROM      YEAR
                                                  NORMAL
..................................................................
TEMPERATURE (F)
 YESTERDAY
  MAXIMUM         42    920 PM  60    2000  40      2       41
  MINIMUM         38    817 AM   9    1968  28     10       34
  AVERAGE         40                        34      6       38

PRECIPITATION (IN)
  YESTERDAY        0.18          1.52 1987   0.10   0.08     0.00
  MONTH TO DATE    0.18                      0.20  -0.02     0.00
  SINCE DEC 1      3.13                      3.76  -0.63     4.33
  SINCE JAN 1      0.18                      0.20  -0.02     0.00

SNOWFALL (IN)
  YESTERDAY        T             3.4  2014   0.3   -0.3      0.0
  MONTH TO DATE    T                         0.5   -0.5      0.0
  SINCE OCT 1      3.0                       6.0   -3.0       T
  SINCE JUL 1      3.0                       6.0   -3.0       T
  SNOW DEPTH       0

DEGREE DAYS
 HEATING
  YESTERDAY       25                        31     -6       27
  MONTH TO DATE   46                        62    -16       52
  SINCE DEC 1    804                       893    -89      485
  SINCE JUL 1   1342                      1668   -326     1047

 COOLING
  YESTERDAY        0                         0      0        0
  MONTH TO DATE    0                         0      0        0
  SINCE DEC 1      0                         0      0        1
  SINCE JAN 1      0                         0      0        0
..................................................................


WIND (MPH)
  HIGHEST WIND SPEED    22   HIGHEST WIND DIRECTION    NE (60)
  HIGHEST GUST SPEED    24   HIGHEST GUST DIRECTION    NE (50)
  AVERAGE WIND SPEED    12.1


SKY COVER
  AVERAGE SKY COVER 0.9


WEATHER CONDITIONS
 THE FOLLOWING WEATHER WAS RECORDED YESTERDAY.
  RAIN
  LIGHT RAIN
  SLEET
  FOG


RELATIVE HUMIDITY (PERCENT)
 HIGHEST    92           500 PM
 LOWEST     54           600 AM
 AVERAGE    73

..........................................................


THE LAGUARDIA NY CLIMATE NORMALS FOR TODAY
                         NORMAL    RECORD    YEAR
 MAXIMUM TEMPERATURE (F)   40        63      2000
 MINIMUM TEMPERATURE (F)   28        10      2014


SUNRISE AND SUNSET
JANUARY  3 2017.......SUNRISE   720 AM EST   SUNSET   441 PM EST
JANUARY  4 2017.......SUNRISE   720 AM EST   SUNSET   442 PM EST


-  INDICATES NEGATIVE NUMBERS.
R  INDICATES RECORD WAS SET OR TIED.
MM INDICATES DATA IS MISSING.
T  INDICATES TRACE AMOUNT.




$$
