000
CDUS41 KOKX 122152
CLILGA


CLIMATE REPORT
NATIONAL WEATHER SERVICE NEW YORK NY
452 PM EST SUN FEB 12 2017


...................................

...THE LAGUARDIA NY CLIMATE SUMMARY FOR FEBRUARY 12 2017...
VALID TODAY AS OF 0400 PM LOCAL TIME.

CLIMATE NORMAL PERIOD 1981 TO 2010
CLIMATE RECORD PERIOD 1939 TO 2017


WEATHER ITEM   OBSERVED TIME   RECORD YEAR NORMAL DEPARTURE LAST
                VALUE   (LST)  VALUE       VALUE  FROM      YEAR
                                                  NORMAL
..................................................................
TEMPERATURE (F)
 TODAY
  MAXIMUM         38    210 AM  58    1984  42     -4       27
  MINIMUM         32   1253 PM   4    1979  28      4       17
  AVERAGE         35                        35      0       22

PRECIPITATION (IN)
  TODAY            0.38          1.59 2006   0.09   0.29      T
  MONTH TO DATE    1.50                      1.14   0.36     1.17
  SINCE DEC 1      8.58                      7.87   0.71     9.67
  SINCE JAN 1      5.63                      4.31   1.32     5.34

SNOWFALL (IN)
  TODAY            0.3          23.3  2006   0.4   -0.1       T
  MONTH TO DATE   10.3                       3.9    6.4      4.1
  SINCE OCT 1     23.4                      16.8    6.6     32.9
  SINCE JUL 1     23.4                      16.8    6.6     32.9
  SNOW DEPTH       0

DEGREE DAYS
 HEATING
  TODAY           30                        30      0       43
  MONTH TO DATE  327                       371    -44      318
  SINCE DEC 1   1863                      2195   -332     1653
  SINCE JUL 1   2401                      2970   -569     2215

 COOLING
  TODAY            0                         0      0        0
  MONTH TO DATE    0                         0      0        0
  SINCE DEC 1      0                         0      0        1
  SINCE JAN 1      0                         0      0        0
..................................................................


WIND (MPH)
  HIGHEST WIND SPEED    23   HIGHEST WIND DIRECTION    NE (60)
  HIGHEST GUST SPEED    26   HIGHEST GUST DIRECTION    NE (50)
  AVERAGE WIND SPEED     9.2


SKY COVER
  AVERAGE SKY COVER 1.0


WEATHER CONDITIONS
 THE FOLLOWING WEATHER WAS RECORDED TODAY.
  LIGHT RAIN
  FREEZING RAIN
  LT FREEZING RAIN
  SNOW
  SLEET
  FOG


RELATIVE HUMIDITY (PERCENT)
 HIGHEST    85          1000 AM
 LOWEST     70           300 AM
 AVERAGE    78

..........................................................


THE LAGUARDIA NY CLIMATE NORMALS FOR TOMORROW
                         NORMAL    RECORD    YEAR
 MAXIMUM TEMPERATURE (F)   42        65      1951
 MINIMUM TEMPERATURE (F)   28         8      2016
                                             1979
                                             1967


SUNRISE AND SUNSET
FEBRUARY 12 2017......SUNRISE   653 AM EST   SUNSET   527 PM EST
FEBRUARY 13 2017......SUNRISE   652 AM EST   SUNSET   528 PM EST


-  INDICATES NEGATIVE NUMBERS.
R  INDICATES RECORD WAS SET OR TIED.
MM INDICATES DATA IS MISSING.
T  INDICATES TRACE AMOUNT.




$$
