000
CDUS41 KOKX 190630
CLILGA


CLIMATE REPORT
NATIONAL WEATHER SERVICE NEW YORK NY
230 AM EDT THU MAR 19 2015


...................................

...THE LAGUARDIA NY CLIMATE SUMMARY FOR MARCH 18 2015...

CLIMATE NORMAL PERIOD 1981 TO 2010
CLIMATE RECORD PERIOD 1945 TO 2015


WEATHER ITEM   OBSERVED TIME   RECORD YEAR NORMAL DEPARTURE LAST
                VALUE   (LST)  VALUE       VALUE  FROM      YEAR
                                                  NORMAL
..................................................................
TEMPERATURE (F)
 YESTERDAY
  MAXIMUM         38    240 PM  75    2011  50    -12       41
  MINIMUM         28    800 AM  13    1967  35     -7       27
  AVERAGE         33                        43    -10       34

PRECIPITATION (IN)
  YESTERDAY        T             2.05 1983   0.14  -0.14     0.00
  MONTH TO DATE    3.54                      2.20   1.34     0.36
  SINCE MAR 1      3.54                      2.20   1.34     0.36
  SINCE JAN 1     10.62                      8.13   2.49     7.65

SNOWFALL (IN)
  YESTERDAY        T             4.5  1949   0.2   -0.2      0.0
  MONTH TO DATE   12.6                       3.3    9.3      0.4
  SINCE OCT 1     49.1                      25.3   23.8     52.1
  SINCE JUL 1     49.1                      25.3   23.8     52.1
  SNOW DEPTH       0

DEGREE DAYS
 HEATING
  YESTERDAY       32                        22     10       31
  MONTH TO DATE  489                       446     43      536
  SINCE MAR 1    489                       446     43      536
  SINCE JUL 1   4211                      3875    336     4193

 COOLING
  YESTERDAY        0                         0      0        0
  MONTH TO DATE    0                         0      0        0
  SINCE MAR 1      0                         0      0        0
  SINCE JAN 1      0                         0      0        0
..................................................................


WIND (MPH)
  HIGHEST WIND SPEED    32   HIGHEST WIND DIRECTION    NW (320)
  HIGHEST GUST SPEED    40   HIGHEST GUST DIRECTION    NW (320)
  AVERAGE WIND SPEED    18.7


SKY COVER
  AVERAGE SKY COVER 0.4


WEATHER CONDITIONS
 THE FOLLOWING WEATHER WAS RECORDED YESTERDAY.
  LIGHT SNOW


RELATIVE HUMIDITY (PERCENT)
 HIGHEST    53           600 AM
 LOWEST     32           600 PM
 AVERAGE    43

..........................................................


THE LAGUARDIA NY CLIMATE NORMALS FOR TODAY
                         NORMAL    RECORD    YEAR
 MAXIMUM TEMPERATURE (F)   51        72      2012
                                             2010
 MINIMUM TEMPERATURE (F)   35        10      1967


SUNRISE AND SUNSET
MARCH 19 2015.........SUNRISE   701 AM EDT   SUNSET   706 PM EDT
MARCH 20 2015.........SUNRISE   659 AM EDT   SUNSET   707 PM EDT


-  INDICATES NEGATIVE NUMBERS.
R  INDICATES RECORD WAS SET OR TIED.
MM INDICATES DATA IS MISSING.
T  INDICATES TRACE AMOUNT.




$$
