000
CDUS41 KOKX 030616
CLILGA


CLIMATE REPORT
NATIONAL WEATHER SERVICE NEW YORK NY
216 AM EDT MON APR 3 2017


...................................

...THE LAGUARDIA NY CLIMATE SUMMARY FOR APRIL 2 2017...

CLIMATE NORMAL PERIOD 1981 TO 2010
CLIMATE RECORD PERIOD 1939 TO 2017


WEATHER ITEM   OBSERVED TIME   RECORD YEAR NORMAL DEPARTURE LAST
                VALUE   (LST)  VALUE       VALUE  FROM      YEAR
                                                  NORMAL
..................................................................
TEMPERATURE (F)
 YESTERDAY
  MAXIMUM         63    251 PM  79    1967  56      7       61
  MINIMUM         43    600 AM  34    2013  40      3       48
                                      1964
  AVERAGE         53                        48      5       55

PRECIPITATION (IN)
  YESTERDAY        0.00          1.66 2005   0.14  -0.14     0.13
  MONTH TO DATE    0.01                      0.28  -0.27     0.14
  SINCE MAR 1      4.70                      4.25   0.45     1.40
  SINCE JAN 1     10.70                     10.18   0.52     9.93

SNOWFALL (IN)
  YESTERDAY        0.0           0.7  1965   0.1   -0.1      0.0
  MONTH TO DATE    0.0                       0.1   -0.1      0.0
  SINCE OCT 1     33.2                      26.5    6.7     36.2
  SINCE JUL 1     33.2                      26.5    6.7     36.2
  SNOW DEPTH       0

DEGREE DAYS
 HEATING
  YESTERDAY       12                        17     -5       10
  MONTH TO DATE   33                        35     -2       10
  SINCE MAR 1    768                       742     26      505
  SINCE JUL 1   3455                      4171   -716     3167

 COOLING
  YESTERDAY        0                         0      0        0
  MONTH TO DATE    0                         0      0        3
  SINCE MAR 1      0                         0      0        8
  SINCE JAN 1      0                         0      0        8
..................................................................


WIND (MPH)
  HIGHEST WIND SPEED    25   HIGHEST WIND DIRECTION    NW (310)
  HIGHEST GUST SPEED    33   HIGHEST GUST DIRECTION    NW (310)
  AVERAGE WIND SPEED    10.9


SKY COVER
  AVERAGE SKY COVER 0.4


WEATHER CONDITIONS
 THE FOLLOWING WEATHER WAS RECORDED YESTERDAY.
  NO SIGNIFICANT WEATHER WAS OBSERVED.


RELATIVE HUMIDITY (PERCENT)
 HIGHEST    67           600 AM
 LOWEST     23           300 PM
 AVERAGE    45

..........................................................


THE LAGUARDIA NY CLIMATE NORMALS FOR TODAY
                         NORMAL    RECORD    YEAR
 MAXIMUM TEMPERATURE (F)   56        77      1967
 MINIMUM TEMPERATURE (F)   40        25      1954


SUNRISE AND SUNSET
APRIL  3 2017.........SUNRISE   636 AM EDT   SUNSET   723 PM EDT
APRIL  4 2017.........SUNRISE   634 AM EDT   SUNSET   724 PM EDT


-  INDICATES NEGATIVE NUMBERS.
R  INDICATES RECORD WAS SET OR TIED.
MM INDICATES DATA IS MISSING.
T  INDICATES TRACE AMOUNT.




$$
