000
CDUS41 KOKX 060625
CLILGA


CLIMATE REPORT
NATIONAL WEATHER SERVICE NEW YORK NY
124 AM EST THU NOV 6 2014


...................................

...THE LAGUARDIA NY CLIMATE SUMMARY FOR NOVEMBER 5 2014...

CLIMATE NORMAL PERIOD 1981 TO 2010
CLIMATE RECORD PERIOD 1945 TO 2014


WEATHER ITEM   OBSERVED TIME   RECORD YEAR NORMAL DEPARTURE LAST
                VALUE   (LST)  VALUE       VALUE  FROM      YEAR
                                                  NORMAL
..................................................................
TEMPERATURE (F)
 YESTERDAY
  MAXIMUM         64    136 PM  74    2005  58      6       55
  MINIMUM         57   1125 PM  32    1951  45     12       42
  AVERAGE         61                        52      9       49

PRECIPITATION (IN)
  YESTERDAY        0.00          1.76 1984   0.11  -0.11     0.00
  MONTH TO DATE    0.18                      0.57  -0.39     0.06
  SINCE SEP 1      5.31                      8.08  -2.77     3.78
  SINCE JAN 1     40.37                     38.33   2.04    31.12

SNOWFALL (IN)
  YESTERDAY        0.0          MM      MM   0.0    0.0      0.0
  MONTH TO DATE    0.0                       0.0    0.0      0.0
  SINCE OCT 1      0.0                       0.0    0.0      0.0
  SINCE JUL 1      0.0                       0.0    0.0      0.0
  SNOW DEPTH       0

DEGREE DAYS
 HEATING
  YESTERDAY        4                        13     -9       16
  MONTH TO DATE   59                        64     -5       62
  SINCE SEP 1    235                       335   -100      264
  SINCE JUL 1    235                       336   -101      264

 COOLING
  YESTERDAY        0                         0      0        0
  MONTH TO DATE    0                         0      0        0
  SINCE SEP 1    205                       180     25      183
  SINCE JAN 1   1192                      1213    -21     1402
..................................................................


WIND (MPH)
  HIGHEST WIND SPEED    21   HIGHEST WIND DIRECTION     W (270)
  HIGHEST GUST SPEED    28   HIGHEST GUST DIRECTION     W (260)
  AVERAGE WIND SPEED     9.4


SKY COVER
  AVERAGE SKY COVER 0.9


WEATHER CONDITIONS
 THE FOLLOWING WEATHER WAS RECORDED YESTERDAY.
  NO SIGNIFICANT WEATHER WAS OBSERVED.


RELATIVE HUMIDITY (PERCENT)
 HIGHEST    57           400 AM
 LOWEST     27           400 PM
 AVERAGE    42

..........................................................


THE LAGUARDIA NY CLIMATE NORMALS FOR TODAY
                         NORMAL    RECORD    YEAR
 MAXIMUM TEMPERATURE (F)   58        71      1948
 MINIMUM TEMPERATURE (F)   45        30      1951


SUNRISE AND SUNSET
NOVEMBER  6 2014......SUNRISE   632 AM EST   SUNSET   446 PM EST
NOVEMBER  7 2014......SUNRISE   633 AM EST   SUNSET   445 PM EST


-  INDICATES NEGATIVE NUMBERS.
R  INDICATES RECORD WAS SET OR TIED.
MM INDICATES DATA IS MISSING.
T  INDICATES TRACE AMOUNT.




$$
