000
CDUS41 KOKX 100622
CLILGA


CLIMATE REPORT
NATIONAL WEATHER SERVICE NEW YORK NY
221 AM EDT TUE MAY 10 2016


...................................

...THE LAGUARDIA NY CLIMATE SUMMARY FOR MAY 9 2016...

CLIMATE NORMAL PERIOD 1981 TO 2010
CLIMATE RECORD PERIOD 1945 TO 2016


WEATHER ITEM   OBSERVED TIME   RECORD YEAR NORMAL DEPARTURE LAST
                VALUE   (LST)  VALUE       VALUE  FROM      YEAR
                                                  NORMAL
..................................................................
TEMPERATURE (F)
 YESTERDAY
  MAXIMUM         74    245 PM  92    2000  69      5       64
  MINIMUM         54    447 AM  37    1947  52      2       53
  AVERAGE         64                        60      4       59

PRECIPITATION (IN)
  YESTERDAY        0.00          1.21 1998   0.12  -0.12     0.01
  MONTH TO DATE    1.68                      1.03   0.65     0.01
  SINCE MAR 1      4.60                      9.00  -4.40     6.37
  SINCE JAN 1     13.13                     14.93  -1.80    13.45

SNOWFALL (IN)
  YESTERDAY        0.0          MM      MM   0.0    0.0      0.0
  MONTH TO DATE    0.0                       0.0    0.0      0.0
  SINCE OCT 1     36.2                      26.9    9.3     53.8
  SINCE JUL 1     36.2                      26.9    9.3     53.8
  SNOW DEPTH       0

DEGREE DAYS
 HEATING
  YESTERDAY        1                         6     -5        6
  MONTH TO DATE   98                        60     38       26
  SINCE MAR 1    947                      1145   -198     1204
  SINCE JUL 1   3609                      4574   -965     4926

 COOLING
  YESTERDAY        0                         1     -1        0
  MONTH TO DATE    0                         9     -9       13
  SINCE MAR 1     13                        17     -4       15
  SINCE JAN 1     13                        17     -4       15
..................................................................


WIND (MPH)
  HIGHEST WIND SPEED    29   HIGHEST WIND DIRECTION     W (270)
  HIGHEST GUST SPEED    37   HIGHEST GUST DIRECTION     W (280)
  AVERAGE WIND SPEED    12.7


SKY COVER
  AVERAGE SKY COVER 0.7


WEATHER CONDITIONS
 THE FOLLOWING WEATHER WAS RECORDED YESTERDAY.
  NO SIGNIFICANT WEATHER WAS OBSERVED.


RELATIVE HUMIDITY (PERCENT)
 HIGHEST    47          1200 AM
 LOWEST     22           200 PM
 AVERAGE    35

..........................................................


THE LAGUARDIA NY CLIMATE NORMALS FOR TODAY
                         NORMAL    RECORD    YEAR
 MAXIMUM TEMPERATURE (F)   69        91      1979
                                             1970
 MINIMUM TEMPERATURE (F)   52        38      1966


SUNRISE AND SUNSET
MAY 10 2016...........SUNRISE   543 AM EDT   SUNSET   802 PM EDT
MAY 11 2016...........SUNRISE   542 AM EDT   SUNSET   803 PM EDT


-  INDICATES NEGATIVE NUMBERS.
R  INDICATES RECORD WAS SET OR TIED.
MM INDICATES DATA IS MISSING.
T  INDICATES TRACE AMOUNT.




$$
