000
CDUS41 KOKX 120636
CLILGA


CLIMATE REPORT
NATIONAL WEATHER SERVICE NEW YORK NY
136 AM EST SAT NOV 12 2016


...................................

...THE LAGUARDIA NY CLIMATE SUMMARY FOR NOVEMBER 11 2016...

CLIMATE NORMAL PERIOD 1981 TO 2010
CLIMATE RECORD PERIOD 1939 TO 2016


WEATHER ITEM   OBSERVED TIME   RECORD YEAR NORMAL DEPARTURE LAST
                VALUE   (LST)  VALUE       VALUE  FROM      YEAR
                                                  NORMAL
..................................................................
TEMPERATURE (F)
 YESTERDAY
  MAXIMUM         63   1150 AM  74    1949  56      7       57
  MINIMUM         44   1159 PM  29    1956  43      1       50
  AVERAGE         54                        50      4       54

PRECIPITATION (IN)
  YESTERDAY        0.00          0.90 1995   0.10  -0.10     0.23
  MONTH TO DATE    0.02                      1.21  -1.19     0.50
  SINCE SEP 1      7.37                      8.72  -1.35     6.40
  SINCE JAN 1     31.09                     38.97  -7.88    31.67

SNOWFALL (IN)
  YESTERDAY        0.0          MM      MM   0.0    0.0      0.0
  MONTH TO DATE    0.0                       0.0    0.0      0.0
  SINCE OCT 1      0.0                       0.0    0.0      0.0
  SINCE JUL 1      0.0                       0.0    0.0      0.0
  SNOW DEPTH       0

DEGREE DAYS
 HEATING
  YESTERDAY       11                        15     -4       11
  MONTH TO DATE   94                       151    -57       63
  SINCE SEP 1    259                       422   -163      277
  SINCE JUL 1    259                       423   -164      277

 COOLING
  YESTERDAY        0                         0      0        0
  MONTH TO DATE    2                         0      2        5
  SINCE SEP 1    328                       180    148      305
  SINCE JAN 1   1745                      1213    532     1554
..................................................................


WIND (MPH)
  HIGHEST WIND SPEED    36   HIGHEST WIND DIRECTION    NW (330)
  HIGHEST GUST SPEED    46   HIGHEST GUST DIRECTION    NW (320)
  AVERAGE WIND SPEED    18.1


SKY COVER
  AVERAGE SKY COVER 0.2


WEATHER CONDITIONS
 THE FOLLOWING WEATHER WAS RECORDED YESTERDAY.
  NO SIGNIFICANT WEATHER WAS OBSERVED.


RELATIVE HUMIDITY (PERCENT)
 HIGHEST    50           600 AM
 LOWEST     35           400 PM
 AVERAGE    43

..........................................................


THE LAGUARDIA NY CLIMATE NORMALS FOR TODAY
                         NORMAL    RECORD    YEAR
 MAXIMUM TEMPERATURE (F)   56        67      1964
                                             1956
 MINIMUM TEMPERATURE (F)   43        24      1943


SUNRISE AND SUNSET
NOVEMBER 12 2016......SUNRISE   640 AM EST   SUNSET   440 PM EST
NOVEMBER 13 2016......SUNRISE   641 AM EST   SUNSET   439 PM EST


-  INDICATES NEGATIVE NUMBERS.
R  INDICATES RECORD WAS SET OR TIED.
MM INDICATES DATA IS MISSING.
T  INDICATES TRACE AMOUNT.




$$
