000
CDUS41 KOKX 280623
CLILGA


CLIMATE REPORT
NATIONAL WEATHER SERVICE NEW YORK NY
222 AM EDT SAT JUN 28 2014


...................................

...THE LAGUARDIA NY CLIMATE SUMMARY FOR JUNE 27 2014...

CLIMATE NORMAL PERIOD 1981 TO 2010
CLIMATE RECORD PERIOD 1945 TO 2014


WEATHER ITEM   OBSERVED TIME   RECORD YEAR NORMAL DEPARTURE LAST
                VALUE   (LST)  VALUE       VALUE  FROM      YEAR
                                                  NORMAL
..................................................................
TEMPERATURE (F)
 YESTERDAY
  MAXIMUM         82    427 PM  97    2003  84     -2       85
  MINIMUM         68    630 AM  56    1972  67      1       73
  AVERAGE         75                        75      0       79

PRECIPITATION (IN)
  YESTERDAY        0.00          0.83 2007   0.12  -0.12     0.13
  MONTH TO DATE    3.69                      3.59   0.10     8.16
  SINCE JUN 1      3.69                      3.59   0.10     8.16
  SINCE JAN 1     27.57                     21.28   6.29    22.57

SNOWFALL (IN)
  YESTERDAY        0.0          MM      MM   0.0    0.0      0.0
  MONTH TO DATE    0.0                       0.0    0.0      0.0
  SINCE OCT 1     52.4                      26.9   25.5     22.2
  SINCE JUL 1     52.4                      26.9   25.5     22.2
  SNOW DEPTH       0

DEGREE DAYS
 HEATING
  YESTERDAY        0                         0      0        0
  MONTH TO DATE    0                        15    -15        4
  SINCE JUN 1      0                        15    -15        4
  SINCE JUL 1   5016                      4663    353     4439

 COOLING
  YESTERDAY       10                        10      0       14
  MONTH TO DATE  196                       199     -3      235
  SINCE JUN 1    196                       199     -3      235
  SINCE JAN 1    246                       265    -19      323
..................................................................


WIND (MPH)
  HIGHEST WIND SPEED    16   HIGHEST WIND DIRECTION     S (190)
  HIGHEST GUST SPEED    22   HIGHEST GUST DIRECTION    NE (50)
  AVERAGE WIND SPEED     8.0


SKY COVER
  AVERAGE SKY COVER 0.6


WEATHER CONDITIONS
 THE FOLLOWING WEATHER WAS RECORDED YESTERDAY.
  NO SIGNIFICANT WEATHER WAS OBSERVED.


RELATIVE HUMIDITY (PERCENT)
 HIGHEST    90          1200 AM
 LOWEST     39           400 PM
 AVERAGE    65

..........................................................


THE LAGUARDIA NY CLIMATE NORMALS FOR TODAY
                         NORMAL    RECORD    YEAR
 MAXIMUM TEMPERATURE (F)   84        96      2010
 MINIMUM TEMPERATURE (F)   67        55      1995


SUNRISE AND SUNSET
JUNE 28 2014..........SUNRISE   527 AM EDT   SUNSET   831 PM EDT
JUNE 29 2014..........SUNRISE   527 AM EDT   SUNSET   831 PM EDT


-  INDICATES NEGATIVE NUMBERS.
R  INDICATES RECORD WAS SET OR TIED.
MM INDICATES DATA IS MISSING.
T  INDICATES TRACE AMOUNT.




$$
