000
CDUS41 KOKX 010616
CLILGA


CLIMATE REPORT
NATIONAL WEATHER SERVICE NEW YORK NY
216 AM EDT SAT JUL 1 2017


...................................

...THE LAGUARDIA NY CLIMATE SUMMARY FOR JUNE 30 2017...

CLIMATE NORMAL PERIOD 1981 TO 2010
CLIMATE RECORD PERIOD 1939 TO 2017


WEATHER ITEM   OBSERVED TIME   RECORD YEAR NORMAL DEPARTURE LAST
                VALUE   (LST)  VALUE       VALUE  FROM      YEAR
                                                  NORMAL
..................................................................
TEMPERATURE (F)
 YESTERDAY
  MAXIMUM         89   1259 PM  97    1964  84      5       87
                                      1945
  MINIMUM         75    611 AM  57    1996  68      7       70
  AVERAGE         82                        76      6       79

PRECIPITATION (IN)
  YESTERDAY        T             3.73 1984   0.12  -0.12     0.00
  MONTH TO DATE    4.38                      3.94   0.44     2.24
  SINCE JUN 1      4.38                      3.94   0.44     2.24
  SINCE JAN 1     25.15                     21.63   3.52    17.61

SNOWFALL (IN)
  YESTERDAY        0.0          MM      MM   0.0    0.0      0.0
  MONTH TO DATE    0.0                       0.0    0.0      0.0
  SINCE OCT 1     33.2                      26.9    6.3     36.2
  SINCE JUL 1     33.2                      26.9    6.3     36.2
  SNOW DEPTH       0

DEGREE DAYS
 HEATING
  YESTERDAY        0                         0      0        0
  MONTH TO DATE   16                        15      1        2
  SINCE JUN 1     16                        16      0        2
  SINCE JUL 1   3806                      4664   -858     3654

 COOLING
  YESTERDAY       17                        11      6       14
  MONTH TO DATE  280                       231     49      270
  SINCE JUN 1    280                       231     49      270
  SINCE JAN 1    385                       297     88      389
..................................................................


WIND (MPH)
  HIGHEST WIND SPEED    21   HIGHEST WIND DIRECTION     S (180)
  HIGHEST GUST SPEED    28   HIGHEST GUST DIRECTION     S (190)
  AVERAGE WIND SPEED    13.0


SKY COVER
  AVERAGE SKY COVER 0.7


WEATHER CONDITIONS
 THE FOLLOWING WEATHER WAS RECORDED YESTERDAY.
  LIGHT RAIN


RELATIVE HUMIDITY (PERCENT)
 HIGHEST    69           600 AM
 LOWEST     53          1200 PM
 AVERAGE    61

..........................................................


THE LAGUARDIA NY CLIMATE NORMALS FOR TODAY
                         NORMAL    RECORD    YEAR
 MAXIMUM TEMPERATURE (F)   84        97      2012
                                             1964
                                             1963
 MINIMUM TEMPERATURE (F)   68        56      1988
                                             1943


SUNRISE AND SUNSET
JULY  1 2017..........SUNRISE   528 AM EDT   SUNSET   831 PM EDT
JULY  2 2017..........SUNRISE   529 AM EDT   SUNSET   831 PM EDT


-  INDICATES NEGATIVE NUMBERS.
R  INDICATES RECORD WAS SET OR TIED.
MM INDICATES DATA IS MISSING.
T  INDICATES TRACE AMOUNT.




$$
