000
CDUS41 KOKX 062033
CLILGA


CLIMATE REPORT
NATIONAL WEATHER SERVICE NEW YORK NY
433 PM EDT SAT MAY 6 2017


...................................

...THE LAGUARDIA NY CLIMATE SUMMARY FOR MAY 6 2017...
VALID TODAY AS OF 0400 PM LOCAL TIME.

CLIMATE NORMAL PERIOD 1981 TO 2010
CLIMATE RECORD PERIOD 1939 TO 2017


WEATHER ITEM   OBSERVED TIME   RECORD YEAR NORMAL DEPARTURE LAST
                VALUE   (LST)  VALUE       VALUE  FROM      YEAR
                                                  NORMAL
..................................................................
TEMPERATURE (F)
 TODAY
  MAXIMUM         67   1255 PM  93    1949  68     -1       55
  MINIMUM         59   1250 AM  41    1967  51      8       49
  AVERAGE         63                        59      4       52

PRECIPITATION (IN)
  TODAY            0.05          1.28 1991   0.11  -0.06     0.56
  MONTH TO DATE    2.32                      0.68   1.64     1.53
  SINCE MAR 1     11.10                      8.65   2.45     4.45
  SINCE JAN 1     17.10                     14.58   2.52    12.98

SNOWFALL (IN)
  TODAY            0.0          MM      MM   0.0    0.0      0.0
  MONTH TO DATE    0.0                       0.0    0.0      0.0
  SINCE OCT 1     33.2                      26.9    6.3     36.2
  SINCE JUL 1     33.2                      26.9    6.3     36.2
  SNOW DEPTH       0

DEGREE DAYS
 HEATING
  TODAY            2                         6     -4       13
  MONTH TO DATE   21                        42    -21       77
  SINCE MAR 1   1002                      1127   -125      926
  SINCE JUL 1   3689                      4556   -867     3588

 COOLING
  TODAY            0                         1     -1        0
  MONTH TO DATE    5                         6     -1        0
  SINCE MAR 1     36                        14     22       13
  SINCE JAN 1     36                        14     22       13
..................................................................


WIND (MPH)
  HIGHEST WIND SPEED    28   HIGHEST WIND DIRECTION     S (160)
  HIGHEST GUST SPEED    39   HIGHEST GUST DIRECTION     S (160)
  AVERAGE WIND SPEED    18.2


SKY COVER
  AVERAGE SKY COVER 0.6


WEATHER CONDITIONS
 THE FOLLOWING WEATHER WAS RECORDED TODAY.
  LIGHT RAIN
  FOG


RELATIVE HUMIDITY (PERCENT)
 HIGHEST    93           400 AM
 LOWEST     58          1200 PM
 AVERAGE    76

..........................................................


THE LAGUARDIA NY CLIMATE NORMALS FOR TOMORROW
                         NORMAL    RECORD    YEAR
 MAXIMUM TEMPERATURE (F)   68        93      2000
 MINIMUM TEMPERATURE (F)   51        40      1970


SUNRISE AND SUNSET
MAY  6 2017...........SUNRISE   548 AM EDT   SUNSET   757 PM EDT
MAY  7 2017...........SUNRISE   547 AM EDT   SUNSET   758 PM EDT


-  INDICATES NEGATIVE NUMBERS.
R  INDICATES RECORD WAS SET OR TIED.
MM INDICATES DATA IS MISSING.
T  INDICATES TRACE AMOUNT.




$$
