000
CDUS41 KOKX 242032
CLILGA


CLIMATE REPORT
NATIONAL WEATHER SERVICE NEW YORK NY
432 PM EDT FRI JUL 24 2015


...................................

...THE LAGUARDIA NY CLIMATE SUMMARY FOR JULY 24 2015...
VALID TODAY AS OF 0400 PM LOCAL TIME.

CLIMATE NORMAL PERIOD 1981 TO 2010
CLIMATE RECORD PERIOD 1945 TO 2015


WEATHER ITEM   OBSERVED TIME   RECORD YEAR NORMAL DEPARTURE LAST
                VALUE   (LST)  VALUE       VALUE  FROM      YEAR
                                                  NORMAL
..................................................................
TEMPERATURE (F)
 TODAY
  MAXIMUM         85    259 PM  98    2010  86     -1       81
                                      1999
  MINIMUM         71    544 AM  59    1992  70      1       72
  AVERAGE         78                        78      0       77

PRECIPITATION (IN)
  TODAY            0.00          3.07 1997   0.15  -0.15     0.00
  MONTH TO DATE    1.87                      3.40  -1.53     3.73
  SINCE JUN 1      6.67                      7.34  -0.67     7.42
  SINCE JAN 1     21.72                     25.03  -3.31    31.30

SNOWFALL (IN)
  TODAY            0.0          MM      MM   0.0    0.0      0.0
  MONTH TO DATE    0.0                       0.0    0.0      0.0
  SINCE OCT 1     53.8                      26.9   26.9     52.4
  SINCE JUL 1      0.0                       0.0    0.0      0.0
  SNOW DEPTH       0

DEGREE DAYS
 HEATING
  TODAY            0                         0      0        0
  MONTH TO DATE    0                         0      0        0
  SINCE JUN 1     34                        16     18        0
  SINCE JUL 1      0                         0      0        0

 COOLING
  TODAY           13                        13      0       12
  MONTH TO DATE  324                       297     27      308
  SINCE JUN 1    552                       528     24      540
  SINCE JAN 1    674                       594     80      590
..................................................................


WIND (MPH)
  HIGHEST WIND SPEED    14   HIGHEST WIND DIRECTION    NE (40)
  HIGHEST GUST SPEED    18   HIGHEST GUST DIRECTION    NE (40)
  AVERAGE WIND SPEED     5.8


SKY COVER
  AVERAGE SKY COVER 0.4


WEATHER CONDITIONS
 THE FOLLOWING WEATHER WAS RECORDED TODAY.
  NO SIGNIFICANT WEATHER WAS OBSERVED.


RELATIVE HUMIDITY (PERCENT)
 HIGHEST    57           500 AM
 LOWEST     24           100 PM
 AVERAGE    41

..........................................................


THE LAGUARDIA NY CLIMATE NORMALS FOR TOMORROW
                         NORMAL    RECORD    YEAR
 MAXIMUM TEMPERATURE (F)   86        97      1999
 MINIMUM TEMPERATURE (F)   70        59      1997


SUNRISE AND SUNSET
JULY 24 2015..........SUNRISE   544 AM EDT   SUNSET   819 PM EDT
JULY 25 2015..........SUNRISE   545 AM EDT   SUNSET   818 PM EDT


-  INDICATES NEGATIVE NUMBERS.
R  INDICATES RECORD WAS SET OR TIED.
MM INDICATES DATA IS MISSING.
T  INDICATES TRACE AMOUNT.




$$
