000
CDUS41 KOKX 120616
CLILGA


CLIMATE REPORT
NATIONAL WEATHER SERVICE NEW YORK NY
216 AM EDT TUE JUL 12 2016


...................................

...THE LAGUARDIA NY CLIMATE SUMMARY FOR JULY 11 2016...

CLIMATE NORMAL PERIOD 1981 TO 2010
CLIMATE RECORD PERIOD 1939 TO 2016


WEATHER ITEM   OBSERVED TIME   RECORD YEAR NORMAL DEPARTURE LAST
                VALUE   (LST)  VALUE       VALUE  FROM      YEAR
                                                  NORMAL
..................................................................
TEMPERATURE (F)
 YESTERDAY
  MAXIMUM         83    349 PM  98    1988  85     -2       86
  MINIMUM         69    749 AM  62    1945  69      0       72
  AVERAGE         76                        77     -1       79

PRECIPITATION (IN)
  YESTERDAY        0.00          0.87 2007   0.14  -0.14     0.00
  MONTH TO DATE    1.80                      1.44   0.36     0.73
  SINCE JUN 1      4.04                      5.38  -1.34     5.53
  SINCE JAN 1     19.41                     23.07  -3.66    20.58

SNOWFALL (IN)
  YESTERDAY        0.0          MM      MM   0.0    0.0      0.0
  MONTH TO DATE    0.0                       0.0    0.0      0.0
  SINCE OCT 1     36.2                      26.9    9.3     53.8
  SINCE JUL 1      0.0                       0.0    0.0      0.0
  SNOW DEPTH       0

DEGREE DAYS
 HEATING
  YESTERDAY        0                         0      0        0
  MONTH TO DATE    0                         0      0        0
  SINCE JUN 1      2                        16    -14       34
  SINCE JUL 1      0                         0      0        0

 COOLING
  YESTERDAY       11                        12     -1       14
  MONTH TO DATE  136                       129      7      136
  SINCE JUN 1    406                       360     46      364
  SINCE JAN 1    525                       426     99      486
..................................................................


WIND (MPH)
  HIGHEST WIND SPEED    13   HIGHEST WIND DIRECTION    NE (40)
  HIGHEST GUST SPEED    20   HIGHEST GUST DIRECTION     E (70)
  AVERAGE WIND SPEED     8.3


SKY COVER
  AVERAGE SKY COVER 0.5


WEATHER CONDITIONS
 THE FOLLOWING WEATHER WAS RECORDED YESTERDAY.
  NO SIGNIFICANT WEATHER WAS OBSERVED.


RELATIVE HUMIDITY (PERCENT)
 HIGHEST    73           100 AM
 LOWEST     40           400 PM
 AVERAGE    57

..........................................................


THE LAGUARDIA NY CLIMATE NORMALS FOR TODAY
                         NORMAL    RECORD    YEAR
 MAXIMUM TEMPERATURE (F)   85        98      1966
 MINIMUM TEMPERATURE (F)   70        58      1940


SUNRISE AND SUNSET
JULY 12 2016..........SUNRISE   535 AM EDT   SUNSET   827 PM EDT
JULY 13 2016..........SUNRISE   536 AM EDT   SUNSET   827 PM EDT


-  INDICATES NEGATIVE NUMBERS.
R  INDICATES RECORD WAS SET OR TIED.
MM INDICATES DATA IS MISSING.
T  INDICATES TRACE AMOUNT.




$$
