000
CDUS41 KOKX 160622
CLILGA


CLIMATE REPORT
NATIONAL WEATHER SERVICE NEW YORK NY
222 AM EDT MON MAR 16 2015


...................................

...THE LAGUARDIA NY CLIMATE SUMMARY FOR MARCH 15 2015...

CLIMATE NORMAL PERIOD 1981 TO 2010
CLIMATE RECORD PERIOD 1945 TO 2015


WEATHER ITEM   OBSERVED TIME   RECORD YEAR NORMAL DEPARTURE LAST
                VALUE   (LST)  VALUE       VALUE  FROM      YEAR
                                                  NORMAL
..................................................................
TEMPERATURE (F)
 YESTERDAY
  MAXIMUM         47    111 AM  74    1990  49     -2       58
  MINIMUM         37   1159 PM  14    1993  34      3       40
  AVERAGE         42                        42      0       49

PRECIPITATION (IN)
  YESTERDAY        T             1.61 1946   0.13  -0.13      T
  MONTH TO DATE    3.53                      1.80   1.73     0.36
  SINCE MAR 1      3.53                      1.80   1.73     0.36
  SINCE JAN 1     10.61                      7.73   2.88     7.65

SNOWFALL (IN)
  YESTERDAY        0.0           2.5  1999   0.2   -0.2      0.0
  MONTH TO DATE   12.6                       2.9    9.7      0.4
  SINCE OCT 1     49.1                      24.9   24.2     52.1
  SINCE JUL 1     49.1                      24.9   24.2     52.1
  SNOW DEPTH       0

DEGREE DAYS
 HEATING
  YESTERDAY       23                        23      0       16
  MONTH TO DATE  415                       378     37      439
  SINCE MAR 1    415                       378     37      439
  SINCE JUL 1   4137                      3807    330     4096

 COOLING
  YESTERDAY        0                         0      0        0
  MONTH TO DATE    0                         0      0        0
  SINCE MAR 1      0                         0      0        0
  SINCE JAN 1      0                         0      0        0
..................................................................


WIND (MPH)
  HIGHEST WIND SPEED    33   HIGHEST WIND DIRECTION    NW (320)
  HIGHEST GUST SPEED    46   HIGHEST GUST DIRECTION    NW (320)
  AVERAGE WIND SPEED    18.4


SKY COVER
  AVERAGE SKY COVER 0.8


WEATHER CONDITIONS
 THE FOLLOWING WEATHER WAS RECORDED YESTERDAY.
  LIGHT RAIN


RELATIVE HUMIDITY (PERCENT)
 HIGHEST    82          1200 AM
 LOWEST     49           200 PM
 AVERAGE    66

..........................................................


THE LAGUARDIA NY CLIMATE NORMALS FOR TODAY
                         NORMAL    RECORD    YEAR
 MAXIMUM TEMPERATURE (F)   50        77      1990
 MINIMUM TEMPERATURE (F)   34        19      1992
                                             1979


SUNRISE AND SUNSET
MARCH 16 2015.........SUNRISE   706 AM EDT   SUNSET   703 PM EDT
MARCH 17 2015.........SUNRISE   704 AM EDT   SUNSET   704 PM EDT


-  INDICATES NEGATIVE NUMBERS.
R  INDICATES RECORD WAS SET OR TIED.
MM INDICATES DATA IS MISSING.
T  INDICATES TRACE AMOUNT.




$$
