617
CDUS41 KOKX 020619
CLILGA


CLIMATE REPORT
NATIONAL WEATHER SERVICE NEW YORK NY
119 AM EST TUE FEB 2 2016


...................................

...THE LAGUARDIA NY CLIMATE SUMMARY FOR FEBRUARY 1 2016...

CLIMATE NORMAL PERIOD 1981 TO 2010
CLIMATE RECORD PERIOD 1945 TO 2016


WEATHER ITEM   OBSERVED TIME   RECORD YEAR NORMAL DEPARTURE LAST
                VALUE   (LST)  VALUE       VALUE  FROM      YEAR
                                                  NORMAL
..................................................................
TEMPERATURE (F)
 YESTERDAY
  MAXIMUM         59    115 PM  66    1989  40     19       36
  MINIMUM         43    414 AM   3    1961  27     16       20
  AVERAGE         51                        33     18       28

PRECIPITATION (IN)
  YESTERDAY        T             1.59 2008   0.10  -0.10     0.04
  MONTH TO DATE    T                         0.10  -0.10     0.04
  SINCE DEC 1      8.50                      6.83   1.67    11.22
  SINCE JAN 1      4.17                      3.27   0.90     5.02

SNOWFALL (IN)
  YESTERDAY        0.0           5.1  1957   0.3   -0.3      0.4
  MONTH TO DATE    0.0                       0.3   -0.3      0.4
  SINCE OCT 1     28.8                      13.2   15.6     21.8
  SINCE JUL 1     28.8                      13.2   15.6     21.8
  SNOW DEPTH       1

DEGREE DAYS
 HEATING
  YESTERDAY       14                        32    -18       37
  MONTH TO DATE   14                        32    -18       37
  SINCE DEC 1   1349                      1856   -507     1869
  SINCE JUL 1   1911                      2631   -720     2623

 COOLING
  YESTERDAY        0                         0      0        0
  MONTH TO DATE    0                         0      0        0
  SINCE DEC 1      1                         0      1        0
  SINCE JAN 1      0                         0      0        0
..................................................................


WIND (MPH)
  HIGHEST WIND SPEED    18   HIGHEST WIND DIRECTION    NW (330)
  HIGHEST GUST SPEED    23   HIGHEST GUST DIRECTION    NW (310)
  AVERAGE WIND SPEED     8.5


SKY COVER
  AVERAGE SKY COVER 0.8


WEATHER CONDITIONS
 THE FOLLOWING WEATHER WAS RECORDED YESTERDAY.
  LIGHT RAIN


RELATIVE HUMIDITY (PERCENT)
 HIGHEST    76           500 AM
 LOWEST     41           800 PM
 AVERAGE    59

..........................................................


THE LAGUARDIA NY CLIMATE NORMALS FOR TODAY
                         NORMAL    RECORD    YEAR
 MAXIMUM TEMPERATURE (F)   40        59      1988
                                             1967
 MINIMUM TEMPERATURE (F)   27        -1      1961


SUNRISE AND SUNSET
FEBRUARY  2 2016......SUNRISE   705 AM EST   SUNSET   514 PM EST
FEBRUARY  3 2016......SUNRISE   704 AM EST   SUNSET   515 PM EST


-  INDICATES NEGATIVE NUMBERS.
R  INDICATES RECORD WAS SET OR TIED.
MM INDICATES DATA IS MISSING.
T  INDICATES TRACE AMOUNT.




$$
