000
CDUS41 KOKX 190627
CLILGA


CLIMATE REPORT
NATIONAL WEATHER SERVICE NEW YORK NY
227 AM EDT WED AUG 19 2015


...................................

...THE LAGUARDIA NY CLIMATE SUMMARY FOR AUGUST 18 2015...

CLIMATE NORMAL PERIOD 1981 TO 2010
CLIMATE RECORD PERIOD 1945 TO 2015


WEATHER ITEM   OBSERVED TIME   RECORD YEAR NORMAL DEPARTURE LAST
                VALUE   (LST)  VALUE       VALUE  FROM      YEAR
                                                  NORMAL
..................................................................
TEMPERATURE (F)
 YESTERDAY
  MAXIMUM         89    134 PM  95    2002  84      5       81
  MINIMUM         77   1159 PM  59    1941  69      8       64
  AVERAGE         83                        76      7       73

PRECIPITATION (IN)
  YESTERDAY        T             1.18 1955   0.13  -0.13     0.00
  MONTH TO DATE    1.48                      2.51  -1.03     1.40
  SINCE JUN 1      9.82                     10.95  -1.13     9.08
  SINCE JAN 1     24.87                     28.64  -3.77    32.96

SNOWFALL (IN)
  YESTERDAY        0.0          MM      MM   0.0    0.0      0.0
  MONTH TO DATE    0.0                       0.0    0.0      0.0
  SINCE OCT 1     53.8                      26.9   26.9     52.4
  SINCE JUL 1      0.0                       0.0    0.0      0.0
  SNOW DEPTH       0

DEGREE DAYS
 HEATING
  YESTERDAY        0                         0      0        0
  MONTH TO DATE    0                         0      0        0
  SINCE JUN 1     34                        16     18        0
  SINCE JUL 1      0                         0      0        0

 COOLING
  YESTERDAY       18                        11      7        8
  MONTH TO DATE  266                       218     48      190
  SINCE JUN 1    941                       834    107      804
  SINCE JAN 1   1063                       900    163      854
..................................................................


WIND (MPH)
  HIGHEST WIND SPEED    23   HIGHEST WIND DIRECTION     S (180)
  HIGHEST GUST SPEED    31   HIGHEST GUST DIRECTION     S (170)
  AVERAGE WIND SPEED     9.9


SKY COVER
  AVERAGE SKY COVER 0.6


WEATHER CONDITIONS
 THE FOLLOWING WEATHER WAS RECORDED YESTERDAY.
  THUNDERSTORM
  LIGHT RAIN


RELATIVE HUMIDITY (PERCENT)
 HIGHEST    79           700 PM
 LOWEST     38           100 PM
 AVERAGE    59

..........................................................


THE LAGUARDIA NY CLIMATE NORMALS FOR TODAY
                         NORMAL    RECORD    YEAR
 MAXIMUM TEMPERATURE (F)   84        94      1966
 MINIMUM TEMPERATURE (F)   69        59      1977


SUNRISE AND SUNSET
AUGUST 19 2015........SUNRISE   609 AM EDT   SUNSET   748 PM EDT
AUGUST 20 2015........SUNRISE   610 AM EDT   SUNSET   747 PM EDT


-  INDICATES NEGATIVE NUMBERS.
R  INDICATES RECORD WAS SET OR TIED.
MM INDICATES DATA IS MISSING.
T  INDICATES TRACE AMOUNT.




$$
