000
CDUS41 KOKX 232033
CLILGA


CLIMATE REPORT
NATIONAL WEATHER SERVICE NEW YORK NY
433 PM EDT SAT APR 23 2016


...................................

...THE LAGUARDIA NY CLIMATE SUMMARY FOR APRIL 23 2016...
VALID TODAY AS OF 0400 PM LOCAL TIME.

CLIMATE NORMAL PERIOD 1981 TO 2010
CLIMATE RECORD PERIOD 1945 TO 2016


WEATHER ITEM   OBSERVED TIME   RECORD YEAR NORMAL DEPARTURE LAST
                VALUE   (LST)  VALUE       VALUE  FROM      YEAR
                                                  NORMAL
..................................................................
TEMPERATURE (F)
 TODAY
  MAXIMUM         69    218 PM  85    2007  64      5       50
  MINIMUM         61   1034 AM  36    1986  47     14       42
  AVERAGE         65                        55     10       46

PRECIPITATION (IN)
  TODAY            0.14          2.21 2006   0.12   0.02      T
  MONTH TO DATE    1.34                      3.13  -1.79     1.82
  SINCE MAR 1      2.60                      7.10  -4.50     6.36
  SINCE JAN 1     11.13                     13.03  -1.90    13.44

SNOWFALL (IN)
  TODAY            0.0           T    1986   0.0    0.0      0.0
  MONTH TO DATE    T                         0.5   -0.5      0.0
  SINCE OCT 1     36.2                      26.9    9.3     53.8
  SINCE JUL 1     36.2                      26.9    9.3     53.8
  SNOW DEPTH       0

DEGREE DAYS
 HEATING
  TODAY            0                        10    -10       19
  MONTH TO DATE  282                       316    -34      272
  SINCE MAR 1    777                      1023   -246     1106
  SINCE JUL 1   3439                      4452  -1013     4828

 COOLING
  TODAY            0                         0      0        0
  MONTH TO DATE    8                         0      8        2
  SINCE MAR 1     13                         0     13        2
  SINCE JAN 1     13                         0     13        2
..................................................................


WIND (MPH)
  HIGHEST WIND SPEED    21   HIGHEST WIND DIRECTION     N (350)
  HIGHEST GUST SPEED    25   HIGHEST GUST DIRECTION     N (360)
  AVERAGE WIND SPEED     7.7


SKY COVER
  AVERAGE SKY COVER 0.9


WEATHER CONDITIONS
 THE FOLLOWING WEATHER WAS RECORDED TODAY.
  RAIN
  LIGHT RAIN
  FOG


RELATIVE HUMIDITY (PERCENT)
 HIGHEST    93           400 AM
 LOWEST     42           300 PM
 AVERAGE    68

..........................................................


THE LAGUARDIA NY CLIMATE NORMALS FOR TOMORROW
                         NORMAL    RECORD    YEAR
 MAXIMUM TEMPERATURE (F)   64        87      2001
 MINIMUM TEMPERATURE (F)   47        36      1971
                                             1967


SUNRISE AND SUNSET
APRIL 23 2016.........SUNRISE   604 AM EDT   SUNSET   744 PM EDT
APRIL 24 2016.........SUNRISE   603 AM EDT   SUNSET   745 PM EDT


-  INDICATES NEGATIVE NUMBERS.
R  INDICATES RECORD WAS SET OR TIED.
MM INDICATES DATA IS MISSING.
T  INDICATES TRACE AMOUNT.




$$
