000
CDUS41 KOKX 180617
CLILGA


CLIMATE REPORT
NATIONAL WEATHER SERVICE NEW YORK NY
217 AM EDT MON AUG 18 2014


...................................

...THE LAGUARDIA NY CLIMATE SUMMARY FOR AUGUST 17 2014...

CLIMATE NORMAL PERIOD 1981 TO 2010
CLIMATE RECORD PERIOD 1945 TO 2014


WEATHER ITEM   OBSERVED TIME   RECORD YEAR NORMAL DEPARTURE LAST
                VALUE   (LST)  VALUE       VALUE  FROM      YEAR
                                                  NORMAL
..................................................................
TEMPERATURE (F)
 YESTERDAY
  MAXIMUM         83    434 PM  94    1944  84     -1       81
  MINIMUM         69    836 AM  58    1979  69      0       68
  AVERAGE         76                        76      0       75

PRECIPITATION (IN)
  YESTERDAY        0.01          3.54 1998   0.13  -0.12     0.00
  MONTH TO DATE    1.40                      2.38  -0.98     1.62
  SINCE JUN 1      9.08                     10.82  -1.74    12.58
  SINCE JAN 1     32.96                     28.51   4.45    26.99

SNOWFALL (IN)
  YESTERDAY        0.0          MM      MM   0.0    0.0      0.0
  MONTH TO DATE    0.0                       0.0    0.0      0.0
  SINCE OCT 1     52.4                      26.9   25.5     22.2
  SINCE JUL 1      0.0                       0.0    0.0      0.0
  SNOW DEPTH       0

DEGREE DAYS
 HEATING
  YESTERDAY        0                         0      0        0
  MONTH TO DATE    0                         0      0        0
  SINCE JUN 1      0                        16    -16        4
  SINCE JUL 1      0                         0      0        0

 COOLING
  YESTERDAY       11                        11      0       10
  MONTH TO DATE  182                       207    -25      173
  SINCE JUN 1    796                       823    -27      963
  SINCE JAN 1    846                       889    -43     1051
..................................................................


WIND (MPH)
  HIGHEST WIND SPEED    16   HIGHEST WIND DIRECTION    NW (330)
  HIGHEST GUST SPEED    21   HIGHEST GUST DIRECTION    NW (320)
  AVERAGE WIND SPEED    10.0


SKY COVER
  AVERAGE SKY COVER 0.5


WEATHER CONDITIONS
 THE FOLLOWING WEATHER WAS RECORDED YESTERDAY.
  LIGHT RAIN


RELATIVE HUMIDITY (PERCENT)
 HIGHEST    66           600 AM
 LOWEST     42           400 PM
 AVERAGE    54

..........................................................


THE LAGUARDIA NY CLIMATE NORMALS FOR TODAY
                         NORMAL    RECORD    YEAR
 MAXIMUM TEMPERATURE (F)   84        95      2002
 MINIMUM TEMPERATURE (F)   69        59      1941


SUNRISE AND SUNSET
AUGUST 18 2014........SUNRISE   609 AM EDT   SUNSET   749 PM EDT
AUGUST 19 2014........SUNRISE   610 AM EDT   SUNSET   748 PM EDT


-  INDICATES NEGATIVE NUMBERS.
R  INDICATES RECORD WAS SET OR TIED.
MM INDICATES DATA IS MISSING.
T  INDICATES TRACE AMOUNT.




$$
