000
CDUS41 KOKX 160619
CLILGA


CLIMATE REPORT
NATIONAL WEATHER SERVICE NEW YORK NY
119 AM EST THU FEB 16 2017


...................................

...THE LAGUARDIA NY CLIMATE SUMMARY FOR FEBRUARY 15 2017...

CLIMATE NORMAL PERIOD 1981 TO 2010
CLIMATE RECORD PERIOD 1939 TO 2017


WEATHER ITEM   OBSERVED TIME   RECORD YEAR NORMAL DEPARTURE LAST
                VALUE   (LST)  VALUE       VALUE  FROM      YEAR
                                                  NORMAL
..................................................................
TEMPERATURE (F)
 YESTERDAY
  MAXIMUM         50    333 PM  74    1949  42      8       35
  MINIMUM         36    639 AM  -7    1943  29      7       15
  AVERAGE         43                        35      8       25

PRECIPITATION (IN)
  YESTERDAY        T             1.57 1984   0.10  -0.10     0.49
  MONTH TO DATE    1.55                      1.42   0.13     1.66
  SINCE DEC 1      8.63                      8.15   0.48    10.16
  SINCE JAN 1      5.68                      4.59   1.09     5.83

SNOWFALL (IN)
  YESTERDAY        0.0           3.4  1958   0.3   -0.3      1.5
  MONTH TO DATE   10.3                       4.9    5.4      5.6
  SINCE OCT 1     23.4                      17.8    5.6     34.4
  SINCE JUL 1     23.4                      17.8    5.6     34.4
  SNOW DEPTH       0

DEGREE DAYS
 HEATING
  YESTERDAY       22                        30     -8       40
  MONTH TO DATE  403                       461    -58      463
  SINCE DEC 1   1939                      2285   -346     1798
  SINCE JUL 1   2477                      3060   -583     2360

 COOLING
  YESTERDAY        0                         0      0        0
  MONTH TO DATE    0                         0      0        0
  SINCE DEC 1      0                         0      0        1
  SINCE JAN 1      0                         0      0        0
..................................................................


WIND (MPH)
  HIGHEST WIND SPEED    31   HIGHEST WIND DIRECTION    NW (300)
  HIGHEST GUST SPEED    40   HIGHEST GUST DIRECTION    NW (300)
  AVERAGE WIND SPEED    10.4


SKY COVER
  AVERAGE SKY COVER 0.8


WEATHER CONDITIONS
 THE FOLLOWING WEATHER WAS RECORDED YESTERDAY.
  LIGHT RAIN


RELATIVE HUMIDITY (PERCENT)
 HIGHEST    82           800 AM
 LOWEST     50           400 PM
 AVERAGE    66

..........................................................


THE LAGUARDIA NY CLIMATE NORMALS FOR TODAY
                         NORMAL    RECORD    YEAR
 MAXIMUM TEMPERATURE (F)   42        69      1954
 MINIMUM TEMPERATURE (F)   29         2      1943


SUNRISE AND SUNSET
FEBRUARY 16 2017......SUNRISE   648 AM EST   SUNSET   532 PM EST
FEBRUARY 17 2017......SUNRISE   647 AM EST   SUNSET   533 PM EST


-  INDICATES NEGATIVE NUMBERS.
R  INDICATES RECORD WAS SET OR TIED.
MM INDICATES DATA IS MISSING.
T  INDICATES TRACE AMOUNT.




$$
