000
CDUS41 KOKX 170617
CLILGA


CLIMATE REPORT
NATIONAL WEATHER SERVICE NEW YORK NY
217 AM EDT WED MAY 17 2017


...................................

...THE LAGUARDIA NY CLIMATE SUMMARY FOR MAY 16 2017...

CLIMATE NORMAL PERIOD 1981 TO 2010
CLIMATE RECORD PERIOD 1939 TO 2017


WEATHER ITEM   OBSERVED TIME   RECORD YEAR NORMAL DEPARTURE LAST
                VALUE   (LST)  VALUE       VALUE  FROM      YEAR
                                                  NORMAL
..................................................................
TEMPERATURE (F)
 YESTERDAY
  MAXIMUM         83    440 PM  90    1951  71     12       68
  MINIMUM         59    322 AM  41    1983  54      5       44
  AVERAGE         71                        62      9       56

PRECIPITATION (IN)
  YESTERDAY        0.00          2.57 1990   0.12  -0.12     0.00
  MONTH TO DATE    4.08                      1.81   2.27     1.93
  SINCE MAR 1     12.86                      9.78   3.08     4.85
  SINCE JAN 1     18.86                     15.71   3.15    13.38

SNOWFALL (IN)
  YESTERDAY        0.0          MM      MM   0.0    0.0      0.0
  MONTH TO DATE    0.0                       0.0    0.0      0.0
  SINCE OCT 1     33.2                      26.9    6.3     36.2
  SINCE JUL 1     33.2                      26.9    6.3     36.2
  SNOW DEPTH       0

DEGREE DAYS
 HEATING
  YESTERDAY        0                         4     -4        9
  MONTH TO DATE   94                        92      2      129
  SINCE MAR 1   1075                      1177   -102      978
  SINCE JUL 1   3762                      4606   -844     3640

 COOLING
  YESTERDAY        6                         2      4        0
  MONTH TO DATE   11                        17     -6        3
  SINCE MAR 1     42                        25     17       16
  SINCE JAN 1     42                        25     17       16
..................................................................


WIND (MPH)
  HIGHEST WIND SPEED    21   HIGHEST WIND DIRECTION    NW (300)
  HIGHEST GUST SPEED    24   HIGHEST GUST DIRECTION    NW (310)
  AVERAGE WIND SPEED     8.5


SKY COVER
  AVERAGE SKY COVER 0.5


WEATHER CONDITIONS
 THE FOLLOWING WEATHER WAS RECORDED YESTERDAY.
  NO SIGNIFICANT WEATHER WAS OBSERVED.


RELATIVE HUMIDITY (PERCENT)
 HIGHEST    60           200 AM
 LOWEST     23           400 PM
 AVERAGE    42

..........................................................


THE LAGUARDIA NY CLIMATE NORMALS FOR TODAY
                         NORMAL    RECORD    YEAR
 MAXIMUM TEMPERATURE (F)   72        90      1974
 MINIMUM TEMPERATURE (F)   54        38      1983


SUNRISE AND SUNSET
MAY 17 2017...........SUNRISE   536 AM EDT   SUNSET   808 PM EDT
MAY 18 2017...........SUNRISE   536 AM EDT   SUNSET   809 PM EDT


-  INDICATES NEGATIVE NUMBERS.
R  INDICATES RECORD WAS SET OR TIED.
MM INDICATES DATA IS MISSING.
T  INDICATES TRACE AMOUNT.




$$
