000
CDUS41 KOKX 190619
CLILGA


CLIMATE REPORT
NATIONAL WEATHER SERVICE NEW YORK NY
219 AM EDT FRI JUN 19 2015


...................................

...THE LAGUARDIA NY CLIMATE SUMMARY FOR JUNE 18 2015...

CLIMATE NORMAL PERIOD 1981 TO 2010
CLIMATE RECORD PERIOD 1945 TO 2015


WEATHER ITEM   OBSERVED TIME   RECORD YEAR NORMAL DEPARTURE LAST
                VALUE   (LST)  VALUE       VALUE  FROM      YEAR
                                                  NORMAL
..................................................................
TEMPERATURE (F)
 YESTERDAY
  MAXIMUM         71   1224 PM  95    1994  81    -10       88
  MINIMUM         65    542 AM  49    1950  65      0       75
  AVERAGE         68                        73     -5       82

PRECIPITATION (IN)
  YESTERDAY        T             1.84 2009   0.13  -0.13     0.00
  MONTH TO DATE    2.87                      2.50   0.37     3.62
  SINCE JUN 1      2.87                      2.50   0.37     3.62
  SINCE JAN 1     17.92                     20.19  -2.27    27.50

SNOWFALL (IN)
  YESTERDAY        0.0          MM      MM   0.0    0.0      0.0
  MONTH TO DATE    0.0                       0.0    0.0      0.0
  SINCE OCT 1     53.8                      26.9   26.9     52.4
  SINCE JUL 1     53.8                      26.9   26.9     52.4
  SNOW DEPTH       0

DEGREE DAYS
 HEATING
  YESTERDAY        0                         0      0        0
  MONTH TO DATE   34                        15     19        0
  SINCE JUN 1     34                        15     19        0
  SINCE JUL 1   4984                      4663    321     5016

 COOLING
  YESTERDAY        3                         8     -5       17
  MONTH TO DATE  109                       113     -4      113
  SINCE JUN 1    109                       113     -4      113
  SINCE JAN 1    231                       179     52      163
..................................................................


WIND (MPH)
  HIGHEST WIND SPEED    15   HIGHEST WIND DIRECTION     S (170)
  HIGHEST GUST SPEED    20   HIGHEST GUST DIRECTION     S (180)
  AVERAGE WIND SPEED     8.9


SKY COVER
  AVERAGE SKY COVER 0.9


WEATHER CONDITIONS
 THE FOLLOWING WEATHER WAS RECORDED YESTERDAY.
  LIGHT RAIN


RELATIVE HUMIDITY (PERCENT)
 HIGHEST    81           300 PM
 LOWEST     63           600 AM
 AVERAGE    72

..........................................................


THE LAGUARDIA NY CLIMATE NORMALS FOR TODAY
                         NORMAL    RECORD    YEAR
 MAXIMUM TEMPERATURE (F)   82        97      1994
 MINIMUM TEMPERATURE (F)   65        56      1958


SUNRISE AND SUNSET
JUNE 19 2015..........SUNRISE   524 AM EDT   SUNSET   830 PM EDT
JUNE 20 2015..........SUNRISE   524 AM EDT   SUNSET   830 PM EDT


-  INDICATES NEGATIVE NUMBERS.
R  INDICATES RECORD WAS SET OR TIED.
MM INDICATES DATA IS MISSING.
T  INDICATES TRACE AMOUNT.




$$
