000
CDUS41 KOKX 272132
CLILGA


CLIMATE REPORT
NATIONAL WEATHER SERVICE NEW YORK NY
432 PM EST TUE DEC 27 2016


...................................

...THE LAGUARDIA NY CLIMATE SUMMARY FOR DECEMBER 27 2016...
VALID TODAY AS OF 0400 PM LOCAL TIME.

CLIMATE NORMAL PERIOD 1981 TO 2010
CLIMATE RECORD PERIOD 1939 TO 2016


WEATHER ITEM   OBSERVED TIME   RECORD YEAR NORMAL DEPARTURE LAST
                VALUE   (LST)  VALUE       VALUE  FROM      YEAR
                                                  NORMAL
..................................................................
TEMPERATURE (F)
 TODAY
  MAXIMUM         62    322 PM  63    1949  41     21       62
  MINIMUM         52   1235 AM   9    1989  29     23       46
  AVERAGE         57                        35     22       54

PRECIPITATION (IN)
  TODAY            T             1.17 2011   0.11  -0.11     0.15
  MONTH TO DATE    2.47                      3.16  -0.69     3.63
  SINCE DEC 1      2.47                      3.16  -0.69     3.63
  SINCE JAN 1     38.91                     44.33  -5.42    36.50

SNOWFALL (IN)
  TODAY            0.0           4.8  1984   0.2   -0.2      0.0
  MONTH TO DATE    3.0                       4.2   -1.2      0.0
  SINCE OCT 1      3.0                       4.5   -1.5      0.0
  SINCE JUL 1      3.0                       4.5   -1.5      0.0
  SNOW DEPTH       0

DEGREE DAYS
 HEATING
  TODAY            8                        30    -22       11
  MONTH TO DATE  652                       708    -56      347
  SINCE DEC 1    652                       708    -56      347
  SINCE JUL 1   1190                      1483   -293      909

 COOLING
  TODAY            0                         0      0        0
  MONTH TO DATE    0                         0      0        1
  SINCE DEC 1      0                         0      0        1
  SINCE JAN 1   1745                      1214    531     1555
..................................................................


WIND (MPH)
  HIGHEST WIND SPEED    28   HIGHEST WIND DIRECTION     W (270)
  HIGHEST GUST SPEED    38   HIGHEST GUST DIRECTION    SW (230)
  AVERAGE WIND SPEED    15.6


SKY COVER
  AVERAGE SKY COVER 0.9


WEATHER CONDITIONS
 THE FOLLOWING WEATHER WAS RECORDED TODAY.
  LIGHT RAIN
  HAZE


RELATIVE HUMIDITY (PERCENT)
 HIGHEST    89          1200 AM
 LOWEST     36           400 PM
 AVERAGE    63

..........................................................


THE LAGUARDIA NY CLIMATE NORMALS FOR TOMORROW
                         NORMAL    RECORD    YEAR
 MAXIMUM TEMPERATURE (F)   41        65      2008
 MINIMUM TEMPERATURE (F)   29        12      1952


SUNRISE AND SUNSET
DECEMBER 27 2016......SUNRISE   719 AM EST   SUNSET   435 PM EST
DECEMBER 28 2016......SUNRISE   719 AM EST   SUNSET   436 PM EST


-  INDICATES NEGATIVE NUMBERS.
R  INDICATES RECORD WAS SET OR TIED.
MM INDICATES DATA IS MISSING.
T  INDICATES TRACE AMOUNT.




$$
