000
CDUS41 KOKX 172131
CLILGA


CLIMATE REPORT
NATIONAL WEATHER SERVICE NEW YORK NY
431 PM EST SAT JAN 17 2015


...................................

...THE LAGUARDIA NY CLIMATE SUMMARY FOR JANUARY 17 2015...
VALID TODAY AS OF 0400 PM LOCAL TIME.

CLIMATE NORMAL PERIOD 1981 TO 2010
CLIMATE RECORD PERIOD 1945 TO 2015


WEATHER ITEM   OBSERVED TIME   RECORD YEAR NORMAL DEPARTURE LAST
                VALUE   (LST)  VALUE       VALUE  FROM      YEAR
                                                  NORMAL
..................................................................
TEMPERATURE (F)
 TODAY
  MAXIMUM         29    246 PM  59    1990  39    -10       46
                                      1973
  MINIMUM         17    748 AM  -1    1982  26     -9       33
                                      1977
  AVERAGE         23                        33    -10       40

PRECIPITATION (IN)
  TODAY            0.00          1.20 1994   0.11  -0.11     0.00
  MONTH TO DATE    1.54                      1.78  -0.24     1.89
  SINCE DEC 1      7.74                      5.34   2.40     6.35
  SINCE JAN 1      1.54                      1.78  -0.24     1.89

SNOWFALL (IN)
  TODAY            0.0           3.7  1985   0.2   -0.2      0.0
  MONTH TO DATE    2.8                       4.1   -1.3      8.0
  SINCE OCT 1      4.5                       9.6   -5.1     15.8
  SINCE JUL 1      4.5                       9.6   -5.1     15.8
  SNOW DEPTH       0

DEGREE DAYS
 HEATING
  TODAY           42                        32     10       25
  MONTH TO DATE  611                       540     71      551
  SINCE DEC 1   1360                      1371    -11     1376
  SINCE JUL 1   2114                      2146    -32     2158

 COOLING
  TODAY            0                         0      0        0
  MONTH TO DATE    0                         0      0        0
  SINCE DEC 1      0                         0      0        0
  SINCE JAN 1      0                         0      0        0
..................................................................


WIND (MPH)
  HIGHEST WIND SPEED    22   HIGHEST WIND DIRECTION    NW (310)
  HIGHEST GUST SPEED    26   HIGHEST GUST DIRECTION    NW (300)
  AVERAGE WIND SPEED    10.6


SKY COVER
  AVERAGE SKY COVER 0.1


WEATHER CONDITIONS
 THE FOLLOWING WEATHER WAS RECORDED TODAY.
  NO SIGNIFICANT WEATHER WAS OBSERVED.


RELATIVE HUMIDITY (PERCENT)
 HIGHEST    56           500 AM
 LOWEST     27           300 PM
 AVERAGE    42

..........................................................


THE LAGUARDIA NY CLIMATE NORMALS FOR TOMORROW
                         NORMAL    RECORD    YEAR
 MAXIMUM TEMPERATURE (F)   39        64      1990
                                             1973
 MINIMUM TEMPERATURE (F)   26         0      1982


SUNRISE AND SUNSET
JANUARY 17 2015.......SUNRISE   717 AM EST   SUNSET   455 PM EST
JANUARY 18 2015.......SUNRISE   716 AM EST   SUNSET   456 PM EST


-  INDICATES NEGATIVE NUMBERS.
R  INDICATES RECORD WAS SET OR TIED.
MM INDICATES DATA IS MISSING.
T  INDICATES TRACE AMOUNT.




$$
