000
CDUS41 KOKX 020620
CLILGA


CLIMATE REPORT
NATIONAL WEATHER SERVICE NEW YORK NY
119 AM EST THU MAR 2 2017


...................................

...THE LAGUARDIA NY CLIMATE SUMMARY FOR MARCH 1 2017...

CLIMATE NORMAL PERIOD 1981 TO 2010
CLIMATE RECORD PERIOD 1939 TO 2017


WEATHER ITEM   OBSERVED TIME   RECORD YEAR NORMAL DEPARTURE LAST
                VALUE   (LST)  VALUE       VALUE  FROM      YEAR
                                                  NORMAL
..................................................................
TEMPERATURE (F)
 YESTERDAY
  MAXIMUM         71R   648 PM  68    1972  45     26       53
  MINIMUM         53    433 AM   8    1980  31     22       40
  AVERAGE         62                        38     24       47

PRECIPITATION (IN)
  YESTERDAY        0.12          2.23 1987   0.12   0.00     0.00
  MONTH TO DATE    0.12                      0.12   0.00     0.00
  SINCE MAR 1      0.12                      0.12   0.00     0.00
  SINCE JAN 1      6.12                      6.05   0.07     8.53

SNOWFALL (IN)
  YESTERDAY        0.0           4.3  1952   0.2   -0.2      0.0
  MONTH TO DATE    0.0                       0.2   -0.2      0.0
  SINCE OCT 1     23.4                      22.2    1.2     34.4
  SINCE JUL 1     23.4                      22.2    1.2     34.4
  SNOW DEPTH       0

DEGREE DAYS
 HEATING
  YESTERDAY        3                        27    -24       18
  MONTH TO DATE    3                        27    -24       18
  SINCE MAR 1      3                        27    -24       18
  SINCE JUL 1   2690                      3456   -766     2680

 COOLING
  YESTERDAY        0                         0      0        0
  MONTH TO DATE    0                         0      0        0
  SINCE MAR 1      0                         0      0        0
  SINCE JAN 1      0                         0      0        0
..................................................................


WIND (MPH)
  HIGHEST WIND SPEED    24   HIGHEST WIND DIRECTION    SW (230)
  HIGHEST GUST SPEED    34   HIGHEST GUST DIRECTION    SW (210)
  AVERAGE WIND SPEED     9.7


SKY COVER
  AVERAGE SKY COVER 1.0


WEATHER CONDITIONS
 THE FOLLOWING WEATHER WAS RECORDED YESTERDAY.
  THUNDERSTORM
  LIGHT RAIN
  FOG
  HAZE


RELATIVE HUMIDITY (PERCENT)
 HIGHEST    93           500 AM
 LOWEST     52          1100 PM
 AVERAGE    73

..........................................................


THE LAGUARDIA NY CLIMATE NORMALS FOR TODAY
                         NORMAL    RECORD    YEAR
 MAXIMUM TEMPERATURE (F)   46        67      2004
 MINIMUM TEMPERATURE (F)   31        13      1962
                                             1950


SUNRISE AND SUNSET
MARCH  2 2017.........SUNRISE   628 AM EST   SUNSET   548 PM EST
MARCH  3 2017.........SUNRISE   626 AM EST   SUNSET   549 PM EST


-  INDICATES NEGATIVE NUMBERS.
R  INDICATES RECORD WAS SET OR TIED.
MM INDICATES DATA IS MISSING.
T  INDICATES TRACE AMOUNT.




$$
