440
CDUS41 KOKX 100616
CLILGA


CLIMATE REPORT
NATIONAL WEATHER SERVICE NEW YORK NY
216 AM EDT MON JUL 10 2017


...................................

...THE LAGUARDIA NY CLIMATE SUMMARY FOR JULY 9 2017...

CLIMATE NORMAL PERIOD 1981 TO 2010
CLIMATE RECORD PERIOD 1939 TO 2017


WEATHER ITEM   OBSERVED TIME   RECORD YEAR NORMAL DEPARTURE LAST
                VALUE   (LST)  VALUE       VALUE  FROM      YEAR
                                                  NORMAL
..................................................................
TEMPERATURE (F)
 YESTERDAY
  MAXIMUM         85    312 PM  98    1993  85      0       74
  MINIMUM         70    607 AM  57    1963  69      1       66
  AVERAGE         78                        77      1       70

PRECIPITATION (IN)
  YESTERDAY        0.00          1.38 1952   0.14  -0.14     0.41
  MONTH TO DATE    2.33                      1.15   1.18     1.80
  SINCE JUN 1      6.71                      5.09   1.62     4.04
  SINCE JAN 1     27.48                     22.78   4.70    19.41

SNOWFALL (IN)
  YESTERDAY        0.0          MM      MM   0.0    0.0      0.0
  MONTH TO DATE    0.0                       0.0    0.0      0.0
  SINCE OCT 1     33.2                      26.9    6.3     36.2
  SINCE JUL 1      0.0                       0.0    0.0      0.0
  SNOW DEPTH       0

DEGREE DAYS
 HEATING
  YESTERDAY        0                         0      0        0
  MONTH TO DATE    0                         0      0        0
  SINCE JUN 1     16                        16      0        2
  SINCE JUL 1      0                         0      0        0

 COOLING
  YESTERDAY       13                        12      1        5
  MONTH TO DATE  123                       105     18      116
  SINCE JUN 1    403                       336     67      386
  SINCE JAN 1    508                       402    106      505
..................................................................


WIND (MPH)
  HIGHEST WIND SPEED    18   HIGHEST WIND DIRECTION     S (180)
  HIGHEST GUST SPEED    22   HIGHEST GUST DIRECTION    NW (320)
  AVERAGE WIND SPEED     9.4


SKY COVER
  AVERAGE SKY COVER 0.3


WEATHER CONDITIONS
 THE FOLLOWING WEATHER WAS RECORDED YESTERDAY.
  NO SIGNIFICANT WEATHER WAS OBSERVED.


RELATIVE HUMIDITY (PERCENT)
 HIGHEST    73          1100 PM
 LOWEST     34           200 PM
 AVERAGE    54

..........................................................


THE LAGUARDIA NY CLIMATE NORMALS FOR TODAY
                         NORMAL    RECORD    YEAR
 MAXIMUM TEMPERATURE (F)   85        99      1993
 MINIMUM TEMPERATURE (F)   69        60      1953


SUNRISE AND SUNSET
JULY 10 2017..........SUNRISE   534 AM EDT   SUNSET   828 PM EDT
JULY 11 2017..........SUNRISE   534 AM EDT   SUNSET   828 PM EDT


-  INDICATES NEGATIVE NUMBERS.
R  INDICATES RECORD WAS SET OR TIED.
MM INDICATES DATA IS MISSING.
T  INDICATES TRACE AMOUNT.




$$
