000
CDUS41 KOKX 090617
CLILGA


CLIMATE REPORT
NATIONAL WEATHER SERVICE NEW YORK NY
217 AM EDT THU OCT 9 2014


...................................

...THE LAGUARDIA NY CLIMATE SUMMARY FOR OCTOBER 8 2014...

CLIMATE NORMAL PERIOD 1981 TO 2010
CLIMATE RECORD PERIOD 1945 TO 2014


WEATHER ITEM   OBSERVED TIME   RECORD YEAR NORMAL DEPARTURE LAST
                VALUE   (LST)  VALUE       VALUE  FROM      YEAR
                                                  NORMAL
..................................................................
TEMPERATURE (F)
 YESTERDAY
  MAXIMUM         73    334 PM  89    2007  68      5       66
  MINIMUM         63   1159 PM  40    1988  54      9       56
                                      1964
  AVERAGE         68                        61      7       61

PRECIPITATION (IN)
  YESTERDAY        0.03          3.51 2005   0.13  -0.10     0.00
  MONTH TO DATE    1.11                      0.99   0.12     0.37
  SINCE SEP 1      2.35                      4.72  -2.37     3.66
  SINCE JAN 1     37.41                     34.97   2.44    31.00

SNOWFALL (IN)
  YESTERDAY        0.0          MM      MM   0.0    0.0      0.0
  MONTH TO DATE    0.0                       0.0    0.0      0.0
  SINCE OCT 1      0.0                       0.0    0.0      0.0
  SINCE JUL 1      0.0                       0.0    0.0      0.0
  SNOW DEPTH       0

DEGREE DAYS
 HEATING
  YESTERDAY        0                         5     -5        4
  MONTH TO DATE   23                        36    -13        4
  SINCE SEP 1     36                        70    -34       35
  SINCE JUL 1     36                        71    -35       35

 COOLING
  YESTERDAY        3                         1      2        0
  MONTH TO DATE    7                        13     -6       48
  SINCE SEP 1    188                       170     18      180
  SINCE JAN 1   1175                      1203    -28     1399
..................................................................


WIND (MPH)
  HIGHEST WIND SPEED    26   HIGHEST WIND DIRECTION     S (190)
  HIGHEST GUST SPEED    33   HIGHEST GUST DIRECTION     S (190)
  AVERAGE WIND SPEED    15.3


SKY COVER
  AVERAGE SKY COVER 0.5


WEATHER CONDITIONS
 THE FOLLOWING WEATHER WAS RECORDED YESTERDAY.
  LIGHT RAIN


RELATIVE HUMIDITY (PERCENT)
 HIGHEST    87          1200 AM
 LOWEST     35           400 PM
 AVERAGE    61

..........................................................


THE LAGUARDIA NY CLIMATE NORMALS FOR TODAY
                         NORMAL    RECORD    YEAR
 MAXIMUM TEMPERATURE (F)   68        85      2011
 MINIMUM TEMPERATURE (F)   53        40      1988
                                             1978


SUNRISE AND SUNSET
OCTOBER  9 2014.......SUNRISE   700 AM EDT   SUNSET   625 PM EDT
OCTOBER 10 2014.......SUNRISE   701 AM EDT   SUNSET   623 PM EDT


-  INDICATES NEGATIVE NUMBERS.
R  INDICATES RECORD WAS SET OR TIED.
MM INDICATES DATA IS MISSING.
T  INDICATES TRACE AMOUNT.




$$
