000
CDUS41 KOKX 012033
CLILGA


CLIMATE REPORT
NATIONAL WEATHER SERVICE NEW YORK NY
433 PM EDT SAT APR 1 2017


...................................

...THE LAGUARDIA NY CLIMATE SUMMARY FOR APRIL 1 2017...
VALID TODAY AS OF 0400 PM LOCAL TIME.

CLIMATE NORMAL PERIOD 1981 TO 2010
CLIMATE RECORD PERIOD 1939 TO 2017


WEATHER ITEM   OBSERVED TIME   RECORD YEAR NORMAL DEPARTURE LAST
                VALUE   (LST)  VALUE       VALUE  FROM      YEAR
                                                  NORMAL
..................................................................
TEMPERATURE (F)
 TODAY
  MAXIMUM         46    259 PM  80    1978  55     -9       79
  MINIMUM         39    723 AM  27    1969  40     -1       56
  AVERAGE         43                        47     -4       68

PRECIPITATION (IN)
  TODAY            0.01          1.89 1993   0.14  -0.13     0.01
  MONTH TO DATE    0.01                      0.14  -0.13     0.01
  SINCE MAR 1      4.70                      4.11   0.59     1.27
  SINCE JAN 1     10.70                     10.04   0.66     9.80

SNOWFALL (IN)
  TODAY            0.0           0.3  1997   0.0    0.0      0.0
  MONTH TO DATE    0.0                       0.0    0.0      0.0
  SINCE OCT 1     33.2                      26.4    6.8     36.2
  SINCE JUL 1     33.2                      26.4    6.8     36.2
  SNOW DEPTH       0

DEGREE DAYS
 HEATING
  TODAY           22                        18      4        0
  MONTH TO DATE   22                        18      4        0
  SINCE MAR 1    757                       725     32      495
  SINCE JUL 1   3444                      4154   -710     3157

 COOLING
  TODAY            0                         0      0        3
  MONTH TO DATE    0                         0      0        3
  SINCE MAR 1      0                         0      0        8
  SINCE JAN 1      0                         0      0        8
..................................................................


WIND (MPH)
  HIGHEST WIND SPEED    35   HIGHEST WIND DIRECTION    NE (50)
  HIGHEST GUST SPEED    42   HIGHEST GUST DIRECTION    NE (50)
  AVERAGE WIND SPEED    20.3


SKY COVER
  AVERAGE SKY COVER 0.9


WEATHER CONDITIONS
 THE FOLLOWING WEATHER WAS RECORDED TODAY.
  LIGHT RAIN
  FOG


RELATIVE HUMIDITY (PERCENT)
 HIGHEST    85           100 AM
 LOWEST     60           300 PM
 AVERAGE    73

..........................................................


THE LAGUARDIA NY CLIMATE NORMALS FOR TOMORROW
                         NORMAL    RECORD    YEAR
 MAXIMUM TEMPERATURE (F)   56        79      1967
 MINIMUM TEMPERATURE (F)   40        34      2013
                                             1964


SUNRISE AND SUNSET
APRIL  1 2017.........SUNRISE   639 AM EDT   SUNSET   721 PM EDT
APRIL  2 2017.........SUNRISE   637 AM EDT   SUNSET   722 PM EDT


-  INDICATES NEGATIVE NUMBERS.
R  INDICATES RECORD WAS SET OR TIED.
MM INDICATES DATA IS MISSING.
T  INDICATES TRACE AMOUNT.




$$
