000
CDUS41 KOKX 040620
CLILGA


CLIMATE REPORT
NATIONAL WEATHER SERVICE NEW YORK NY
219 AM EDT WED MAY 4 2016


...................................

...THE LAGUARDIA NY CLIMATE SUMMARY FOR MAY 3 2016...

CLIMATE NORMAL PERIOD 1981 TO 2010
CLIMATE RECORD PERIOD 1945 TO 2016


WEATHER ITEM   OBSERVED TIME   RECORD YEAR NORMAL DEPARTURE LAST
                VALUE   (LST)  VALUE       VALUE  FROM      YEAR
                                                  NORMAL
..................................................................
TEMPERATURE (F)
 YESTERDAY
  MAXIMUM         55    437 PM  90    2001  67    -12       76
  MINIMUM         51   1159 PM  40    1957  50      1       51
  AVERAGE         53                        58     -5       64

PRECIPITATION (IN)
  YESTERDAY        0.75          1.45 2010   0.11   0.64     0.00
  MONTH TO DATE    0.94                      0.33   0.61     0.00
  SINCE MAR 1      3.86                      8.30  -4.44     6.36
  SINCE JAN 1     12.39                     14.23  -1.84    13.44

SNOWFALL (IN)
  YESTERDAY        0.0          MM      MM   0.0    0.0      0.0
  MONTH TO DATE    0.0                       0.0    0.0      0.0
  SINCE OCT 1     36.2                      26.9    9.3     53.8
  SINCE JUL 1     36.2                      26.9    9.3     53.8
  SNOW DEPTH       0

DEGREE DAYS
 HEATING
  YESTERDAY       12                         7      5        1
  MONTH TO DATE   39                        22     17       18
  SINCE MAR 1    888                      1107   -219     1196
  SINCE JUL 1   3550                      4536   -986     4918

 COOLING
  YESTERDAY        0                         1     -1        0
  MONTH TO DATE    0                         3     -3        0
  SINCE MAR 1     13                        11      2        2
  SINCE JAN 1     13                        11      2        2
..................................................................


WIND (MPH)
  HIGHEST WIND SPEED    20   HIGHEST WIND DIRECTION    NE (40)
  HIGHEST GUST SPEED    25   HIGHEST GUST DIRECTION    NE (50)
  AVERAGE WIND SPEED     9.3


SKY COVER
  AVERAGE SKY COVER 1.0


WEATHER CONDITIONS
 THE FOLLOWING WEATHER WAS RECORDED YESTERDAY.
  RAIN
  LIGHT RAIN
  FOG


RELATIVE HUMIDITY (PERCENT)
 HIGHEST   100           200 PM
 LOWEST     89           600 AM
 AVERAGE    95

..........................................................


THE LAGUARDIA NY CLIMATE NORMALS FOR TODAY
                         NORMAL    RECORD    YEAR
 MAXIMUM TEMPERATURE (F)   67        92      2001
 MINIMUM TEMPERATURE (F)   50        41      1957


SUNRISE AND SUNSET
MAY  4 2016...........SUNRISE   550 AM EDT   SUNSET   755 PM EDT
MAY  5 2016...........SUNRISE   549 AM EDT   SUNSET   756 PM EDT


-  INDICATES NEGATIVE NUMBERS.
R  INDICATES RECORD WAS SET OR TIED.
MM INDICATES DATA IS MISSING.
T  INDICATES TRACE AMOUNT.




$$
