000
CDUS41 KOKX 290638
CLILGA


CLIMATE REPORT
NATIONAL WEATHER SERVICE NEW YORK NY
136 AM EST FRI JAN 29 2016


...................................

...THE LAGUARDIA NY CLIMATE SUMMARY FOR JANUARY 28 2016...

CLIMATE NORMAL PERIOD 1981 TO 2010
CLIMATE RECORD PERIOD 1945 TO 2016


WEATHER ITEM   OBSERVED TIME   RECORD YEAR NORMAL DEPARTURE LAST
                VALUE   (LST)  VALUE       VALUE  FROM      YEAR
                                                  NORMAL
..................................................................
TEMPERATURE (F)
 YESTERDAY
  MAXIMUM         44    326 PM  60    2002  40      4       34
                                      1947
  MINIMUM         29    218 AM   7    2005  27      2       17
  AVERAGE         37                        33      4       26

PRECIPITATION (IN)
  YESTERDAY        0.00          1.55 1994   0.09  -0.09     0.00
  MONTH TO DATE    4.17                      2.86   1.31     4.80
  SINCE DEC 1      8.50                      6.42   2.08    11.00
  SINCE JAN 1      4.17                      2.86   1.31     4.80

SNOWFALL (IN)
  YESTERDAY        0.0           4.2  2004   0.3   -0.3      0.0
  MONTH TO DATE   28.8                       6.6   22.2     17.9
  SINCE OCT 1     28.8                      12.1   16.7     19.6
  SINCE JUL 1     28.8                      12.1   16.7     19.6
  SNOW DEPTH       6

DEGREE DAYS
 HEATING
  YESTERDAY       28                        32     -4       39
  MONTH TO DATE  826                       892    -66      966
  SINCE DEC 1   1259                      1723   -464     1715
  SINCE JUL 1   1821                      2498   -677     2469

 COOLING
  YESTERDAY        0                         0      0        0
  MONTH TO DATE    0                         0      0        0
  SINCE DEC 1      1                         0      1        0
  SINCE JAN 1      0                         0      0        0
..................................................................


WIND (MPH)
  HIGHEST WIND SPEED    16   HIGHEST WIND DIRECTION     S (200)
  HIGHEST GUST SPEED    20   HIGHEST GUST DIRECTION    SW (210)
  AVERAGE WIND SPEED     5.7


SKY COVER
  AVERAGE SKY COVER 0.4


WEATHER CONDITIONS
 THE FOLLOWING WEATHER WAS RECORDED YESTERDAY.
  NO SIGNIFICANT WEATHER WAS OBSERVED.


RELATIVE HUMIDITY (PERCENT)
 HIGHEST    64          1000 AM
 LOWEST     36           100 PM
 AVERAGE    50

..........................................................


THE LAGUARDIA NY CLIMATE NORMALS FOR TODAY
                         NORMAL    RECORD    YEAR
 MAXIMUM TEMPERATURE (F)   40        68      2002
 MINIMUM TEMPERATURE (F)   27         2      1977


SUNRISE AND SUNSET
JANUARY 29 2016.......SUNRISE   709 AM EST   SUNSET   509 PM EST
JANUARY 30 2016.......SUNRISE   708 AM EST   SUNSET   510 PM EST


-  INDICATES NEGATIVE NUMBERS.
R  INDICATES RECORD WAS SET OR TIED.
MM INDICATES DATA IS MISSING.
T  INDICATES TRACE AMOUNT.




$$
