132
CDUS41 KOKX 142052
CLILGA


CLIMATE REPORT
NATIONAL WEATHER SERVICE NEW YORK NY
452 PM EDT THU JUL 14 2016


...................................

...THE LAGUARDIA NY CLIMATE SUMMARY FOR JULY 14 2016...
VALID TODAY AS OF 0400 PM LOCAL TIME.

CLIMATE NORMAL PERIOD 1981 TO 2010
CLIMATE RECORD PERIOD 1939 TO 2016


WEATHER ITEM   OBSERVED TIME   RECORD YEAR NORMAL DEPARTURE LAST
                VALUE   (LST)  VALUE       VALUE  FROM      YEAR
                                                  NORMAL
..................................................................
TEMPERATURE (F)
 TODAY
  MAXIMUM         91    233 PM  99    1954  86      5       81
  MINIMUM         76    500 AM  59    1940  70      6       71
  AVERAGE         84                        78      6       76

PRECIPITATION (IN)
  TODAY            T             1.02 1960   0.16  -0.16     0.95
  MONTH TO DATE    1.80                      1.91  -0.11     1.68
  SINCE JUN 1      4.04                      5.85  -1.81     6.48
  SINCE JAN 1     19.41                     23.54  -4.13    21.53

SNOWFALL (IN)
  TODAY            0.0          MM      MM   0.0    0.0      0.0
  MONTH TO DATE    0.0                       0.0    0.0      0.0
  SINCE OCT 1     36.2                      26.9    9.3     53.8
  SINCE JUL 1      0.0                       0.0    0.0      0.0
  SNOW DEPTH       0

DEGREE DAYS
 HEATING
  TODAY            0                         0      0        0
  MONTH TO DATE    0                         0      0        0
  SINCE JUN 1      2                        16    -14       34
  SINCE JUL 1      0                         0      0        0

 COOLING
  TODAY           19                        13      6       11
  MONTH TO DATE  183                       167     16      178
  SINCE JUN 1    453                       398     55      406
  SINCE JAN 1    572                       464    108      528
..................................................................


WIND (MPH)
  HIGHEST WIND SPEED    20   HIGHEST WIND DIRECTION     S (170)
  HIGHEST GUST SPEED    24   HIGHEST GUST DIRECTION     S (170)
  AVERAGE WIND SPEED     9.3


SKY COVER
  AVERAGE SKY COVER 0.8


WEATHER CONDITIONS
 THE FOLLOWING WEATHER WAS RECORDED TODAY.
  NO SIGNIFICANT WEATHER WAS OBSERVED.


RELATIVE HUMIDITY (PERCENT)
 HIGHEST    88           200 AM
 LOWEST     63           100 PM
 AVERAGE    76

..........................................................


THE LAGUARDIA NY CLIMATE NORMALS FOR TOMORROW
                         NORMAL    RECORD    YEAR
 MAXIMUM TEMPERATURE (F)   86       103      1995
 MINIMUM TEMPERATURE (F)   70        62      1960
                                             1950
                                             1940


SUNRISE AND SUNSET
JULY 14 2016..........SUNRISE   537 AM EDT   SUNSET   826 PM EDT
JULY 15 2016..........SUNRISE   537 AM EDT   SUNSET   825 PM EDT


-  INDICATES NEGATIVE NUMBERS.
R  INDICATES RECORD WAS SET OR TIED.
MM INDICATES DATA IS MISSING.
T  INDICATES TRACE AMOUNT.




$$
