000
CDUS41 KOKX 120617
CLILGA


CLIMATE REPORT
NATIONAL WEATHER SERVICE NEW YORK NY
116 AM EST SUN FEB 12 2017


...................................

...THE LAGUARDIA NY CLIMATE SUMMARY FOR FEBRUARY 11 2017...

CLIMATE NORMAL PERIOD 1981 TO 2010
CLIMATE RECORD PERIOD 1939 TO 2017


WEATHER ITEM   OBSERVED TIME   RECORD YEAR NORMAL DEPARTURE LAST
                VALUE   (LST)  VALUE       VALUE  FROM      YEAR
                                                  NORMAL
..................................................................
TEMPERATURE (F)
 YESTERDAY
  MAXIMUM         49    345 PM  63    2009  41      8       32
  MINIMUM         31    154 AM   2    1979  28      3       20
  AVERAGE         40                        35      5       26

PRECIPITATION (IN)
  YESTERDAY        0.00          1.32 1983   0.10  -0.10     0.05
  MONTH TO DATE    1.12                      1.05   0.07     1.17
  SINCE DEC 1      8.20                      7.78   0.42     9.67
  SINCE JAN 1      5.25                      4.22   1.03     5.34

SNOWFALL (IN)
  YESTERDAY        0.0          17.0  1983   0.3   -0.3      0.7
  MONTH TO DATE   10.0                       3.5    6.5      4.1
  SINCE OCT 1     23.1                      16.4    6.7     32.9
  SINCE JUL 1     23.1                      16.4    6.7     32.9
  SNOW DEPTH       6

DEGREE DAYS
 HEATING
  YESTERDAY       25                        30     -5       39
  MONTH TO DATE  297                       341    -44      275
  SINCE DEC 1   1833                      2165   -332     1610
  SINCE JUL 1   2371                      2940   -569     2172

 COOLING
  YESTERDAY        0                         0      0        0
  MONTH TO DATE    0                         0      0        0
  SINCE DEC 1      0                         0      0        1
  SINCE JAN 1      0                         0      0        0
..................................................................


WIND (MPH)
  HIGHEST WIND SPEED    14   HIGHEST WIND DIRECTION     W (280)
  HIGHEST GUST SPEED    17   HIGHEST GUST DIRECTION     W (280)
  AVERAGE WIND SPEED     4.9


SKY COVER
  AVERAGE SKY COVER 0.8


WEATHER CONDITIONS
 THE FOLLOWING WEATHER WAS RECORDED YESTERDAY.
  NO SIGNIFICANT WEATHER WAS OBSERVED.


RELATIVE HUMIDITY (PERCENT)
 HIGHEST    82          1000 PM
 LOWEST     38           300 PM
 AVERAGE    60

..........................................................


THE LAGUARDIA NY CLIMATE NORMALS FOR TODAY
                         NORMAL    RECORD    YEAR
 MAXIMUM TEMPERATURE (F)   42        58      1984
 MINIMUM TEMPERATURE (F)   28         4      1979


SUNRISE AND SUNSET
FEBRUARY 12 2017......SUNRISE   653 AM EST   SUNSET   527 PM EST
FEBRUARY 13 2017......SUNRISE   652 AM EST   SUNSET   528 PM EST


-  INDICATES NEGATIVE NUMBERS.
R  INDICATES RECORD WAS SET OR TIED.
MM INDICATES DATA IS MISSING.
T  INDICATES TRACE AMOUNT.




$$
