000
CDUS41 KOKX 080618
CLILGA


CLIMATE REPORT
NATIONAL WEATHER SERVICE NEW YORK NY
218 AM EDT WED OCT 8 2014


...................................

...THE LAGUARDIA NY CLIMATE SUMMARY FOR OCTOBER 7 2014...

CLIMATE NORMAL PERIOD 1981 TO 2010
CLIMATE RECORD PERIOD 1945 TO 2014


WEATHER ITEM   OBSERVED TIME   RECORD YEAR NORMAL DEPARTURE LAST
                VALUE   (LST)  VALUE       VALUE  FROM      YEAR
                                                  NORMAL
..................................................................
TEMPERATURE (F)
 YESTERDAY
  MAXIMUM         72    300 PM  85    1944  68      4       77
  MINIMUM         65   1159 PM  40    1954  54     11       62
  AVERAGE         69                        61      8       70

PRECIPITATION (IN)
  YESTERDAY        0.03          3.44 1972   0.12  -0.09     0.33
  MONTH TO DATE    1.08                      0.86   0.22     0.37
  SINCE SEP 1      2.32                      4.59  -2.27     3.66
  SINCE JAN 1     37.38                     34.84   2.54    31.00

SNOWFALL (IN)
  YESTERDAY        0.0          MM      MM   0.0    0.0      0.0
  MONTH TO DATE    0.0                       0.0    0.0      0.0
  SINCE OCT 1      0.0                       0.0    0.0      0.0
  SINCE JUL 1      0.0                       0.0    0.0      0.0
  SNOW DEPTH       0

DEGREE DAYS
 HEATING
  YESTERDAY        0                         5     -5        0
  MONTH TO DATE   23                        31     -8        0
  SINCE SEP 1     36                        65    -29       31
  SINCE JUL 1     36                        66    -30       31

 COOLING
  YESTERDAY        4                         1      3        5
  MONTH TO DATE    4                        12     -8       48
  SINCE SEP 1    185                       169     16      180
  SINCE JAN 1   1172                      1202    -30     1399
..................................................................


WIND (MPH)
  HIGHEST WIND SPEED    21   HIGHEST WIND DIRECTION     S (180)
  HIGHEST GUST SPEED    28   HIGHEST GUST DIRECTION     S (170)
  AVERAGE WIND SPEED    13.7


SKY COVER
  AVERAGE SKY COVER 0.8


WEATHER CONDITIONS
 THE FOLLOWING WEATHER WAS RECORDED YESTERDAY.
  LIGHT RAIN


RELATIVE HUMIDITY (PERCENT)
 HIGHEST    81           600 PM
 LOWEST     41           300 PM
 AVERAGE    61

..........................................................


THE LAGUARDIA NY CLIMATE NORMALS FOR TODAY
                         NORMAL    RECORD    YEAR
 MAXIMUM TEMPERATURE (F)   68        89      2007
 MINIMUM TEMPERATURE (F)   54        40      1988
                                             1964


SUNRISE AND SUNSET
OCTOBER  8 2014.......SUNRISE   659 AM EDT   SUNSET   626 PM EDT
OCTOBER  9 2014.......SUNRISE   700 AM EDT   SUNSET   625 PM EDT


-  INDICATES NEGATIVE NUMBERS.
R  INDICATES RECORD WAS SET OR TIED.
MM INDICATES DATA IS MISSING.
T  INDICATES TRACE AMOUNT.




$$
