000
CDUS41 KOKX 080629
CLILGA


CLIMATE REPORT
NATIONAL WEATHER SERVICE NEW YORK NY
228 AM EDT SUN OCT 8 2017


...................................

...THE LAGUARDIA NY CLIMATE SUMMARY FOR OCTOBER 7 2017...

CLIMATE NORMAL PERIOD 1981 TO 2010
CLIMATE RECORD PERIOD 1939 TO 2017


WEATHER ITEM   OBSERVED TIME   RECORD YEAR NORMAL DEPARTURE LAST
                VALUE   (LST)  VALUE       VALUE  FROM      YEAR
                                                  NORMAL
..................................................................
TEMPERATURE (F)
 YESTERDAY
  MAXIMUM         82   1127 AM  85    1944  68     14       77
  MINIMUM         66    727 AM  40    1954  54     12       60
  AVERAGE         74                        61     13       69

PRECIPITATION (IN)
  YESTERDAY        0.00          3.44 1972   0.12  -0.12     0.00
  MONTH TO DATE    T                         0.86  -0.86      T
  SINCE SEP 1      1.84                      4.59  -2.75     2.53
  SINCE JAN 1     34.83                     34.84  -0.01    26.25

SNOWFALL (IN)
  YESTERDAY        0.0          MM      MM   0.0    0.0      0.0
  MONTH TO DATE    0.0                       0.0    0.0      0.0
  SINCE OCT 1      0.0                       0.0    0.0      0.0
  SINCE JUL 1      0.0                       0.0    0.0      0.0
  SNOW DEPTH       0

DEGREE DAYS
 HEATING
  YESTERDAY        0                         5     -5        0
  MONTH TO DATE    4                        31    -27       10
  SINCE SEP 1     14                        65    -51       15
  SINCE JUL 1     14                        66    -52       15

 COOLING
  YESTERDAY        9                         1      8        4
  MONTH TO DATE   32                        12     20       11
  SINCE SEP 1    244                       169     75      287
  SINCE JAN 1   1375                      1202    173     1704
..................................................................


WIND (MPH)
  HIGHEST WIND SPEED    21   HIGHEST WIND DIRECTION     S (180)
  HIGHEST GUST SPEED    29   HIGHEST GUST DIRECTION     S (180)
  AVERAGE WIND SPEED     9.5


SKY COVER
  AVERAGE SKY COVER 0.7


WEATHER CONDITIONS
 THE FOLLOWING WEATHER WAS RECORDED YESTERDAY.
  FOG


RELATIVE HUMIDITY (PERCENT)
 HIGHEST   100           600 AM
 LOWEST     58          1100 AM
 AVERAGE    79

..........................................................


THE LAGUARDIA NY CLIMATE NORMALS FOR TODAY
                         NORMAL    RECORD    YEAR
 MAXIMUM TEMPERATURE (F)   68        89      2007
 MINIMUM TEMPERATURE (F)   54        40      1988
                                             1964


SUNRISE AND SUNSET
OCTOBER  8 2017.......SUNRISE   700 AM EDT   SUNSET   626 PM EDT
OCTOBER  9 2017.......SUNRISE   701 AM EDT   SUNSET   624 PM EDT


-  INDICATES NEGATIVE NUMBERS.
R  INDICATES RECORD WAS SET OR TIED.
MM INDICATES DATA IS MISSING.
T  INDICATES TRACE AMOUNT.




$$
