000
CDUS41 KOKX 260616
CLILGA


CLIMATE REPORT
NATIONAL WEATHER SERVICE NEW YORK NY
216 AM EDT WED MAR 26 2014


...................................

...THE LAGUARDIA NY CLIMATE SUMMARY FOR MARCH 25 2014...

CLIMATE NORMAL PERIOD 1981 TO 2010
CLIMATE RECORD PERIOD 1948 TO 2014


WEATHER ITEM   OBSERVED TIME   RECORD YEAR NORMAL DEPARTURE LAST
                VALUE   (LST)  VALUE       VALUE  FROM      YEAR
                                                  NORMAL
..................................................................
TEMPERATURE (F)
 YESTERDAY
  MAXIMUM         38    221 PM  77    1963  53    -15       41
  MINIMUM         26    400 AM  19    1956  37    -11       37
  AVERAGE         32                        45    -13       39

PRECIPITATION (IN)
  YESTERDAY        T             1.55 1969   0.13  -0.13     0.16
  MONTH TO DATE    1.35                      3.15  -1.80     2.29
  SINCE MAR 1      1.35                      3.15  -1.80     2.29
  SINCE JAN 1      8.64                      9.08  -0.44     8.13

SNOWFALL (IN)
  YESTERDAY        T   R         T    2013   0.1   -0.1       T
  MONTH TO DATE    0.4                       4.0   -3.6      6.1
  SINCE OCT 1     52.1                      26.0   26.1     22.2
  SINCE JUL 1     52.1                      26.0   26.1     22.2
  SNOW DEPTH       0

DEGREE DAYS
 HEATING
  YESTERDAY       33                        20     13       26
  MONTH TO DATE  716                       593    123      643
  SINCE MAR 1    716                       593    123      643
  SINCE JUL 1   4373                      4022    351     3838

 COOLING
  YESTERDAY        0                         0      0        0
  MONTH TO DATE    0                         0      0        0
  SINCE MAR 1      0                         0      0        0
  SINCE JAN 1      0                         0      0        0
..................................................................


WIND (MPH)
  HIGHEST WIND SPEED    18   HIGHEST WIND DIRECTION     S (160)
  HIGHEST GUST SPEED    24   HIGHEST GUST DIRECTION     S (180)
  AVERAGE WIND SPEED     8.9


SKY COVER
  AVERAGE SKY COVER 0.8


WEATHER CONDITIONS
 THE FOLLOWING WEATHER WAS RECORDED YESTERDAY.
  LIGHT SNOW


RELATIVE HUMIDITY (PERCENT)
 HIGHEST    51          1100 PM
 LOWEST     24          1100 AM
 AVERAGE    38

..........................................................


THE LAGUARDIA NY CLIMATE NORMALS FOR TODAY
                         NORMAL    RECORD    YEAR
 MAXIMUM TEMPERATURE (F)   53        72      1943
 MINIMUM TEMPERATURE (F)   38        20      1960


SUNRISE AND SUNSET
MARCH 26 2014.........SUNRISE   649 AM EDT   SUNSET   714 PM EDT
MARCH 27 2014.........SUNRISE   647 AM EDT   SUNSET   715 PM EDT


-  INDICATES NEGATIVE NUMBERS.
R  INDICATES RECORD WAS SET OR TIED.
MM INDICATES DATA IS MISSING.
T  INDICATES TRACE AMOUNT.




$$
