000
CDUS41 KOKX 080618
CLILGA


CLIMATE REPORT
NATIONAL WEATHER SERVICE NEW YORK NY
117 AM EST SUN JAN 8 2017


...................................

...THE LAGUARDIA NY CLIMATE SUMMARY FOR JANUARY 7 2017...

CLIMATE NORMAL PERIOD 1981 TO 2010
CLIMATE RECORD PERIOD 1939 TO 2017


WEATHER ITEM   OBSERVED TIME   RECORD YEAR NORMAL DEPARTURE LAST
                VALUE   (LST)  VALUE       VALUE  FROM      YEAR
                                                  NORMAL
..................................................................
TEMPERATURE (F)
 YESTERDAY
  MAXIMUM         28   1233 AM  62    2012  39    -11       48
                                      1946
  MINIMUM         22    425 PM   4    2014  27     -5       32
  AVERAGE         25                        33     -8       40

PRECIPITATION (IN)
  YESTERDAY        0.23          1.13 1998   0.10   0.13     0.00
  MONTH TO DATE    0.90                      0.72   0.18     0.00
  SINCE DEC 1      3.85                      4.28  -0.43     4.33
  SINCE JAN 1      0.90                      0.72   0.18     0.00

SNOWFALL (IN)
  YESTERDAY        7.0          17.1  1996   0.2    6.8      0.0
  MONTH TO DATE    8.3                       1.6    6.7      0.0
  SINCE OCT 1     11.3                       7.1    4.2       T
  SINCE JUL 1     11.3                       7.1    4.2       T
  SNOW DEPTH       0

DEGREE DAYS
 HEATING
  YESTERDAY       40                        32      8       25
  MONTH TO DATE  193                       220    -27      211
  SINCE DEC 1    951                      1051   -100      644
  SINCE JUL 1   1489                      1826   -337     1206

 COOLING
  YESTERDAY        0                         0      0        0
  MONTH TO DATE    0                         0      0        0
  SINCE DEC 1      0                         0      0        1
  SINCE JAN 1      0                         0      0        0
..................................................................


WIND (MPH)
  HIGHEST WIND SPEED    24   HIGHEST WIND DIRECTION     N (340)
  HIGHEST GUST SPEED    31   HIGHEST GUST DIRECTION     N (340)
  AVERAGE WIND SPEED    13.9


SKY COVER
  AVERAGE SKY COVER 1.0


WEATHER CONDITIONS
 THE FOLLOWING WEATHER WAS RECORDED YESTERDAY.
  HEAVY SNOW
  SNOW
  LIGHT SNOW
  FOG
  FOG W/VISIBILITY <= 1/4 MILE
  HAZE


RELATIVE HUMIDITY (PERCENT)
 HIGHEST    88           400 PM
 LOWEST     42          1200 AM
 AVERAGE    65

..........................................................


THE LAGUARDIA NY CLIMATE NORMALS FOR TODAY
                         NORMAL    RECORD    YEAR
 MAXIMUM TEMPERATURE (F)   39        64      2008
 MINIMUM TEMPERATURE (F)   27         3      1968


SUNRISE AND SUNSET
JANUARY  8 2017.......SUNRISE   720 AM EST   SUNSET   446 PM EST
JANUARY  9 2017.......SUNRISE   719 AM EST   SUNSET   447 PM EST


-  INDICATES NEGATIVE NUMBERS.
R  INDICATES RECORD WAS SET OR TIED.
MM INDICATES DATA IS MISSING.
T  INDICATES TRACE AMOUNT.




$$
