000
CDUS41 KOKX 290621
CLILGA


CLIMATE REPORT
NATIONAL WEATHER SERVICE NEW YORK NY
120 AM EST MON JAN 29 2018


...................................

...THE LAGUARDIA NY CLIMATE SUMMARY FOR JANUARY 28 2018...

CLIMATE NORMAL PERIOD 1981 TO 2010
CLIMATE RECORD PERIOD 1939 TO 2018


WEATHER ITEM   OBSERVED TIME   RECORD YEAR NORMAL DEPARTURE LAST
                VALUE   (LST)  VALUE       VALUE  FROM      YEAR
                                                  NORMAL
..................................................................
TEMPERATURE (F)
 YESTERDAY
  MAXIMUM         54    256 AM  60    2002  40     14       40
                                      1947
  MINIMUM         42   1159 PM   7    2005  27     15       36
  AVERAGE         48                        33     15       38

PRECIPITATION (IN)
  YESTERDAY        0.27          1.55 1994   0.09   0.18     0.00
  MONTH TO DATE    2.06                      2.86  -0.80     4.07
  SINCE DEC 1      4.12                      6.42  -2.30     7.02
  SINCE JAN 1      2.06                      2.86  -0.80     4.07

SNOWFALL (IN)
  YESTERDAY        0.0           4.2  2004   0.3   -0.3      0.0
  MONTH TO DATE    7.5                       6.6    0.9      8.9
  SINCE OCT 1     15.5                      12.1    3.4     11.9
  SINCE JUL 1     15.5                      12.1    3.4     11.9
  SNOW DEPTH       0

DEGREE DAYS
 HEATING
  YESTERDAY       17                        32    -15       27
  MONTH TO DATE  936                       892     44      691
  SINCE DEC 1   1821                      1723     98     1449
  SINCE JUL 1   2412                      2498    -86     1987

 COOLING
  YESTERDAY        0                         0      0        0
  MONTH TO DATE    0                         0      0        0
  SINCE DEC 1      0                         0      0        0
  SINCE JAN 1      0                         0      0        0
..................................................................


WIND (MPH)
  HIGHEST WIND SPEED    17   HIGHEST WIND DIRECTION     W (250)
  HIGHEST GUST SPEED    24   HIGHEST GUST DIRECTION     W (250)
  AVERAGE WIND SPEED     6.5


SKY COVER
  AVERAGE SKY COVER 0.9


WEATHER CONDITIONS
 THE FOLLOWING WEATHER WAS RECORDED YESTERDAY.
  LIGHT RAIN


RELATIVE HUMIDITY (PERCENT)
 HIGHEST    86           600 AM
 LOWEST     56           600 PM
 AVERAGE    71

..........................................................


THE LAGUARDIA NY CLIMATE NORMALS FOR TODAY
                         NORMAL    RECORD    YEAR
 MAXIMUM TEMPERATURE (F)   40        68      2002
 MINIMUM TEMPERATURE (F)   27         2      1977


SUNRISE AND SUNSET
JANUARY 29 2018.......SUNRISE   708 AM EST   SUNSET   509 PM EST
JANUARY 30 2018.......SUNRISE   708 AM EST   SUNSET   511 PM EST


-  INDICATES NEGATIVE NUMBERS.
R  INDICATES RECORD WAS SET OR TIED.
MM INDICATES DATA IS MISSING.
T  INDICATES TRACE AMOUNT.




$$
