000
CDUS41 KOKX 270616
CLILGA


CLIMATE REPORT
NATIONAL WEATHER SERVICE NEW YORK NY
116 AM EST SUN NOV 27 2016


...................................

...THE LAGUARDIA NY CLIMATE SUMMARY FOR NOVEMBER 26 2016...

CLIMATE NORMAL PERIOD 1981 TO 2010
CLIMATE RECORD PERIOD 1939 TO 2016


WEATHER ITEM   OBSERVED TIME   RECORD YEAR NORMAL DEPARTURE LAST
                VALUE   (LST)  VALUE       VALUE  FROM      YEAR
                                                  NORMAL
..................................................................
TEMPERATURE (F)
 YESTERDAY
  MAXIMUM         52    249 PM  67    1946  51      1       60
  MINIMUM         44   1159 PM  24    1940  39      5       41
  AVERAGE         48                        45      3       51

PRECIPITATION (IN)
  YESTERDAY        0.00          1.98 1996   0.11  -0.11     0.00
  MONTH TO DATE    2.18                      2.92  -0.74     1.67
  SINCE SEP 1      9.53                     10.43  -0.90     7.57
  SINCE JAN 1     33.25                     40.68  -7.43    32.84

SNOWFALL (IN)
  YESTERDAY        0.0           0.4  2014   0.0    0.0      0.0
  MONTH TO DATE    T                         0.2   -0.2      0.0
  SINCE OCT 1      T                         0.2   -0.2      0.0
  SINCE JUL 1      T                         0.2   -0.2      0.0
  SNOW DEPTH       0

DEGREE DAYS
 HEATING
  YESTERDAY       17                        20     -3       14
  MONTH TO DATE  322                       421    -99      281
  SINCE SEP 1    487                       692   -205      495
  SINCE JUL 1    487                       693   -206      495

 COOLING
  YESTERDAY        0                         0      0        0
  MONTH TO DATE    2                         0      2        5
  SINCE SEP 1    328                       180    148      305
  SINCE JAN 1   1745                      1213    532     1554
..................................................................


WIND (MPH)
  HIGHEST WIND SPEED    21   HIGHEST WIND DIRECTION    NW (310)
  HIGHEST GUST SPEED    26   HIGHEST GUST DIRECTION    NW (320)
  AVERAGE WIND SPEED    11.5


SKY COVER
  AVERAGE SKY COVER 0.6


WEATHER CONDITIONS
 THE FOLLOWING WEATHER WAS RECORDED YESTERDAY.
  NO SIGNIFICANT WEATHER WAS OBSERVED.


RELATIVE HUMIDITY (PERCENT)
 HIGHEST    80           600 AM
 LOWEST     52           400 PM
 AVERAGE    66

..........................................................


THE LAGUARDIA NY CLIMATE NORMALS FOR TODAY
                         NORMAL    RECORD    YEAR
 MAXIMUM TEMPERATURE (F)   51        65      2015
                                             2007
                                             2006
 MINIMUM TEMPERATURE (F)   38        23      1949


SUNRISE AND SUNSET
NOVEMBER 27 2016......SUNRISE   657 AM EST   SUNSET   430 PM EST
NOVEMBER 28 2016......SUNRISE   658 AM EST   SUNSET   429 PM EST


-  INDICATES NEGATIVE NUMBERS.
R  INDICATES RECORD WAS SET OR TIED.
MM INDICATES DATA IS MISSING.
T  INDICATES TRACE AMOUNT.




$$
