000
CDUS41 KOKX 090700
CLILGA


CLIMATE REPORT
NATIONAL WEATHER SERVICE NEW YORK NY
259 AM EDT SAT APR 9 2016


...................................

...THE LAGUARDIA NY CLIMATE SUMMARY FOR APRIL 8 2016...

CLIMATE NORMAL PERIOD 1981 TO 2010
CLIMATE RECORD PERIOD 1945 TO 2016


WEATHER ITEM   OBSERVED TIME   RECORD YEAR NORMAL DEPARTURE LAST
                VALUE   (LST)  VALUE       VALUE  FROM      YEAR
                                                  NORMAL
..................................................................
TEMPERATURE (F)
 YESTERDAY
  MAXIMUM         51   1213 AM  89    1991  58     -7       46
  MINIMUM         41   1159 PM  25    1982  42     -1       38
                                      1972
  AVERAGE         46                        50     -4       42

PRECIPITATION (IN)
  YESTERDAY        T             1.19 1983   0.14  -0.14      T
  MONTH TO DATE    0.90                      1.11  -0.21     0.21
  SINCE MAR 1      2.16                      5.08  -2.92     4.75
  SINCE JAN 1     10.69                     11.01  -0.32    11.83

SNOWFALL (IN)
  YESTERDAY        0.0           6.4  1956   0.1   -0.1      0.0
  MONTH TO DATE    T                         0.3   -0.3      0.0
  SINCE OCT 1     36.2                      26.7    9.5     53.8
  SINCE JUL 1     36.2                      26.7    9.5     53.8
  SNOW DEPTH       0

DEGREE DAYS
 HEATING
  YESTERDAY       19                        15      4       23
  MONTH TO DATE  144                       131     13      121
  SINCE MAR 1    639                       838   -199      955
  SINCE JUL 1   3301                      4267   -966     4677

 COOLING
  YESTERDAY        0                         0      0        0
  MONTH TO DATE    3                         0      3        0
  SINCE MAR 1      8                         0      8        0
  SINCE JAN 1      8                         0      8        0
..................................................................


WIND (MPH)
  HIGHEST WIND SPEED    26   HIGHEST WIND DIRECTION     W (270)
  HIGHEST GUST SPEED    36   HIGHEST GUST DIRECTION     W (270)
  AVERAGE WIND SPEED    14.9


SKY COVER
  AVERAGE SKY COVER 0.6


WEATHER CONDITIONS
 THE FOLLOWING WEATHER WAS RECORDED YESTERDAY.
  NO SIGNIFICANT WEATHER WAS OBSERVED.


RELATIVE HUMIDITY (PERCENT)
 HIGHEST    61           200 AM
 LOWEST     34           200 PM
 AVERAGE    48

..........................................................


THE LAGUARDIA NY CLIMATE NORMALS FOR TODAY
                         NORMAL    RECORD    YEAR
 MAXIMUM TEMPERATURE (F)   59        84      1991
 MINIMUM TEMPERATURE (F)   42        26      1977


SUNRISE AND SUNSET
APRIL  9 2016.........SUNRISE   625 AM EDT   SUNSET   729 PM EDT
APRIL 10 2016.........SUNRISE   624 AM EDT   SUNSET   730 PM EDT


-  INDICATES NEGATIVE NUMBERS.
R  INDICATES RECORD WAS SET OR TIED.
MM INDICATES DATA IS MISSING.
T  INDICATES TRACE AMOUNT.




$$
