000
CDUS41 KOKX 272032
CLILGA


CLIMATE REPORT
NATIONAL WEATHER SERVICE NEW YORK NY
432 PM EDT FRI MAY 27 2016


...................................

...THE LAGUARDIA NY CLIMATE SUMMARY FOR MAY 27 2016...
VALID TODAY AS OF 0400 PM LOCAL TIME.

CLIMATE NORMAL PERIOD 1981 TO 2010
CLIMATE RECORD PERIOD 1945 TO 2016


WEATHER ITEM   OBSERVED TIME   RECORD YEAR NORMAL DEPARTURE LAST
                VALUE   (LST)  VALUE       VALUE  FROM      YEAR
                                                  NORMAL
..................................................................
TEMPERATURE (F)
 TODAY
  MAXIMUM         88   1232 PM  92    1965  75     13       81
  MINIMUM         67    335 AM  41    1961  57     10       67
  AVERAGE         78                        66     12       74

PRECIPITATION (IN)
  TODAY            0.00          1.84 1946   0.13  -0.13     0.02
  MONTH TO DATE    2.39                      3.24  -0.85     0.33
  SINCE MAR 1      5.31                     11.21  -5.90     6.69
  SINCE JAN 1     13.84                     17.14  -3.30    13.77

SNOWFALL (IN)
  TODAY            0.0           T    1961   0.0    0.0      0.0
  MONTH TO DATE    0.0                       0.0    0.0      0.0
  SINCE OCT 1     36.2                      26.9    9.3     53.8
  SINCE JUL 1     36.2                      26.9    9.3     53.8
  SNOW DEPTH       0

DEGREE DAYS
 HEATING
  TODAY            0                         2     -2        0
  MONTH TO DATE  141                       127     14       50
  SINCE MAR 1    990                      1212   -222     1228
  SINCE JUL 1   3652                      4641   -989     4950

 COOLING
  TODAY           13                         3     10        9
  MONTH TO DATE   51                        44      7       84
  SINCE MAR 1     64                        52     12       86
  SINCE JAN 1     64                        52     12       86
..................................................................


WIND (MPH)
  HIGHEST WIND SPEED    17   HIGHEST WIND DIRECTION     S (170)
  HIGHEST GUST SPEED    23   HIGHEST GUST DIRECTION     S (170)
  AVERAGE WIND SPEED     6.8


SKY COVER
  AVERAGE SKY COVER 0.6


WEATHER CONDITIONS
 THE FOLLOWING WEATHER WAS RECORDED TODAY.
  HAZE


RELATIVE HUMIDITY (PERCENT)
 HIGHEST    84           400 AM
 LOWEST     57          1200 PM
 AVERAGE    71

..........................................................


THE LAGUARDIA NY CLIMATE NORMALS FOR TOMORROW
                         NORMAL    RECORD    YEAR
 MAXIMUM TEMPERATURE (F)   75        92      1977
 MINIMUM TEMPERATURE (F)   58        44      1961


SUNRISE AND SUNSET
MAY 27 2016...........SUNRISE   529 AM EDT   SUNSET   817 PM EDT
MAY 28 2016...........SUNRISE   528 AM EDT   SUNSET   818 PM EDT


-  INDICATES NEGATIVE NUMBERS.
R  INDICATES RECORD WAS SET OR TIED.
MM INDICATES DATA IS MISSING.
T  INDICATES TRACE AMOUNT.




$$
