000
CDUS41 KOKX 260619
CLILGA


CLIMATE REPORT
NATIONAL WEATHER SERVICE NEW YORK NY
219 AM EDT SUN MAR 26 2017


...................................

...THE LAGUARDIA NY CLIMATE SUMMARY FOR MARCH 25 2017...

CLIMATE NORMAL PERIOD 1981 TO 2010
CLIMATE RECORD PERIOD 1939 TO 2017


WEATHER ITEM   OBSERVED TIME   RECORD YEAR NORMAL DEPARTURE LAST
                VALUE   (LST)  VALUE       VALUE  FROM      YEAR
                                                  NORMAL
..................................................................
TEMPERATURE (F)
 YESTERDAY
  MAXIMUM         57   1243 PM  77    1963  53      4       73
  MINIMUM         44   1159 PM  19    1956  37      7       44
  AVERAGE         51                        45      6       59

PRECIPITATION (IN)
  YESTERDAY        T             1.55 1969   0.13  -0.13     0.07
  MONTH TO DATE    1.62                      3.15  -1.53     0.75
  SINCE MAR 1      1.62                      3.15  -1.53     0.75
  SINCE JAN 1      7.62                      9.08  -1.46     9.28

SNOWFALL (IN)
  YESTERDAY        0.0           T    2014   0.1   -0.1      0.0
                                      2013
  MONTH TO DATE    9.8                       4.0    5.8      1.8
  SINCE OCT 1     33.2                      26.0    7.2     36.2
  SINCE JUL 1     33.2                      26.0    7.2     36.2
  SNOW DEPTH       0

DEGREE DAYS
 HEATING
  YESTERDAY       14                        20     -6        6
  MONTH TO DATE  618                       593     25      406
  SINCE MAR 1    618                       593     25      406
  SINCE JUL 1   3305                      4022   -717     3068

 COOLING
  YESTERDAY        0                         0      0        0
  MONTH TO DATE    0                         0      0        5
  SINCE MAR 1      0                         0      0        5
  SINCE JAN 1      0                         0      0        5
..................................................................


WIND (MPH)
  HIGHEST WIND SPEED    20   HIGHEST WIND DIRECTION    NE (40)
  HIGHEST GUST SPEED    25   HIGHEST GUST DIRECTION    NE (40)
  AVERAGE WIND SPEED     8.8


SKY COVER
  AVERAGE SKY COVER 0.8


WEATHER CONDITIONS
 THE FOLLOWING WEATHER WAS RECORDED YESTERDAY.
  LIGHT RAIN


RELATIVE HUMIDITY (PERCENT)
 HIGHEST    83           900 PM
 LOWEST     43           100 AM
 AVERAGE    63

..........................................................


THE LAGUARDIA NY CLIMATE NORMALS FOR TODAY
                         NORMAL    RECORD    YEAR
 MAXIMUM TEMPERATURE (F)   53        72      1943
 MINIMUM TEMPERATURE (F)   38        20      1960


SUNRISE AND SUNSET
MARCH 26 2017.........SUNRISE   649 AM EDT   SUNSET   714 PM EDT
MARCH 27 2017.........SUNRISE   647 AM EDT   SUNSET   715 PM EDT


-  INDICATES NEGATIVE NUMBERS.
R  INDICATES RECORD WAS SET OR TIED.
MM INDICATES DATA IS MISSING.
T  INDICATES TRACE AMOUNT.




$$
