000
CDUS41 KOKX 290616
CLILGA


CLIMATE REPORT
NATIONAL WEATHER SERVICE NEW YORK NY
215 AM EDT MON SEP 29 2014


...................................

...THE LAGUARDIA NY CLIMATE SUMMARY FOR SEPTEMBER 28 2014...

CLIMATE NORMAL PERIOD 1981 TO 2010
CLIMATE RECORD PERIOD 1945 TO 2014


WEATHER ITEM   OBSERVED TIME   RECORD YEAR NORMAL DEPARTURE LAST
                VALUE   (LST)  VALUE       VALUE  FROM      YEAR
                                                  NORMAL
..................................................................
TEMPERATURE (F)
 YESTERDAY
  MAXIMUM         84    152 PM  86    1943  72     12       73
  MINIMUM         65    616 AM  42    1947  57      8       58
  AVERAGE         75                        65     10       66

PRECIPITATION (IN)
  YESTERDAY        0.00          3.27 2004   0.14  -0.14     0.00
  MONTH TO DATE    1.20                      3.45  -2.25     3.29
  SINCE SEP 1      1.20                      3.45  -2.25     3.29
  SINCE JAN 1     36.26                     33.70   2.56    30.63

SNOWFALL (IN)
  YESTERDAY        0.0          MM      MM   0.0    0.0      0.0
  MONTH TO DATE    0.0                       0.0    0.0      0.0
  SINCE OCT 1     52.4                      26.9   25.5     22.2
  SINCE JUL 1      0.0                       0.0    0.0      0.0
  SNOW DEPTH       0

DEGREE DAYS
 HEATING
  YESTERDAY        0                         3     -3        0
  MONTH TO DATE   13                        26    -13       31
  SINCE SEP 1     13                        26    -13       31
  SINCE JUL 1     13                        27    -14       31

 COOLING
  YESTERDAY       10                         2      8        1
  MONTH TO DATE  170                       155     15      131
  SINCE SEP 1    170                       155     15      131
  SINCE JAN 1   1157                      1188    -31     1350
..................................................................


WIND (MPH)
  HIGHEST WIND SPEED    15   HIGHEST WIND DIRECTION     S (160)
  HIGHEST GUST SPEED    17   HIGHEST GUST DIRECTION     S (160)
  AVERAGE WIND SPEED     4.9


SKY COVER
  AVERAGE SKY COVER 0.5


WEATHER CONDITIONS
 THE FOLLOWING WEATHER WAS RECORDED YESTERDAY.
  NO SIGNIFICANT WEATHER WAS OBSERVED.


RELATIVE HUMIDITY (PERCENT)
 HIGHEST    87           300 AM
 LOWEST     37          1200 PM
 AVERAGE    62

..........................................................


THE LAGUARDIA NY CLIMATE NORMALS FOR TODAY
                         NORMAL    RECORD    YEAR
 MAXIMUM TEMPERATURE (F)   71        86      1945
 MINIMUM TEMPERATURE (F)   57        43      1942


SUNRISE AND SUNSET
SEPTEMBER 29 2014.....SUNRISE   650 AM EDT   SUNSET   641 PM EDT
SEPTEMBER 30 2014.....SUNRISE   651 AM EDT   SUNSET   639 PM EDT


-  INDICATES NEGATIVE NUMBERS.
R  INDICATES RECORD WAS SET OR TIED.
MM INDICATES DATA IS MISSING.
T  INDICATES TRACE AMOUNT.




$$
