000
CDUS41 KOKX 280624
CLILGA


CLIMATE REPORT
NATIONAL WEATHER SERVICE NEW YORK NY
224 AM EDT THU APR 28 2016


...................................

...THE LAGUARDIA NY CLIMATE SUMMARY FOR APRIL 27 2016...

CLIMATE NORMAL PERIOD 1981 TO 2010
CLIMATE RECORD PERIOD 1945 TO 2016


WEATHER ITEM   OBSERVED TIME   RECORD YEAR NORMAL DEPARTURE LAST
                VALUE   (LST)  VALUE       VALUE  FROM      YEAR
                                                  NORMAL
..................................................................
TEMPERATURE (F)
 YESTERDAY
  MAXIMUM         60    130 PM  89    1990  65     -5       60
  MINIMUM         47    556 AM  38    1946  48     -1       49
  AVERAGE         54                        57     -3       55

PRECIPITATION (IN)
  YESTERDAY        0.00          1.85 2007   0.13  -0.13     0.00
  MONTH TO DATE    1.64                      3.64  -2.00     1.82
  SINCE MAR 1      2.90                      7.61  -4.71     6.36
  SINCE JAN 1     11.43                     13.54  -2.11    13.44

SNOWFALL (IN)
  YESTERDAY        0.0           T    1967   0.0    0.0      0.0
  MONTH TO DATE    T                         0.5   -0.5      0.0
  SINCE OCT 1     36.2                      26.9    9.3     53.8
  SINCE JUL 1     36.2                      26.9    9.3     53.8
  SNOW DEPTH       0

DEGREE DAYS
 HEATING
  YESTERDAY       11                         9      2       10
  MONTH TO DATE  321                       353    -32      329
  SINCE MAR 1    816                      1060   -244     1163
  SINCE JUL 1   3478                      4489  -1011     4885

 COOLING
  YESTERDAY        0                         0      0        0
  MONTH TO DATE    8                         0      8        2
  SINCE MAR 1     13                         0     13        2
  SINCE JAN 1     13                         0     13        2
..................................................................


WIND (MPH)
  HIGHEST WIND SPEED    17   HIGHEST WIND DIRECTION     S (160)
  HIGHEST GUST SPEED    21   HIGHEST GUST DIRECTION     S (160)
  AVERAGE WIND SPEED     7.9


SKY COVER
  AVERAGE SKY COVER 0.7


WEATHER CONDITIONS
 THE FOLLOWING WEATHER WAS RECORDED YESTERDAY.
  NO SIGNIFICANT WEATHER WAS OBSERVED.


RELATIVE HUMIDITY (PERCENT)
 HIGHEST    76          1200 AM
 LOWEST     51          1100 AM
 AVERAGE    64

..........................................................


THE LAGUARDIA NY CLIMATE NORMALS FOR TODAY
                         NORMAL    RECORD    YEAR
 MAXIMUM TEMPERATURE (F)   66        89      2009
 MINIMUM TEMPERATURE (F)   48        36      1947


SUNRISE AND SUNSET
APRIL 28 2016.........SUNRISE   557 AM EDT   SUNSET   749 PM EDT
APRIL 29 2016.........SUNRISE   556 AM EDT   SUNSET   750 PM EDT


-  INDICATES NEGATIVE NUMBERS.
R  INDICATES RECORD WAS SET OR TIED.
MM INDICATES DATA IS MISSING.
T  INDICATES TRACE AMOUNT.




$$
