000
CDUS41 KOKX 250624
CLILGA


CLIMATE REPORT
NATIONAL WEATHER SERVICE NEW YORK NY
124 AM EST SUN JAN 25 2015


...................................

...THE LAGUARDIA NY CLIMATE SUMMARY FOR JANUARY 24 2015...

CLIMATE NORMAL PERIOD 1981 TO 2010
CLIMATE RECORD PERIOD 1945 TO 2015


WEATHER ITEM   OBSERVED TIME   RECORD YEAR NORMAL DEPARTURE LAST
                VALUE   (LST)  VALUE       VALUE  FROM      YEAR
                                                  NORMAL
..................................................................
TEMPERATURE (F)
 YESTERDAY
  MAXIMUM         40    643 PM  68    1967  39      1       20
  MINIMUM         32    724 AM   3    1963  26      6       11
  AVERAGE         36                        33      3       16

PRECIPITATION (IN)
  YESTERDAY        0.73          1.29 1979   0.10   0.63     0.00
  MONTH TO DATE    4.25                      2.48   1.77     2.29
  SINCE DEC 1     10.45                      6.04   4.41     6.75
  SINCE JAN 1      4.25                      2.48   1.77     2.29

SNOWFALL (IN)
  YESTERDAY        4.1           5.7  1948   0.2    3.9      0.0
  MONTH TO DATE    6.9                       5.6    1.3     16.1
  SINCE OCT 1      8.6                      11.1   -2.5     23.9
  SINCE JUL 1      8.6                      11.1   -2.5     23.9
  SNOW DEPTH       3

DEGREE DAYS
 HEATING
  YESTERDAY       29                        32     -3       49
  MONTH TO DATE  818                       764     54      835
  SINCE DEC 1   1567                      1595    -28     1660
  SINCE JUL 1   2321                      2370    -49     2442

 COOLING
  YESTERDAY        0                         0      0        0
  MONTH TO DATE    0                         0      0        0
  SINCE DEC 1      0                         0      0        0
  SINCE JAN 1      0                         0      0        0
..................................................................


WIND (MPH)
  HIGHEST WIND SPEED    24   HIGHEST WIND DIRECTION     W (290)
  HIGHEST GUST SPEED    31   HIGHEST GUST DIRECTION     W (290)
  AVERAGE WIND SPEED    11.7


SKY COVER
  AVERAGE SKY COVER 0.9


WEATHER CONDITIONS
 THE FOLLOWING WEATHER WAS RECORDED YESTERDAY.
  LIGHT RAIN
  LT FREEZING RAIN
  HEAVY SNOW
  SNOW
  LIGHT SNOW
  SLEET
  FOG
  FOG W/VISIBILITY <= 1/4 MILE
  HAZE


RELATIVE HUMIDITY (PERCENT)
 HIGHEST    96          1000 AM
 LOWEST     54           900 PM
 AVERAGE    75

..........................................................


THE LAGUARDIA NY CLIMATE NORMALS FOR TODAY
                         NORMAL    RECORD    YEAR
 MAXIMUM TEMPERATURE (F)   39        57      1967
 MINIMUM TEMPERATURE (F)   26         2      1945


SUNRISE AND SUNSET
JANUARY 25 2015.......SUNRISE   712 AM EST   SUNSET   504 PM EST
JANUARY 26 2015.......SUNRISE   711 AM EST   SUNSET   505 PM EST


-  INDICATES NEGATIVE NUMBERS.
R  INDICATES RECORD WAS SET OR TIED.
MM INDICATES DATA IS MISSING.
T  INDICATES TRACE AMOUNT.




$$
