000
CDUS41 KOKX 240623
CLILGA


CLIMATE REPORT
NATIONAL WEATHER SERVICE NEW YORK NY
222 AM EDT SAT SEP 24 2016


...................................

...THE LAGUARDIA NY CLIMATE SUMMARY FOR SEPTEMBER 23 2016...

CLIMATE NORMAL PERIOD 1981 TO 2010
CLIMATE RECORD PERIOD 1939 TO 2016


WEATHER ITEM   OBSERVED TIME   RECORD YEAR NORMAL DEPARTURE LAST
                VALUE   (LST)  VALUE       VALUE  FROM      YEAR
                                                  NORMAL
..................................................................
TEMPERATURE (F)
 YESTERDAY
  MAXIMUM         89    336 PM  93    1970  74     15       79
  MINIMUM         66   1159 PM  42    1947  59      7       59
  AVERAGE         78                        66     12       69

PRECIPITATION (IN)
  YESTERDAY        0.24          2.14 2011   0.12   0.12     0.00
  MONTH TO DATE    1.79                      2.81  -1.02     1.40
  SINCE SEP 1      1.79                      2.81  -1.02     1.40
  SINCE JAN 1     25.51                     33.06  -7.55    26.67

SNOWFALL (IN)
  YESTERDAY        0.0          MM      MM   0.0    0.0      0.0
  MONTH TO DATE    0.0                       0.0    0.0      0.0
  SINCE OCT 1     36.2                      26.9    9.3     53.8
  SINCE JUL 1      0.0                       0.0    0.0      0.0
  SNOW DEPTH       0

DEGREE DAYS
 HEATING
  YESTERDAY        0                         2     -2        0
  MONTH TO DATE    0                        14    -14        0
  SINCE SEP 1      0                        14    -14        0
  SINCE JUL 1      0                        15    -15        0

 COOLING
  YESTERDAY       13                         3     10        4
  MONTH TO DATE  268                       141    127      251
  SINCE SEP 1    268                       141    127      251
  SINCE JAN 1   1685                      1174    511     1500
..................................................................


WIND (MPH)
  HIGHEST WIND SPEED    17   HIGHEST WIND DIRECTION     N (360)
  HIGHEST GUST SPEED    22   HIGHEST GUST DIRECTION     N (360)
  AVERAGE WIND SPEED     5.8


SKY COVER
  AVERAGE SKY COVER 0.4


WEATHER CONDITIONS
 THE FOLLOWING WEATHER WAS RECORDED YESTERDAY.
  THUNDERSTORM
  HEAVY RAIN
  RAIN
  FOG


RELATIVE HUMIDITY (PERCENT)
 HIGHEST    70           200 AM
 LOWEST     29           100 PM
 AVERAGE    50

..........................................................


THE LAGUARDIA NY CLIMATE NORMALS FOR TODAY
                         NORMAL    RECORD    YEAR
 MAXIMUM TEMPERATURE (F)   73        89      1959
 MINIMUM TEMPERATURE (F)   59        44      1974
                                             1963
                                             1950


SUNRISE AND SUNSET
SEPTEMBER 24 2016.....SUNRISE   646 AM EDT   SUNSET   649 PM EDT
SEPTEMBER 25 2016.....SUNRISE   647 AM EDT   SUNSET   647 PM EDT


-  INDICATES NEGATIVE NUMBERS.
R  INDICATES RECORD WAS SET OR TIED.
MM INDICATES DATA IS MISSING.
T  INDICATES TRACE AMOUNT.




$$
