000
CDUS41 KOKX 302032
CLILGA


CLIMATE REPORT
NATIONAL WEATHER SERVICE NEW YORK NY
432 PM EDT TUE MAY 30 2017


...................................

...THE LAGUARDIA NY CLIMATE SUMMARY FOR MAY 30 2017...
VALID TODAY AS OF 0400 PM LOCAL TIME.

CLIMATE NORMAL PERIOD 1981 TO 2010
CLIMATE RECORD PERIOD 1939 TO 2017


WEATHER ITEM   OBSERVED TIME   RECORD YEAR NORMAL DEPARTURE LAST
                VALUE   (LST)  VALUE       VALUE  FROM      YEAR
                                                  NORMAL
..................................................................
TEMPERATURE (F)
 TODAY
  MAXIMUM         64   1207 PM  96    1987  76    -12       82
  MINIMUM         55    559 AM  48    1949  58     -3       69
                                      1940
  AVERAGE         60                        67     -7       76

PRECIPITATION (IN)
  TODAY            0.01          2.19 1984   0.14  -0.13     1.53
  MONTH TO DATE    5.92                      3.65   2.27     3.92
  SINCE MAR 1     14.70                     11.62   3.08     6.84
  SINCE JAN 1     20.70                     17.55   3.15    15.37

SNOWFALL (IN)
  TODAY            0.0          MM      MM   0.0    0.0      0.0
  MONTH TO DATE    0.0                       0.0    0.0      0.0
  SINCE OCT 1     33.2                      26.9    6.3     36.2
  SINCE JUL 1     33.2                      26.9    6.3     36.2
  SNOW DEPTH       0

DEGREE DAYS
 HEATING
  TODAY            5                         2      3        0
  MONTH TO DATE  122                       133    -11      141
  SINCE MAR 1   1103                      1218   -115      990
  SINCE JUL 1   3790                      4647   -857     3652

 COOLING
  TODAY            0                         4     -4       11
  MONTH TO DATE   71                        56     15       94
  SINCE MAR 1    102                        64     38      107
  SINCE JAN 1    102                        64     38      107
..................................................................


WIND (MPH)
  HIGHEST WIND SPEED    14   HIGHEST WIND DIRECTION     S (160)
  HIGHEST GUST SPEED    19   HIGHEST GUST DIRECTION     E (100)
  AVERAGE WIND SPEED     8.7


SKY COVER
  AVERAGE SKY COVER 1.0


WEATHER CONDITIONS
 THE FOLLOWING WEATHER WAS RECORDED TODAY.
  RAIN


RELATIVE HUMIDITY (PERCENT)
 HIGHEST    86          1200 AM
 LOWEST     72          1100 AM
 AVERAGE    79

..........................................................


THE LAGUARDIA NY CLIMATE NORMALS FOR TOMORROW
                         NORMAL    RECORD    YEAR
 MAXIMUM TEMPERATURE (F)   76        96      1987
 MINIMUM TEMPERATURE (F)   59        50      1961
                                             1947


SUNRISE AND SUNSET
MAY 30 2017...........SUNRISE   527 AM EDT   SUNSET   819 PM EDT
MAY 31 2017...........SUNRISE   527 AM EDT   SUNSET   820 PM EDT


-  INDICATES NEGATIVE NUMBERS.
R  INDICATES RECORD WAS SET OR TIED.
MM INDICATES DATA IS MISSING.
T  INDICATES TRACE AMOUNT.




$$
