000
CDUS41 KOKX 210619
CLILGA


CLIMATE REPORT
NATIONAL WEATHER SERVICE NEW YORK NY
219 AM EDT SUN JUN 21 2015


...................................

...THE LAGUARDIA NY CLIMATE SUMMARY FOR JUNE 20 2015...

CLIMATE NORMAL PERIOD 1981 TO 2010
CLIMATE RECORD PERIOD 1945 TO 2015


WEATHER ITEM   OBSERVED TIME   RECORD YEAR NORMAL DEPARTURE LAST
                VALUE   (LST)  VALUE       VALUE  FROM      YEAR
                                                  NORMAL
..................................................................
TEMPERATURE (F)
 YESTERDAY
  MAXIMUM         73   1203 AM  98    2012  82     -9       80
  MINIMUM         64    109 PM  55    1959  65     -1       66
  AVERAGE         69                        74     -5       73

PRECIPITATION (IN)
  YESTERDAY        T             0.41 1993   0.12  -0.12     0.00
  MONTH TO DATE    2.87                      2.75   0.12     3.62
  SINCE JUN 1      2.87                      2.75   0.12     3.62
  SINCE JAN 1     17.92                     20.44  -2.52    27.50

SNOWFALL (IN)
  YESTERDAY        0.0          MM      MM   0.0    0.0      0.0
  MONTH TO DATE    0.0                       0.0    0.0      0.0
  SINCE OCT 1     53.8                      26.9   26.9     52.4
  SINCE JUL 1     53.8                      26.9   26.9     52.4
  SNOW DEPTH       0

DEGREE DAYS
 HEATING
  YESTERDAY        0                         0      0        0
  MONTH TO DATE   34                        15     19        0
  SINCE JUN 1     34                        15     19        0
  SINCE JUL 1   4984                      4663    321     5016

 COOLING
  YESTERDAY        4                         9     -5        8
  MONTH TO DATE  124                       131     -7      130
  SINCE JUN 1    124                       131     -7      130
  SINCE JAN 1    246                       197     49      180
..................................................................


WIND (MPH)
  HIGHEST WIND SPEED    16   HIGHEST WIND DIRECTION    NE (50)
  HIGHEST GUST SPEED    18   HIGHEST GUST DIRECTION    NE (50)
  AVERAGE WIND SPEED    10.0


SKY COVER
  AVERAGE SKY COVER 0.9


WEATHER CONDITIONS
 THE FOLLOWING WEATHER WAS RECORDED YESTERDAY.
  LIGHT RAIN
  FOG
  HAZE


RELATIVE HUMIDITY (PERCENT)
 HIGHEST    93           600 PM
 LOWEST     59           500 AM
 AVERAGE    76

..........................................................


THE LAGUARDIA NY CLIMATE NORMALS FOR TODAY
                         NORMAL    RECORD    YEAR
 MAXIMUM TEMPERATURE (F)   82        98      2012
 MINIMUM TEMPERATURE (F)   66        55      1968


SUNRISE AND SUNSET
JUNE 21 2015..........SUNRISE   524 AM EDT   SUNSET   830 PM EDT
JUNE 22 2015..........SUNRISE   525 AM EDT   SUNSET   831 PM EDT


-  INDICATES NEGATIVE NUMBERS.
R  INDICATES RECORD WAS SET OR TIED.
MM INDICATES DATA IS MISSING.
T  INDICATES TRACE AMOUNT.




$$
