621
CDUS41 KOKX 130628
CLILGA


CLIMATE REPORT
NATIONAL WEATHER SERVICE NEW YORK NY
225 AM EDT MON MAR 13 2017


...................................

...THE LAGUARDIA NY CLIMATE SUMMARY FOR MARCH 12 2017...

CLIMATE NORMAL PERIOD 1981 TO 2010
CLIMATE RECORD PERIOD 1939 TO 2017


WEATHER ITEM   OBSERVED TIME   RECORD YEAR NORMAL DEPARTURE LAST
                VALUE   (LST)  VALUE       VALUE  FROM      YEAR
                                                  NORMAL
..................................................................
TEMPERATURE (F)
 YESTERDAY
  MAXIMUM         32    521 PM  69    2012  48    -16       57
  MINIMUM         22    732 AM  15    1984  33    -11       41
  AVERAGE         27                        41    -14       49

PRECIPITATION (IN)
  YESTERDAY        0.00          1.83 1962   0.12  -0.12     0.00
  MONTH TO DATE    0.52                      1.43  -0.91     0.29
  SINCE MAR 1      0.52                      1.43  -0.91     0.29
  SINCE JAN 1      6.52                      7.36  -0.84     8.82

SNOWFALL (IN)
  YESTERDAY        0.0           7.4  1959   0.1   -0.1      0.0
  MONTH TO DATE    2.4                       2.4    0.0      1.2
  SINCE OCT 1     25.8                      24.4    1.4     35.6
  SINCE JUL 1     25.8                      24.4    1.4     35.6
  SNOW DEPTH       0

DEGREE DAYS
 HEATING
  YESTERDAY       38                        24     14       16
  MONTH TO DATE  288                       307    -19      213
  SINCE MAR 1    288                       307    -19      213
  SINCE JUL 1   2975                      3736   -761     2875

 COOLING
  YESTERDAY        0                         0      0        0
  MONTH TO DATE    0                         0      0        5
  SINCE MAR 1      0                         0      0        5
  SINCE JAN 1      0                         0      0        5
..................................................................


WIND (MPH)
  HIGHEST WIND SPEED    26   HIGHEST WIND DIRECTION    NW (310)
  HIGHEST GUST SPEED    37   HIGHEST GUST DIRECTION     W (270)
  AVERAGE WIND SPEED    17.3


SKY COVER
  AVERAGE SKY COVER 0.4


WEATHER CONDITIONS
 THE FOLLOWING WEATHER WAS RECORDED YESTERDAY.
  NO SIGNIFICANT WEATHER WAS OBSERVED.


RELATIVE HUMIDITY (PERCENT)
 HIGHEST    50           400 AM
 LOWEST     31           400 PM
 AVERAGE    41

..........................................................


THE LAGUARDIA NY CLIMATE NORMALS FOR TODAY
                         NORMAL    RECORD    YEAR
 MAXIMUM TEMPERATURE (F)   49        83      1990
 MINIMUM TEMPERATURE (F)   34        19      2014
                                             1948


SUNRISE AND SUNSET
MARCH 13 2017.........SUNRISE   710 AM EDT   SUNSET   700 PM EDT
MARCH 14 2017.........SUNRISE   709 AM EDT   SUNSET   702 PM EDT


-  INDICATES NEGATIVE NUMBERS.
R  INDICATES RECORD WAS SET OR TIED.
MM INDICATES DATA IS MISSING.
T  INDICATES TRACE AMOUNT.




$$
