000
CDUS41 KOKX 120627
CLILGA


CLIMATE REPORT
NATIONAL WEATHER SERVICE NEW YORK NY
227 AM EDT TUE MAY 12 2015


...................................

...THE LAGUARDIA NY CLIMATE SUMMARY FOR MAY 11 2015...

CLIMATE NORMAL PERIOD 1981 TO 2010
CLIMATE RECORD PERIOD 1945 TO 2015


WEATHER ITEM   OBSERVED TIME   RECORD YEAR NORMAL DEPARTURE LAST
                VALUE   (LST)  VALUE       VALUE  FROM      YEAR
                                                  NORMAL
..................................................................
TEMPERATURE (F)
 YESTERDAY
  MAXIMUM         83   1239 PM  96    1953  70     13       81
  MINIMUM         67   1158 PM  42    1945  52     15       62
  AVERAGE         75                        61     14       72

PRECIPITATION (IN)
  YESTERDAY        T             1.77 1952   0.11  -0.11     0.02
  MONTH TO DATE    0.01                      1.25  -1.24     1.52
  SINCE MAR 1      6.37                      9.22  -2.85    13.41
  SINCE JAN 1     13.45                     15.15  -1.70    20.70

SNOWFALL (IN)
  YESTERDAY        0.0           T    2013   0.0    0.0      0.0
  MONTH TO DATE    0.0                       0.0    0.0      0.0
  SINCE OCT 1     53.8                      26.9   26.9     52.4
  SINCE JUL 1     53.8                      26.9   26.9     52.4
  SNOW DEPTH       0

DEGREE DAYS
 HEATING
  YESTERDAY        0                         5     -5        0
  MONTH TO DATE   26                        70    -44       44
  SINCE MAR 1   1204                      1155     49     1315
  SINCE JUL 1   4926                      4584    342     4972

 COOLING
  YESTERDAY       10                         1      9        7
  MONTH TO DATE   28                        11     17       11
  SINCE MAR 1     30                        19     11       11
  SINCE JAN 1     30                        19     11       11
..................................................................


WIND (MPH)
  HIGHEST WIND SPEED    22   HIGHEST WIND DIRECTION     S (170)
  HIGHEST GUST SPEED    29   HIGHEST GUST DIRECTION     S (190)
  AVERAGE WIND SPEED    10.8


SKY COVER
  AVERAGE SKY COVER 0.6


WEATHER CONDITIONS
 THE FOLLOWING WEATHER WAS RECORDED YESTERDAY.
  LIGHT RAIN
  FOG
  HAZE


RELATIVE HUMIDITY (PERCENT)
 HIGHEST    84           400 AM
 LOWEST     58          1200 PM
 AVERAGE    71

..........................................................


THE LAGUARDIA NY CLIMATE NORMALS FOR TODAY
                         NORMAL    RECORD    YEAR
 MAXIMUM TEMPERATURE (F)   70        88      1991
                                             1948
 MINIMUM TEMPERATURE (F)   53        44      1963


SUNRISE AND SUNSET
MAY 12 2015...........SUNRISE   542 AM EDT   SUNSET   803 PM EDT
MAY 13 2015...........SUNRISE   541 AM EDT   SUNSET   804 PM EDT


-  INDICATES NEGATIVE NUMBERS.
R  INDICATES RECORD WAS SET OR TIED.
MM INDICATES DATA IS MISSING.
T  INDICATES TRACE AMOUNT.




$$
