000
CDUS41 KOKX 270617
CLILGA


CLIMATE REPORT
NATIONAL WEATHER SERVICE NEW YORK NY
116 AM EST TUE DEC 27 2016


...................................

...THE LAGUARDIA NY CLIMATE SUMMARY FOR DECEMBER 26 2016...

CLIMATE NORMAL PERIOD 1981 TO 2010
CLIMATE RECORD PERIOD 1939 TO 2016


WEATHER ITEM   OBSERVED TIME   RECORD YEAR NORMAL DEPARTURE LAST
                VALUE   (LST)  VALUE       VALUE  FROM      YEAR
                                                  NORMAL
..................................................................
TEMPERATURE (F)
 YESTERDAY
  MAXIMUM         52   1159 PM  62    1982  41     11       59
  MINIMUM         34    814 AM   5    1980  29      5       47
  AVERAGE         43                        35      8       53

PRECIPITATION (IN)
  YESTERDAY        T             2.62 1947   0.11  -0.11     0.01
  MONTH TO DATE    2.47                      3.05  -0.58     3.48
  SINCE DEC 1      2.47                      3.05  -0.58     3.48
  SINCE JAN 1     38.91                     44.22  -5.31    36.35

SNOWFALL (IN)
  YESTERDAY        0.0          10.2  2010   0.3   -0.3      0.0
  MONTH TO DATE    3.0                       4.0   -1.0      0.0
  SINCE OCT 1      3.0                       4.3   -1.3      0.0
  SINCE JUL 1      3.0                       4.3   -1.3      0.0
  SNOW DEPTH       0

DEGREE DAYS
 HEATING
  YESTERDAY       22                        30     -8       12
  MONTH TO DATE  644                       678    -34      336
  SINCE DEC 1    644                       678    -34      336
  SINCE JUL 1   1182                      1453   -271      898

 COOLING
  YESTERDAY        0                         0      0        0
  MONTH TO DATE    0                         0      0        1
  SINCE DEC 1      0                         0      0        1
  SINCE JAN 1   1745                      1214    531     1555
..................................................................


WIND (MPH)
  HIGHEST WIND SPEED    17   HIGHEST WIND DIRECTION    NE (60)
  HIGHEST GUST SPEED    22   HIGHEST GUST DIRECTION    SW (220)
  AVERAGE WIND SPEED    10.8


SKY COVER
  AVERAGE SKY COVER 0.8


WEATHER CONDITIONS
 THE FOLLOWING WEATHER WAS RECORDED YESTERDAY.
  LIGHT RAIN
  FOG


RELATIVE HUMIDITY (PERCENT)
 HIGHEST    93          1000 PM
 LOWEST     47           300 AM
 AVERAGE    70

..........................................................


THE LAGUARDIA NY CLIMATE NORMALS FOR TODAY
                         NORMAL    RECORD    YEAR
 MAXIMUM TEMPERATURE (F)   41        63      1949
 MINIMUM TEMPERATURE (F)   29         9      1989


SUNRISE AND SUNSET
DECEMBER 27 2016......SUNRISE   719 AM EST   SUNSET   435 PM EST
DECEMBER 28 2016......SUNRISE   719 AM EST   SUNSET   436 PM EST


-  INDICATES NEGATIVE NUMBERS.
R  INDICATES RECORD WAS SET OR TIED.
MM INDICATES DATA IS MISSING.
T  INDICATES TRACE AMOUNT.




$$
