000
CDUS41 KOKX 180823
CLILGA


CLIMATE REPORT
NATIONAL WEATHER SERVICE NEW YORK NY
418 AM EDT TUE AUG 18 2015


...................................

...THE LAGUARDIA NY CLIMATE SUMMARY FOR AUGUST 17 2015...

CLIMATE NORMAL PERIOD 1981 TO 2010
CLIMATE RECORD PERIOD 1945 TO 2015


WEATHER ITEM   OBSERVED TIME   RECORD YEAR NORMAL DEPARTURE LAST
                VALUE   (LST)  VALUE       VALUE  FROM      YEAR
                                                  NORMAL
..................................................................
TEMPERATURE (F)
 YESTERDAY
  MAXIMUM         93   1143 AM  94    1944  84      9       83
  MINIMUM         79    519 AM  58    1979  69     10       69
  AVERAGE         86                        76     10       76

PRECIPITATION (IN)
  YESTERDAY        T             3.54 1998   0.13  -0.13     0.01
  MONTH TO DATE    1.48                      2.38  -0.90     1.40
  SINCE JUN 1      9.82                     10.82  -1.00     9.08
  SINCE JAN 1     24.87                     28.51  -3.64    32.96

SNOWFALL (IN)
  YESTERDAY        0.0          MM      MM   0.0    0.0      0.0
  MONTH TO DATE    0.0                       0.0    0.0      0.0
  SINCE OCT 1     53.8                      26.9   26.9     52.4
  SINCE JUL 1      0.0                       0.0    0.0      0.0
  SNOW DEPTH       0

DEGREE DAYS
 HEATING
  YESTERDAY        0                         0      0        0
  MONTH TO DATE    0                         0      0        0
  SINCE JUN 1     34                        16     18        0
  SINCE JUL 1      0                         0      0        0

 COOLING
  YESTERDAY       21                        11     10       11
  MONTH TO DATE  248                       207     41      182
  SINCE JUN 1    923                       823    100      796
  SINCE JAN 1   1045                       889    156      846
..................................................................


WIND (MPH)
  HIGHEST WIND SPEED    15   HIGHEST WIND DIRECTION     S (160)
  HIGHEST GUST SPEED    20   HIGHEST GUST DIRECTION    NE (30)
  AVERAGE WIND SPEED     6.5


SKY COVER
  AVERAGE SKY COVER 0.4


WEATHER CONDITIONS
 THE FOLLOWING WEATHER WAS RECORDED YESTERDAY.
  NO SIGNIFICANT WEATHER WAS OBSERVED.


RELATIVE HUMIDITY (PERCENT)
 HIGHEST    58           400 AM
 LOWEST     38          1200 PM
 AVERAGE    48

..........................................................


THE LAGUARDIA NY CLIMATE NORMALS FOR TODAY
                         NORMAL    RECORD    YEAR
 MAXIMUM TEMPERATURE (F)   84        95      2002
 MINIMUM TEMPERATURE (F)   69        59      1941


SUNRISE AND SUNSET
AUGUST 18 2015........SUNRISE   608 AM EDT   SUNSET   750 PM EDT
AUGUST 19 2015........SUNRISE   609 AM EDT   SUNSET   748 PM EDT


-  INDICATES NEGATIVE NUMBERS.
R  INDICATES RECORD WAS SET OR TIED.
MM INDICATES DATA IS MISSING.
T  INDICATES TRACE AMOUNT.




$$
