000
CDUS41 KOKX 130628
CLILGA


CLIMATE REPORT
NATIONAL WEATHER SERVICE NEW YORK NY
128 AM EST TUE JAN 13 2015


...................................

...THE LAGUARDIA NY CLIMATE SUMMARY FOR JANUARY 12 2015...

CLIMATE NORMAL PERIOD 1981 TO 2010
CLIMATE RECORD PERIOD 1945 TO 2015


WEATHER ITEM   OBSERVED TIME   RECORD YEAR NORMAL DEPARTURE LAST
                VALUE   (LST)  VALUE       VALUE  FROM      YEAR
                                                  NORMAL
..................................................................
TEMPERATURE (F)
 YESTERDAY
  MAXIMUM         37    850 AM  60    1975  39     -2       54
  MINIMUM         34    946 AM   1    1981  26      8       39
  AVERAGE         36                        33      3       47

PRECIPITATION (IN)
  YESTERDAY        0.39          0.97 2012   0.11   0.28     0.02
  MONTH TO DATE    1.54                      1.25   0.29     1.51
  SINCE DEC 1      7.74                      4.81   2.93     5.97
  SINCE JAN 1      1.54                      1.25   0.29     1.51

SNOWFALL (IN)
  YESTERDAY        0.0           5.0  2011   0.2   -0.2      0.0
  MONTH TO DATE    2.8                       2.9   -0.1      8.0
  SINCE OCT 1      4.5                       8.4   -3.9     15.8
  SINCE JUL 1      4.5                       8.4   -3.9     15.8
  SNOW DEPTH       0

DEGREE DAYS
 HEATING
  YESTERDAY       29                        32     -3       18
  MONTH TO DATE  423                       380     43      436
  SINCE DEC 1   1172                      1211    -39     1261
  SINCE JUL 1   1926                      1986    -60     2043

 COOLING
  YESTERDAY        0                         0      0        0
  MONTH TO DATE    0                         0      0        0
  SINCE DEC 1      0                         0      0        0
  SINCE JAN 1      0                         0      0        0
..................................................................


WIND (MPH)
  HIGHEST WIND SPEED    14   HIGHEST WIND DIRECTION     N (350)
  HIGHEST GUST SPEED    18   HIGHEST GUST DIRECTION     N (360)
  AVERAGE WIND SPEED     5.9


SKY COVER
  AVERAGE SKY COVER 1.0


WEATHER CONDITIONS
 THE FOLLOWING WEATHER WAS RECORDED YESTERDAY.
  LIGHT RAIN
  FOG


RELATIVE HUMIDITY (PERCENT)
 HIGHEST    92          1100 AM
 LOWEST     44          1200 AM
 AVERAGE    68

..........................................................


THE LAGUARDIA NY CLIMATE NORMALS FOR TODAY
                         NORMAL    RECORD    YEAR
 MAXIMUM TEMPERATURE (F)   39        62      1995
 MINIMUM TEMPERATURE (F)   26         4      1981


SUNRISE AND SUNSET
JANUARY 13 2015.......SUNRISE   718 AM EST   SUNSET   450 PM EST
JANUARY 14 2015.......SUNRISE   718 AM EST   SUNSET   451 PM EST


-  INDICATES NEGATIVE NUMBERS.
R  INDICATES RECORD WAS SET OR TIED.
MM INDICATES DATA IS MISSING.
T  INDICATES TRACE AMOUNT.




$$
