000
CDUS41 KOKX 072033
CLILGA


CLIMATE REPORT
NATIONAL WEATHER SERVICE NEW YORK NY
433 PM EDT SAT MAY 7 2016


...................................

...THE LAGUARDIA NY CLIMATE SUMMARY FOR MAY 7 2016...
VALID TODAY AS OF 0400 PM LOCAL TIME.

CLIMATE NORMAL PERIOD 1981 TO 2010
CLIMATE RECORD PERIOD 1945 TO 2016


WEATHER ITEM   OBSERVED TIME   RECORD YEAR NORMAL DEPARTURE LAST
                VALUE   (LST)  VALUE       VALUE  FROM      YEAR
                                                  NORMAL
..................................................................
TEMPERATURE (F)
 TODAY
  MAXIMUM         57    216 PM  93    2000  68    -11       76
  MINIMUM         49    522 AM  40    1970  51     -2       52
  AVERAGE         53                        60     -7       64

PRECIPITATION (IN)
  TODAY            T             1.11 1967   0.12  -0.12     0.00
  MONTH TO DATE    1.53                      0.80   0.73      T
  SINCE MAR 1      4.45                      8.77  -4.32     6.36
  SINCE JAN 1     12.98                     14.70  -1.72    13.44

SNOWFALL (IN)
  TODAY            0.0          MM      MM   0.0    0.0      0.0
  MONTH TO DATE    0.0                       0.0    0.0      0.0
  SINCE OCT 1     36.2                      26.9    9.3     53.8
  SINCE JUL 1     36.2                      26.9    9.3     53.8
  SNOW DEPTH       0

DEGREE DAYS
 HEATING
  TODAY           12                         6      6        1
  MONTH TO DATE   89                        48     41       20
  SINCE MAR 1    938                      1133   -195     1198
  SINCE JUL 1   3600                      4562   -962     4920

 COOLING
  TODAY            0                         1     -1        0
  MONTH TO DATE    0                         7     -7       11
  SINCE MAR 1     13                        15     -2       13
  SINCE JAN 1     13                        15     -2       13
..................................................................


WIND (MPH)
  HIGHEST WIND SPEED    18   HIGHEST WIND DIRECTION    NE (60)
  HIGHEST GUST SPEED    21   HIGHEST GUST DIRECTION    NE (60)
  AVERAGE WIND SPEED     9.1


SKY COVER
  AVERAGE SKY COVER 0.9


WEATHER CONDITIONS
 THE FOLLOWING WEATHER WAS RECORDED TODAY.
  LIGHT RAIN
  FOG


RELATIVE HUMIDITY (PERCENT)
 HIGHEST   100           100 AM
 LOWEST     83          1200 PM
 AVERAGE    92

..........................................................


THE LAGUARDIA NY CLIMATE NORMALS FOR TOMORROW
                         NORMAL    RECORD    YEAR
 MAXIMUM TEMPERATURE (F)   69        89      2000
                                             1943
 MINIMUM TEMPERATURE (F)   51        37      1947


SUNRISE AND SUNSET
MAY  7 2016...........SUNRISE   546 AM EDT   SUNSET   759 PM EDT
MAY  8 2016...........SUNRISE   545 AM EDT   SUNSET   800 PM EDT


-  INDICATES NEGATIVE NUMBERS.
R  INDICATES RECORD WAS SET OR TIED.
MM INDICATES DATA IS MISSING.
T  INDICATES TRACE AMOUNT.




$$
