000
CDUS41 KOKX 290619
CLILGA


CLIMATE REPORT
NATIONAL WEATHER SERVICE NEW YORK NY
219 AM EDT WED JUN 29 2016


...................................

...THE LAGUARDIA NY CLIMATE SUMMARY FOR JUNE 28 2016...

CLIMATE NORMAL PERIOD 1981 TO 2010
CLIMATE RECORD PERIOD 1939 TO 2016


WEATHER ITEM   OBSERVED TIME   RECORD YEAR NORMAL DEPARTURE LAST
                VALUE   (LST)  VALUE       VALUE  FROM      YEAR
                                                  NORMAL
..................................................................
TEMPERATURE (F)
 YESTERDAY
  MAXIMUM         78    147 PM  96    2010  84     -6       74
  MINIMUM         70    717 AM  55    1995  67      3       62
  AVERAGE         74                        76     -2       68

PRECIPITATION (IN)
  YESTERDAY        0.33          0.94 1983   0.11   0.22     0.26
  MONTH TO DATE    2.24                      3.70  -1.46     4.80
  SINCE JUN 1      2.24                      3.70  -1.46     4.80
  SINCE JAN 1     17.61                     21.39  -3.78    19.85

SNOWFALL (IN)
  YESTERDAY        0.0          MM      MM   0.0    0.0      0.0
  MONTH TO DATE    0.0                       0.0    0.0      0.0
  SINCE OCT 1     36.2                      26.9    9.3     53.8
  SINCE JUL 1     36.2                      26.9    9.3     53.8
  SNOW DEPTH       0

DEGREE DAYS
 HEATING
  YESTERDAY        0                         0      0        0
  MONTH TO DATE    2                        15    -13       34
  SINCE JUN 1      2                        15    -13       34
  SINCE JUL 1   3654                      4663  -1009     4984

 COOLING
  YESTERDAY        9                        11     -2        3
  MONTH TO DATE  242                       210     32      212
  SINCE JUN 1    242                       210     32      212
  SINCE JAN 1    361                       276     85      334
..................................................................


WIND (MPH)
  HIGHEST WIND SPEED    17   HIGHEST WIND DIRECTION     S (160)
  HIGHEST GUST SPEED    22   HIGHEST GUST DIRECTION     S (160)
  AVERAGE WIND SPEED     9.5


SKY COVER
  AVERAGE SKY COVER 0.9


WEATHER CONDITIONS
 THE FOLLOWING WEATHER WAS RECORDED YESTERDAY.
  HEAVY RAIN
  RAIN
  LIGHT RAIN
  FOG


RELATIVE HUMIDITY (PERCENT)
 HIGHEST    93          1200 AM
 LOWEST     79           800 AM
 AVERAGE    86

..........................................................


THE LAGUARDIA NY CLIMATE NORMALS FOR TODAY
                         NORMAL    RECORD    YEAR
 MAXIMUM TEMPERATURE (F)   84        98      2012
                                             1959
 MINIMUM TEMPERATURE (F)   68        59      1995


SUNRISE AND SUNSET
JUNE 29 2016..........SUNRISE   527 AM EDT   SUNSET   831 PM EDT
JUNE 30 2016..........SUNRISE   528 AM EDT   SUNSET   831 PM EDT


-  INDICATES NEGATIVE NUMBERS.
R  INDICATES RECORD WAS SET OR TIED.
MM INDICATES DATA IS MISSING.
T  INDICATES TRACE AMOUNT.




$$
