000
CDUS41 KOKX 212039
CLILGA


CLIMATE REPORT
NATIONAL WEATHER SERVICE NEW YORK NY
438 PM EDT TUE JUL 21 2015


...................................

...THE LAGUARDIA NY CLIMATE SUMMARY FOR JULY 21 2015...
VALID TODAY AS OF 0400 PM LOCAL TIME.

CLIMATE NORMAL PERIOD 1981 TO 2010
CLIMATE RECORD PERIOD 1945 TO 2015


WEATHER ITEM   OBSERVED TIME   RECORD YEAR NORMAL DEPARTURE LAST
                VALUE   (LST)  VALUE       VALUE  FROM      YEAR
                                                  NORMAL
..................................................................
TEMPERATURE (F)
 TODAY
  MAXIMUM         92    159 PM 100    1991  86      6       84
  MINIMUM         80    757 AM  62    1974  70     10       67
                                      1956
                                      1950
  AVERAGE         86                        78      8       76

PRECIPITATION (IN)
  TODAY            0.00          2.06 2006   0.15  -0.15     0.00
  MONTH TO DATE    1.87                      2.96  -1.09     3.61
  SINCE JUN 1      6.67                      6.90  -0.23     7.30
  SINCE JAN 1     21.72                     24.59  -2.87    31.18

SNOWFALL (IN)
  TODAY            0.0          MM      MM   0.0    0.0      0.0
  MONTH TO DATE    0.0                       0.0    0.0      0.0
  SINCE OCT 1     53.8                      26.9   26.9     52.4
  SINCE JUL 1      0.0                       0.0    0.0      0.0
  SNOW DEPTH       0

DEGREE DAYS
 HEATING
  TODAY            0                         0      0        0
  MONTH TO DATE    0                         0      0        0
  SINCE JUN 1     34                        16     18        0
  SINCE JUL 1      0                         0      0        0

 COOLING
  TODAY           21                        13      8       11
  MONTH TO DATE  286                       258     28      264
  SINCE JUN 1    514                       489     25      496
  SINCE JAN 1    636                       555     81      546
..................................................................


WIND (MPH)
  HIGHEST WIND SPEED    12   HIGHEST WIND DIRECTION     W (270)
  HIGHEST GUST SPEED    16   HIGHEST GUST DIRECTION     W (260)
  AVERAGE WIND SPEED     5.2


SKY COVER
  AVERAGE SKY COVER 0.9


WEATHER CONDITIONS
 THE FOLLOWING WEATHER WAS RECORDED TODAY.
  NO SIGNIFICANT WEATHER WAS OBSERVED.


RELATIVE HUMIDITY (PERCENT)
 HIGHEST    62           600 AM
 LOWEST     32           200 PM
 AVERAGE    47

..........................................................


THE LAGUARDIA NY CLIMATE NORMALS FOR TOMORROW
                         NORMAL    RECORD    YEAR
 MAXIMUM TEMPERATURE (F)   86       104      2011
 MINIMUM TEMPERATURE (F)   70        62      1956
                                             1944


SUNRISE AND SUNSET
JULY 21 2015..........SUNRISE   542 AM EDT   SUNSET   822 PM EDT
JULY 22 2015..........SUNRISE   543 AM EDT   SUNSET   821 PM EDT


-  INDICATES NEGATIVE NUMBERS.
R  INDICATES RECORD WAS SET OR TIED.
MM INDICATES DATA IS MISSING.
T  INDICATES TRACE AMOUNT.




$$
