000
CDUS41 KOKX 052040
CLILGA


CLIMATE REPORT
NATIONAL WEATHER SERVICE NEW YORK NY
439 PM EDT TUE APR 5 2016


...................................

...THE LAGUARDIA NY CLIMATE SUMMARY FOR APRIL 5 2016...
VALID TODAY AS OF 0400 PM LOCAL TIME.

CLIMATE NORMAL PERIOD 1981 TO 2010
CLIMATE RECORD PERIOD 1945 TO 2016


WEATHER ITEM   OBSERVED TIME   RECORD YEAR NORMAL DEPARTURE LAST
                VALUE   (LST)  VALUE       VALUE  FROM      YEAR
                                                  NORMAL
..................................................................
TEMPERATURE (F)
 TODAY
  MAXIMUM         41    259 PM  74    1989  57    -16       62
  MINIMUM         27    652 AM  25    1995  41    -14       43
  AVERAGE         34                        49    -15       53

PRECIPITATION (IN)
  TODAY            0.00          2.12 1984   0.14  -0.14     0.00
  MONTH TO DATE    0.75                      0.70   0.05     0.04
  SINCE MAR 1      2.01                      4.67  -2.66     4.58
  SINCE JAN 1     10.54                     10.60  -0.06    11.66

SNOWFALL (IN)
  TODAY            0.0           T    2007   0.0    0.0      0.0
  MONTH TO DATE    T                         0.2   -0.2      0.0
  SINCE OCT 1     36.2                      26.6    9.6     53.8
  SINCE JUL 1     36.2                      26.6    9.6     53.8
  SNOW DEPTH       0

DEGREE DAYS
 HEATING
  TODAY           31                        16     15       12
  MONTH TO DATE   90                        85      5       68
  SINCE MAR 1    585                       792   -207      902
  SINCE JUL 1   3247                      4221   -974     4624

 COOLING
  TODAY            0                         0      0        0
  MONTH TO DATE    3                         0      3        0
  SINCE MAR 1      8                         0      8        0
  SINCE JAN 1      8                         0      8        0
..................................................................


WIND (MPH)
  HIGHEST WIND SPEED    28   HIGHEST WIND DIRECTION     N (20)
  HIGHEST GUST SPEED    32   HIGHEST GUST DIRECTION     N (20)
  AVERAGE WIND SPEED    16.0


SKY COVER
  AVERAGE SKY COVER 0.5


WEATHER CONDITIONS
 THE FOLLOWING WEATHER WAS RECORDED TODAY.
  NO SIGNIFICANT WEATHER WAS OBSERVED.


RELATIVE HUMIDITY (PERCENT)
 HIGHEST    69          1200 AM
 LOWEST     27           200 PM
 AVERAGE    48

..........................................................


THE LAGUARDIA NY CLIMATE NORMALS FOR TOMORROW
                         NORMAL    RECORD    YEAR
 MAXIMUM TEMPERATURE (F)   57        80      1947
 MINIMUM TEMPERATURE (F)   41        22      1982


SUNRISE AND SUNSET
APRIL  5 2016.........SUNRISE   632 AM EDT   SUNSET   725 PM EDT
APRIL  6 2016.........SUNRISE   630 AM EDT   SUNSET   726 PM EDT


-  INDICATES NEGATIVE NUMBERS.
R  INDICATES RECORD WAS SET OR TIED.
MM INDICATES DATA IS MISSING.
T  INDICATES TRACE AMOUNT.




$$
