000
CDUS41 KOKX 050631
CLILGA


CLIMATE REPORT
NATIONAL WEATHER SERVICE NEW YORK NY
131 AM EST FRI DEC 5 2014


...................................

...THE LAGUARDIA NY CLIMATE SUMMARY FOR DECEMBER 4 2014...

CLIMATE NORMAL PERIOD 1981 TO 2010
CLIMATE RECORD PERIOD 1945 TO 2014


WEATHER ITEM   OBSERVED TIME   RECORD YEAR NORMAL DEPARTURE LAST
                VALUE   (LST)  VALUE       VALUE  FROM      YEAR
                                                  NORMAL
..................................................................
TEMPERATURE (F)
 YESTERDAY
  MAXIMUM         45    250 PM  74    1998  48     -3       49
  MINIMUM         37   1159 PM  12    1940  36      1       39
  AVERAGE         41                        42     -1       44

PRECIPITATION (IN)
  YESTERDAY        0.00          1.76 1968   0.12  -0.12     0.00
  MONTH TO DATE    0.26                      0.50  -0.24     0.00
  SINCE DEC 1      0.26                      0.50  -0.24     0.00
  SINCE JAN 1     44.37                     41.67   2.70    33.83

SNOWFALL (IN)
  YESTERDAY        0.0           7.5  1957   0.1   -0.1      0.0
  MONTH TO DATE    0.0                       0.3   -0.3      0.0
  SINCE OCT 1      0.4                       0.6   -0.2      0.2
  SINCE JUL 1      0.4                       0.6   -0.2      0.2
  SNOW DEPTH       0

DEGREE DAYS
 HEATING
  YESTERDAY       24                        23      1       21
  MONTH TO DATE   83                        90     -7       84
  SINCE DEC 1     83                        90     -7       84
  SINCE JUL 1    837                       865    -28      866

 COOLING
  YESTERDAY        0                         0      0        0
  MONTH TO DATE    0                         0      0        0
  SINCE DEC 1      0                         0      0        0
  SINCE JAN 1   1192                      1214    -22     1402
..................................................................


WIND (MPH)
  HIGHEST WIND SPEED    20   HIGHEST WIND DIRECTION    NW (310)
  HIGHEST GUST SPEED    27   HIGHEST GUST DIRECTION    NW (310)
  AVERAGE WIND SPEED    11.4


SKY COVER
  AVERAGE SKY COVER 0.7


WEATHER CONDITIONS
 THE FOLLOWING WEATHER WAS RECORDED YESTERDAY.
  NO SIGNIFICANT WEATHER WAS OBSERVED.


RELATIVE HUMIDITY (PERCENT)
 HIGHEST    54           300 AM
 LOWEST     40           200 PM
 AVERAGE    47

..........................................................


THE LAGUARDIA NY CLIMATE NORMALS FOR TODAY
                         NORMAL    RECORD    YEAR
 MAXIMUM TEMPERATURE (F)   48        69      2001
 MINIMUM TEMPERATURE (F)   36        21      1942


SUNRISE AND SUNSET
DECEMBER  5 2014......SUNRISE   704 AM EST   SUNSET   428 PM EST
DECEMBER  6 2014......SUNRISE   705 AM EST   SUNSET   428 PM EST


-  INDICATES NEGATIVE NUMBERS.
R  INDICATES RECORD WAS SET OR TIED.
MM INDICATES DATA IS MISSING.
T  INDICATES TRACE AMOUNT.




$$
