000
CDUS41 KOKX 072044
CLILGA


CLIMATE REPORT
NATIONAL WEATHER SERVICE NEW YORK NY
444 PM EDT MON AUG 7 2017


...................................

...THE LAGUARDIA NY CLIMATE SUMMARY FOR AUGUST 7 2017...
VALID TODAY AS OF 0400 PM LOCAL TIME.

CLIMATE NORMAL PERIOD 1981 TO 2010
CLIMATE RECORD PERIOD 1939 TO 2017


WEATHER ITEM   OBSERVED TIME   RECORD YEAR NORMAL DEPARTURE LAST
                VALUE   (LST)  VALUE       VALUE  FROM      YEAR
                                                  NORMAL
..................................................................
TEMPERATURE (F)
 TODAY
  MAXIMUM         73    115 AM  99    2001  85    -12       89
  MINIMUM         66   1237 PM  61    1975  70     -4       74
  AVERAGE         70                        77     -7       82

PRECIPITATION (IN)
  TODAY            0.28          1.31 1946   0.13   0.15     0.00
  MONTH TO DATE    1.28                      1.04   0.24      T
  SINCE JUN 1      9.98                      9.48   0.50     7.22
  SINCE JAN 1     30.75                     27.17   3.58    22.59

SNOWFALL (IN)
  TODAY            0.0          MM      MM   0.0    0.0      0.0
  MONTH TO DATE    0.0                       0.0    0.0      0.0
  SINCE OCT 1     33.2                      26.9    6.3     36.2
  SINCE JUL 1      0.0                       0.0    0.0      0.0
  SNOW DEPTH       0

DEGREE DAYS
 HEATING
  TODAY            0                         0      0        0
  MONTH TO DATE    0                         0      0        0
  SINCE JUN 1     16                        16      0        2
  SINCE JUL 1      0                         0      0        0

 COOLING
  TODAY            5                        12     -7       17
  MONTH TO DATE   80                        88     -8       92
  SINCE JUN 1    775                       704     71      868
  SINCE JAN 1    880                       770    110      987
..................................................................


WIND (MPH)
  HIGHEST WIND SPEED    13   HIGHEST WIND DIRECTION    NE (50)
  HIGHEST GUST SPEED    27   HIGHEST GUST DIRECTION    NE (60)
  AVERAGE WIND SPEED     6.1


SKY COVER
  AVERAGE SKY COVER 0.9


WEATHER CONDITIONS
 THE FOLLOWING WEATHER WAS RECORDED TODAY.
  LIGHT RAIN
  FOG


RELATIVE HUMIDITY (PERCENT)
 HIGHEST   100          1200 PM
 LOWEST     57          1200 AM
 AVERAGE    79

..........................................................


THE LAGUARDIA NY CLIMATE NORMALS FOR TOMORROW
                         NORMAL    RECORD    YEAR
 MAXIMUM TEMPERATURE (F)   85        98      2001
 MINIMUM TEMPERATURE (F)   70        59      1989


SUNRISE AND SUNSET
AUGUST  7 2017........SUNRISE   558 AM EDT   SUNSET   804 PM EDT
AUGUST  8 2017........SUNRISE   559 AM EDT   SUNSET   803 PM EDT


-  INDICATES NEGATIVE NUMBERS.
R  INDICATES RECORD WAS SET OR TIED.
MM INDICATES DATA IS MISSING.
T  INDICATES TRACE AMOUNT.




$$
