000
CDUS41 KOKX 010619
CLILGA


CLIMATE REPORT
NATIONAL WEATHER SERVICE NEW YORK NY
218 AM EDT MON JUN 1 2015


...................................

...THE LAGUARDIA NY CLIMATE SUMMARY FOR MAY 31 2015...

CLIMATE NORMAL PERIOD 1981 TO 2010
CLIMATE RECORD PERIOD 1945 TO 2015


WEATHER ITEM   OBSERVED TIME   RECORD YEAR NORMAL DEPARTURE LAST
                VALUE   (LST)  VALUE       VALUE  FROM      YEAR
                                                  NORMAL
..................................................................
TEMPERATURE (F)
 YESTERDAY
  MAXIMUM         86   1238 PM  96    1987  76     10       70
  MINIMUM         57   1159 PM  50    1961  59     -2       58
                                      1947
  AVERAGE         72                        67      5       64

PRECIPITATION (IN)
  YESTERDAY        1.28          1.77 1993   0.14   1.14     0.01
  MONTH TO DATE    1.61                      3.79  -2.18     4.70
  SINCE MAR 1      7.97                     11.76  -3.79    16.59
  SINCE JAN 1     15.05                     17.69  -2.64    23.88

SNOWFALL (IN)
  YESTERDAY        0.0           T    2002   0.0    0.0      0.0
  MONTH TO DATE    0.0                       0.0    0.0      0.0
  SINCE OCT 1     53.8                      26.9   26.9     52.4
  SINCE JUL 1     53.8                      26.9   26.9     52.4
  SNOW DEPTH       0

DEGREE DAYS
 HEATING
  YESTERDAY        0                         2     -2        1
  MONTH TO DATE   50                       135    -85       88
  SINCE MAR 1   1228                      1219      9     1359
  SINCE JUL 1   4950                      4648    302     5016

 COOLING
  YESTERDAY        7                         4      3        0
  MONTH TO DATE  120                        58     62       50
  SINCE MAR 1    122                        66     56       50
  SINCE JAN 1    122                        66     56       50
..................................................................


WIND (MPH)
  HIGHEST WIND SPEED    25   HIGHEST WIND DIRECTION    NE (50)
  HIGHEST GUST SPEED    30   HIGHEST GUST DIRECTION    NE (50)
  AVERAGE WIND SPEED    12.2


SKY COVER
  AVERAGE SKY COVER 0.7


WEATHER CONDITIONS
 THE FOLLOWING WEATHER WAS RECORDED YESTERDAY.
  THUNDERSTORM
  HEAVY RAIN
  RAIN
  LIGHT RAIN
  FOG


RELATIVE HUMIDITY (PERCENT)
 HIGHEST    93          1100 PM
 LOWEST     51          1200 PM
 AVERAGE    72

..........................................................


THE LAGUARDIA NY CLIMATE NORMALS FOR TODAY
                         NORMAL    RECORD    YEAR
 MAXIMUM TEMPERATURE (F)   76        94      1987
 MINIMUM TEMPERATURE (F)   59        46      1945


SUNRISE AND SUNSET
JUNE  1 2015..........SUNRISE   527 AM EDT   SUNSET   821 PM EDT
JUNE  2 2015..........SUNRISE   526 AM EDT   SUNSET   821 PM EDT


-  INDICATES NEGATIVE NUMBERS.
R  INDICATES RECORD WAS SET OR TIED.
MM INDICATES DATA IS MISSING.
T  INDICATES TRACE AMOUNT.




$$
