000
CDUS41 KOKX 160625
CLILGA


CLIMATE REPORT
NATIONAL WEATHER SERVICE NEW YORK NY
218 AM EDT WED APR 16 2014


...................................

...THE LAGUARDIA NY CLIMATE SUMMARY FOR APRIL 15 2014...

CLIMATE NORMAL PERIOD 1981 TO 2010
CLIMATE RECORD PERIOD 1948 TO 2014


WEATHER ITEM   OBSERVED TIME   RECORD YEAR NORMAL DEPARTURE LAST
                VALUE   (LST)  VALUE       VALUE  FROM      YEAR
                                                  NORMAL
..................................................................
TEMPERATURE (F)
 YESTERDAY
  MAXIMUM         62    729 AM  86    1941  61      1       56
  MINIMUM         34   1159 PM  28    1943  44    -10       44
  AVERAGE         48                        53     -5       50

PRECIPITATION (IN)
  YESTERDAY        0.87          6.69 2007   0.14   0.73     0.00
  MONTH TO DATE    2.13                      2.11   0.02     1.01
  SINCE MAR 1      5.79                      6.08  -0.29     3.44
  SINCE JAN 1     13.08                     12.01   1.07     9.28

SNOWFALL (IN)
  YESTERDAY        T   R         0.0  2006   0.0    0.0      0.0
  MONTH TO DATE    T                         0.4   -0.4      0.0
  SINCE OCT 1     52.1                      26.8   25.3     22.2
  SINCE JUL 1     52.1                      26.8   25.3     22.2
  SNOW DEPTH       0

DEGREE DAYS
 HEATING
  YESTERDAY       17                        13      4       15
  MONTH TO DATE  189                       227    -38      221
  SINCE MAR 1   1047                       934    113      973
  SINCE JUL 1   4704                      4363    341     4168

 COOLING
  YESTERDAY        0                         0      0        0
  MONTH TO DATE    0                         0      0        0
  SINCE MAR 1      0                         0      0        0
  SINCE JAN 1      0                         0      0        0
..................................................................


WIND (MPH)
  HIGHEST WIND SPEED    30   HIGHEST WIND DIRECTION     S (180)
  HIGHEST GUST SPEED    43   HIGHEST GUST DIRECTION     S (180)
  AVERAGE WIND SPEED    18.4


SKY COVER
  AVERAGE SKY COVER 1.0


WEATHER CONDITIONS
 THE FOLLOWING WEATHER WAS RECORDED YESTERDAY.
  HEAVY RAIN
  RAIN
  LIGHT RAIN
  SNOW
  LIGHT SNOW
  SLEET
  FOG
  FOG W/VISIBILITY <= 1/4 MILE
  HAZE


RELATIVE HUMIDITY (PERCENT)
 HIGHEST    93           200 AM
 LOWEST     79           900 PM
 AVERAGE    86

..........................................................


THE LAGUARDIA NY CLIMATE NORMALS FOR TODAY
                         NORMAL    RECORD    YEAR
 MAXIMUM TEMPERATURE (F)   61        89      2002
 MINIMUM TEMPERATURE (F)   45        31      1943


SUNRISE AND SUNSET
APRIL 16 2014.........SUNRISE   615 AM EDT   SUNSET   736 PM EDT
APRIL 17 2014.........SUNRISE   614 AM EDT   SUNSET   737 PM EDT


-  INDICATES NEGATIVE NUMBERS.
R  INDICATES RECORD WAS SET OR TIED.
MM INDICATES DATA IS MISSING.
T  INDICATES TRACE AMOUNT.




$$
