000
CDUS41 KOKX 170621
CLILGA


CLIMATE REPORT
NATIONAL WEATHER SERVICE NEW YORK NY
221 AM EDT WED SEP 17 2014


...................................

...THE LAGUARDIA NY CLIMATE SUMMARY FOR SEPTEMBER 16 2014...

CLIMATE NORMAL PERIOD 1981 TO 2010
CLIMATE RECORD PERIOD 1945 TO 2014


WEATHER ITEM   OBSERVED TIME   RECORD YEAR NORMAL DEPARTURE LAST
                VALUE   (LST)  VALUE       VALUE  FROM      YEAR
                                                  NORMAL
..................................................................
TEMPERATURE (F)
 YESTERDAY
  MAXIMUM         70    729 PM  95    1991  76     -6       72
  MINIMUM         58    909 AM  48    1984  62     -4       56
  AVERAGE         64                        69     -5       64

PRECIPITATION (IN)
  YESTERDAY        0.42          4.63 1999   0.13   0.29     0.02
  MONTH TO DATE    0.82                      1.93  -1.11     2.31
  SINCE SEP 1      0.82                      1.93  -1.11     2.31
  SINCE JAN 1     35.88                     32.18   3.70    29.65

SNOWFALL (IN)
  YESTERDAY        0.0          MM      MM   0.0    0.0      0.0
  MONTH TO DATE    0.0                       0.0    0.0      0.0
  SINCE OCT 1     52.4                      26.9   25.5     22.2
  SINCE JUL 1      0.0                       0.0    0.0      0.0
  SNOW DEPTH       0

DEGREE DAYS
 HEATING
  YESTERDAY        1                         1      0        1
  MONTH TO DATE    4                         5     -1        5
  SINCE SEP 1      4                         5     -1        5
  SINCE JUL 1      4                         6     -2        5

 COOLING
  YESTERDAY        0                         5     -5        0
  MONTH TO DATE  136                       112     24      119
  SINCE SEP 1    136                       112     24      119
  SINCE JAN 1   1123                      1145    -22     1338
..................................................................


WIND (MPH)
  HIGHEST WIND SPEED    14   HIGHEST WIND DIRECTION    NW (320)
  HIGHEST GUST SPEED    16   HIGHEST GUST DIRECTION     N (350)
  AVERAGE WIND SPEED     5.7


SKY COVER
  AVERAGE SKY COVER 0.8


WEATHER CONDITIONS
 THE FOLLOWING WEATHER WAS RECORDED YESTERDAY.
  RAIN
  LIGHT RAIN
  FOG


RELATIVE HUMIDITY (PERCENT)
 HIGHEST    93           900 AM
 LOWEST     58           800 PM
 AVERAGE    76

..........................................................


THE LAGUARDIA NY CLIMATE NORMALS FOR TODAY
                         NORMAL    RECORD    YEAR
 MAXIMUM TEMPERATURE (F)   76        95      1991
 MINIMUM TEMPERATURE (F)   62        48      1986
                                             1959


SUNRISE AND SUNSET
SEPTEMBER 17 2014.....SUNRISE   638 AM EDT   SUNSET   701 PM EDT
SEPTEMBER 18 2014.....SUNRISE   639 AM EDT   SUNSET   700 PM EDT


-  INDICATES NEGATIVE NUMBERS.
R  INDICATES RECORD WAS SET OR TIED.
MM INDICATES DATA IS MISSING.
T  INDICATES TRACE AMOUNT.




$$
