000
CDUS41 KOKX 272033
CLILGA


CLIMATE REPORT
NATIONAL WEATHER SERVICE NEW YORK NY
433 PM EDT FRI MAR 27 2015


...................................

...THE LAGUARDIA NY CLIMATE SUMMARY FOR MARCH 27 2015...
VALID TODAY AS OF 0400 PM LOCAL TIME.

CLIMATE NORMAL PERIOD 1981 TO 2010
CLIMATE RECORD PERIOD 1945 TO 2015


WEATHER ITEM   OBSERVED TIME   RECORD YEAR NORMAL DEPARTURE LAST
                VALUE   (LST)  VALUE       VALUE  FROM      YEAR
                                                  NORMAL
..................................................................
TEMPERATURE (F)
 TODAY
  MAXIMUM         45    259 PM  83    1998  54     -9       42
  MINIMUM         40    849 AM  23    2014  38      2       23
  AVERAGE         43                        46     -3       33

PRECIPITATION (IN)
  TODAY            0.28          1.20 1983   0.14   0.14     0.00
  MONTH TO DATE    4.40                      3.43   0.97     1.35
  SINCE MAR 1      4.40                      3.43   0.97     1.35
  SINCE JAN 1     11.48                      9.36   2.12     8.64

SNOWFALL (IN)
  TODAY            0.0           0.9  1959   0.1   -0.1      0.0
  MONTH TO DATE   17.3                       4.1   13.2      0.4
  SINCE OCT 1     53.8                      26.1   27.7     52.1
  SINCE JUL 1     53.8                      26.1   27.7     52.1
  SNOW DEPTH       0

DEGREE DAYS
 HEATING
  TODAY           22                        19      3       32
  MONTH TO DATE  732                       632    100      783
  SINCE MAR 1    732                       632    100      783
  SINCE JUL 1   4454                      4061    393     4440

 COOLING
  TODAY            0                         0      0        0
  MONTH TO DATE    0                         0      0        0
  SINCE MAR 1      0                         0      0        0
  SINCE JAN 1      0                         0      0        0
..................................................................


WIND (MPH)
  HIGHEST WIND SPEED    22   HIGHEST WIND DIRECTION    NW (320)
  HIGHEST GUST SPEED    28   HIGHEST GUST DIRECTION    NW (310)
  AVERAGE WIND SPEED     8.5


SKY COVER
  AVERAGE SKY COVER 0.8


WEATHER CONDITIONS
 THE FOLLOWING WEATHER WAS RECORDED TODAY.
  RAIN
  LIGHT RAIN
  FOG


RELATIVE HUMIDITY (PERCENT)
 HIGHEST    89           300 AM
 LOWEST     62           200 PM
 AVERAGE    76

..........................................................


THE LAGUARDIA NY CLIMATE NORMALS FOR TOMORROW
                         NORMAL    RECORD    YEAR
 MAXIMUM TEMPERATURE (F)   54        83      1945
 MINIMUM TEMPERATURE (F)   38        23      1982


SUNRISE AND SUNSET
MARCH 27 2015.........SUNRISE   648 AM EDT   SUNSET   715 PM EDT
MARCH 28 2015.........SUNRISE   646 AM EDT   SUNSET   716 PM EDT


-  INDICATES NEGATIVE NUMBERS.
R  INDICATES RECORD WAS SET OR TIED.
MM INDICATES DATA IS MISSING.
T  INDICATES TRACE AMOUNT.




$$
