000
CDUS41 KOKX 220617
CLILGA


CLIMATE REPORT
NATIONAL WEATHER SERVICE NEW YORK NY
117 AM EST SAT NOV 22 2014


...................................

...THE LAGUARDIA NY CLIMATE SUMMARY FOR NOVEMBER 21 2014...

CLIMATE NORMAL PERIOD 1981 TO 2010
CLIMATE RECORD PERIOD 1945 TO 2014


WEATHER ITEM   OBSERVED TIME   RECORD YEAR NORMAL DEPARTURE LAST
                VALUE   (LST)  VALUE       VALUE  FROM      YEAR
                                                  NORMAL
..................................................................
TEMPERATURE (F)
 YESTERDAY
  MAXIMUM         37    256 PM  69    1991  53    -16       52
                                      1942
  MINIMUM         28    737 AM  20    1987  40    -12       36
  AVERAGE         33                        46    -13       44

PRECIPITATION (IN)
  YESTERDAY        0.00          0.84 1975   0.11  -0.11     0.00
  MONTH TO DATE    2.23                      2.33  -0.10     0.47
  SINCE SEP 1      7.36                      9.84  -2.48     4.19
  SINCE JAN 1     42.42                     40.09   2.33    31.53

SNOWFALL (IN)
  YESTERDAY        0.0          MM      MM   0.0    0.0      0.0
  MONTH TO DATE    0.0                       0.1   -0.1       T
  SINCE OCT 1      0.0                       0.1   -0.1       T
  SINCE JUL 1      0.0                       0.1   -0.1       T
  SNOW DEPTH       0

DEGREE DAYS
 HEATING
  YESTERDAY       32                        19     13       21
  MONTH TO DATE  396                       323     73      339
  SINCE SEP 1    572                       594    -22      541
  SINCE JUL 1    572                       595    -23      541

 COOLING
  YESTERDAY        0                         0      0        0
  MONTH TO DATE    0                         0      0        0
  SINCE SEP 1    205                       180     25      183
  SINCE JAN 1   1192                      1213    -21     1402
..................................................................


WIND (MPH)
  HIGHEST WIND SPEED    29   HIGHEST WIND DIRECTION    NW (310)
  HIGHEST GUST SPEED    35   HIGHEST GUST DIRECTION     W (290)
  AVERAGE WIND SPEED    15.4


SKY COVER
  AVERAGE SKY COVER 0.1


WEATHER CONDITIONS
 THE FOLLOWING WEATHER WAS RECORDED YESTERDAY.
  NO SIGNIFICANT WEATHER WAS OBSERVED.


RELATIVE HUMIDITY (PERCENT)
 HIGHEST    50           800 AM
 LOWEST     35           300 PM
 AVERAGE    43

..........................................................


THE LAGUARDIA NY CLIMATE NORMALS FOR TODAY
                         NORMAL    RECORD    YEAR
 MAXIMUM TEMPERATURE (F)   52        69      1940
 MINIMUM TEMPERATURE (F)   40        21      1987


SUNRISE AND SUNSET
NOVEMBER 22 2014......SUNRISE   651 AM EST   SUNSET   433 PM EST
NOVEMBER 23 2014......SUNRISE   652 AM EST   SUNSET   432 PM EST


-  INDICATES NEGATIVE NUMBERS.
R  INDICATES RECORD WAS SET OR TIED.
MM INDICATES DATA IS MISSING.
T  INDICATES TRACE AMOUNT.




$$
