000
CDUS41 KOKX 212141
CLILGA


CLIMATE REPORT
NATIONAL WEATHER SERVICE NEW YORK NY
440 PM EST SAT JAN 21 2017


...................................

...THE LAGUARDIA NY CLIMATE SUMMARY FOR JANUARY 21 2017...
VALID TODAY AS OF 0400 PM LOCAL TIME.

CLIMATE NORMAL PERIOD 1981 TO 2010
CLIMATE RECORD PERIOD 1939 TO 2017


WEATHER ITEM   OBSERVED TIME   RECORD YEAR NORMAL DEPARTURE LAST
                VALUE   (LST)  VALUE       VALUE  FROM      YEAR
                                                  NORMAL
..................................................................
TEMPERATURE (F)
 TODAY
  MAXIMUM         51    243 PM  64    2006  39     12       38
  MINIMUM         41   1203 AM  -3    1985  26     15       27
  AVERAGE         46                        33     13       33

PRECIPITATION (IN)
  TODAY            0.00          3.13 1979   0.10  -0.10     0.00
  MONTH TO DATE    2.12                      2.18  -0.06     1.73
  SINCE DEC 1      5.07                      5.74  -0.67     6.06
  SINCE JAN 1      2.12                      2.18  -0.06     1.73

SNOWFALL (IN)
  TODAY            0.0           8.1  2014   0.2   -0.2      0.0
  MONTH TO DATE    8.9                       5.0    3.9      0.6
  SINCE OCT 1     11.9                      10.5    1.4      0.6
  SINCE JUL 1     11.9                      10.5    1.4      0.6
  SNOW DEPTH       0

DEGREE DAYS
 HEATING
  TODAY           19                        32    -13       32
  MONTH TO DATE  542                       668   -126      608
  SINCE DEC 1   1300                      1499   -199     1041
  SINCE JUL 1   1838                      2274   -436     1603

 COOLING
  TODAY            0                         0      0        0
  MONTH TO DATE    0                         0      0        0
  SINCE DEC 1      0                         0      0        1
  SINCE JAN 1      0                         0      0        0
..................................................................


WIND (MPH)
  HIGHEST WIND SPEED    14   HIGHEST WIND DIRECTION     W (270)
  HIGHEST GUST SPEED    18   HIGHEST GUST DIRECTION    SW (210)
  AVERAGE WIND SPEED     6.8


SKY COVER
  AVERAGE SKY COVER 0.8


WEATHER CONDITIONS
 THE FOLLOWING WEATHER WAS RECORDED TODAY.
  FOG
  HAZE


RELATIVE HUMIDITY (PERCENT)
 HIGHEST    93          1200 AM
 LOWEST     74           300 PM
 AVERAGE    84

..........................................................


THE LAGUARDIA NY CLIMATE NORMALS FOR TOMORROW
                         NORMAL    RECORD    YEAR
 MAXIMUM TEMPERATURE (F)   39        57      1973
                                             1967
                                             1959
 MINIMUM TEMPERATURE (F)   26         5      2005


SUNRISE AND SUNSET
JANUARY 21 2017.......SUNRISE   714 AM EST   SUNSET   500 PM EST
JANUARY 22 2017.......SUNRISE   714 AM EST   SUNSET   501 PM EST


-  INDICATES NEGATIVE NUMBERS.
R  INDICATES RECORD WAS SET OR TIED.
MM INDICATES DATA IS MISSING.
T  INDICATES TRACE AMOUNT.




$$
