000
CDUS41 KOKX 220618
CLILGA


CLIMATE REPORT
NATIONAL WEATHER SERVICE NEW YORK NY
118 AM EST THU FEB 22 2018


...................................

...THE LAGUARDIA NY CLIMATE SUMMARY FOR FEBRUARY 21 2018...

CLIMATE NORMAL PERIOD 1981 TO 2010
CLIMATE RECORD PERIOD 1939 TO 2018


WEATHER ITEM   OBSERVED TIME   RECORD YEAR NORMAL DEPARTURE LAST
                VALUE   (LST)  VALUE       VALUE  FROM      YEAR
                                                  NORMAL
..................................................................
TEMPERATURE (F)
 YESTERDAY
  MAXIMUM         79R   420 PM  68    1953  43     36       47
  MINIMUM         50    453 AM   6    1968  29     21       36
                                      1950
  AVERAGE         65                        36     29       42

PRECIPITATION (IN)
  YESTERDAY        0.02          1.65 1951   0.10  -0.08     0.00
  MONTH TO DATE    4.92                      2.01   2.91     1.55
  SINCE DEC 1      9.10                      8.74   0.36     8.63
  SINCE JAN 1      7.04                      5.18   1.86     5.68

SNOWFALL (IN)
  YESTERDAY        0.0           4.3  2005   0.3   -0.3      0.0
  MONTH TO DATE    4.6                       7.0   -2.4     10.3
  SINCE OCT 1     21.3                      19.9    1.4     23.4
  SINCE JUL 1     21.3                      19.9    1.4     23.4
  SNOW DEPTH       0

DEGREE DAYS
 HEATING
  YESTERDAY        0                        29    -29       23
  MONTH TO DATE  498                       636   -138      520
  SINCE DEC 1   2416                      2460    -44     2056
  SINCE JUL 1   3007                      3235   -228     2594

 COOLING
  YESTERDAY        0                         0      0        0
  MONTH TO DATE    0                         0      0        0
  SINCE DEC 1      0                         0      0        0
  SINCE JAN 1      0                         0      0        0
..................................................................


WIND (MPH)
  HIGHEST WIND SPEED    21   HIGHEST WIND DIRECTION    SW (230)
  HIGHEST GUST SPEED    27   HIGHEST GUST DIRECTION     W (250)
  AVERAGE WIND SPEED    10.3


SKY COVER
  AVERAGE SKY COVER 0.7


WEATHER CONDITIONS
 THE FOLLOWING WEATHER WAS RECORDED YESTERDAY.
  LIGHT RAIN
  FOG
  FOG W/VISIBILITY <= 1/4 MILE


RELATIVE HUMIDITY (PERCENT)
 HIGHEST   100           300 AM
 LOWEST     48           400 PM
 AVERAGE    74

..........................................................


THE LAGUARDIA NY CLIMATE NORMALS FOR TODAY
                         NORMAL    RECORD    YEAR
 MAXIMUM TEMPERATURE (F)   44        70      1997
 MINIMUM TEMPERATURE (F)   30         9      1963


SUNRISE AND SUNSET
FEBRUARY 22 2018......SUNRISE   640 AM EST   SUNSET   539 PM EST
FEBRUARY 23 2018......SUNRISE   639 AM EST   SUNSET   540 PM EST


-  INDICATES NEGATIVE NUMBERS.
R  INDICATES RECORD WAS SET OR TIED.
MM INDICATES DATA IS MISSING.
T  INDICATES TRACE AMOUNT.




$$
