000
CDUS41 KOKX 070621
CLILGA


CLIMATE REPORT
NATIONAL WEATHER SERVICE NEW YORK NY
121 AM EST SUN FEB 7 2016


...................................

...THE LAGUARDIA NY CLIMATE SUMMARY FOR FEBRUARY 6 2016...

CLIMATE NORMAL PERIOD 1981 TO 2010
CLIMATE RECORD PERIOD 1945 TO 2016


WEATHER ITEM   OBSERVED TIME   RECORD YEAR NORMAL DEPARTURE LAST
                VALUE   (LST)  VALUE       VALUE  FROM      YEAR
                                                  NORMAL
..................................................................
TEMPERATURE (F)
 YESTERDAY
  MAXIMUM         40    809 PM  69    2008  41     -1       27
  MINIMUM         32    658 AM   4    1995  27      5       12
  AVERAGE         36                        34      2       20

PRECIPITATION (IN)
  YESTERDAY        0.00          1.51 2004   0.10  -0.10     0.00
  MONTH TO DATE    1.05                      0.58   0.47     1.12
  SINCE DEC 1      9.55                      7.31   2.24    12.30
  SINCE JAN 1      5.22                      3.75   1.47     6.10

SNOWFALL (IN)
  YESTERDAY        0.0          12.8  1978   0.3   -0.3      0.0
  MONTH TO DATE    2.4                       1.9    0.5      6.5
  SINCE OCT 1     31.2                      14.8   16.4     27.9
  SINCE JUL 1     31.2                      14.8   16.4     27.9
  SNOW DEPTH       1

DEGREE DAYS
 HEATING
  YESTERDAY       29                        31     -2       45
  MONTH TO DATE  119                       188    -69      238
  SINCE DEC 1   1454                      2012   -558     2070
  SINCE JUL 1   2016                      2787   -771     2824

 COOLING
  YESTERDAY        0                         0      0        0
  MONTH TO DATE    0                         0      0        0
  SINCE DEC 1      1                         0      1        0
  SINCE JAN 1      0                         0      0        0
..................................................................


WIND (MPH)
  HIGHEST WIND SPEED    17   HIGHEST WIND DIRECTION    NW (320)
  HIGHEST GUST SPEED    22   HIGHEST GUST DIRECTION    NW (320)
  AVERAGE WIND SPEED     8.7


SKY COVER
  AVERAGE SKY COVER 0.5


WEATHER CONDITIONS
 THE FOLLOWING WEATHER WAS RECORDED YESTERDAY.
  NO SIGNIFICANT WEATHER WAS OBSERVED.


RELATIVE HUMIDITY (PERCENT)
 HIGHEST    54           400 AM
 LOWEST     40           600 PM
 AVERAGE    47

..........................................................


THE LAGUARDIA NY CLIMATE NORMALS FOR TODAY
                         NORMAL    RECORD    YEAR
 MAXIMUM TEMPERATURE (F)   41        52      1955
                                             1953
                                             1951
 MINIMUM TEMPERATURE (F)   27         5      1993


SUNRISE AND SUNSET
FEBRUARY  7 2016......SUNRISE   700 AM EST   SUNSET   520 PM EST
FEBRUARY  8 2016......SUNRISE   659 AM EST   SUNSET   521 PM EST


-  INDICATES NEGATIVE NUMBERS.
R  INDICATES RECORD WAS SET OR TIED.
MM INDICATES DATA IS MISSING.
T  INDICATES TRACE AMOUNT.




$$
