000
CDUS41 KOKX 232134
CLILGA


CLIMATE REPORT
NATIONAL WEATHER SERVICE NEW YORK NY
434 PM EST TUE DEC 23 2014


...................................

...THE LAGUARDIA NY CLIMATE SUMMARY FOR DECEMBER 23 2014...
VALID TODAY AS OF 0400 PM LOCAL TIME.

CLIMATE NORMAL PERIOD 1981 TO 2010
CLIMATE RECORD PERIOD 1945 TO 2014


WEATHER ITEM   OBSERVED TIME   RECORD YEAR NORMAL DEPARTURE LAST
                VALUE   (LST)  VALUE       VALUE  FROM      YEAR
                                                  NORMAL
..................................................................
TEMPERATURE (F)
 TODAY
  MAXIMUM         46   1251 PM  66    1990  42      4       62
  MINIMUM         43   1131 AM   7    1989  30     13       42
  AVERAGE         45                        36      9       52

PRECIPITATION (IN)
  TODAY            0.16          0.77 2006   0.11   0.05     0.53
  MONTH TO DATE    5.34                      2.71   2.63     3.26
  SINCE DEC 1      5.34                      2.71   2.63     3.26
  SINCE JAN 1     49.45                     43.88   5.57    37.09

SNOWFALL (IN)
  TODAY            0.0           7.2  1963   0.2   -0.2      0.0
  MONTH TO DATE    1.3                       3.3   -2.0      7.6
  SINCE OCT 1      1.7                       3.6   -1.9      7.8
  SINCE JUL 1      1.7                       3.6   -1.9      7.8
  SNOW DEPTH       0

DEGREE DAYS
 HEATING
  TODAY           20                        29     -9       13
  MONTH TO DATE  575                       589    -14      585
  SINCE DEC 1    575                       589    -14      585
  SINCE JUL 1   1329                      1364    -35     1367

 COOLING
  TODAY            0                         0      0        0
  MONTH TO DATE    0                         0      0        0
  SINCE DEC 1      0                         0      0        0
  SINCE JAN 1   1192                      1214    -22     1402
..................................................................


WIND (MPH)
  HIGHEST WIND SPEED    18   HIGHEST WIND DIRECTION    NE (50)
  HIGHEST GUST SPEED    25   HIGHEST GUST DIRECTION    NE (50)
  AVERAGE WIND SPEED    12.3


SKY COVER
  AVERAGE SKY COVER 0.9


WEATHER CONDITIONS
 THE FOLLOWING WEATHER WAS RECORDED TODAY.
  RAIN
  LIGHT RAIN
  FOG


RELATIVE HUMIDITY (PERCENT)
 HIGHEST   100           100 AM
 LOWEST     86           100 PM
 AVERAGE    93

..........................................................


THE LAGUARDIA NY CLIMATE NORMALS FOR TOMORROW
                         NORMAL    RECORD    YEAR
 MAXIMUM TEMPERATURE (F)   42        63      1990
 MINIMUM TEMPERATURE (F)   30         4      1983


SUNRISE AND SUNSET
DECEMBER 23 2014......SUNRISE   717 AM EST   SUNSET   432 PM EST
DECEMBER 24 2014......SUNRISE   718 AM EST   SUNSET   433 PM EST


-  INDICATES NEGATIVE NUMBERS.
R  INDICATES RECORD WAS SET OR TIED.
MM INDICATES DATA IS MISSING.
T  INDICATES TRACE AMOUNT.




$$
