000
CDUS41 KOKX 200617
CLILGA


CLIMATE REPORT
NATIONAL WEATHER SERVICE NEW YORK NY
217 AM EDT SAT SEP 20 2014


...................................

...THE LAGUARDIA NY CLIMATE SUMMARY FOR SEPTEMBER 19 2014...

CLIMATE NORMAL PERIOD 1981 TO 2010
CLIMATE RECORD PERIOD 1945 TO 2014


WEATHER ITEM   OBSERVED TIME   RECORD YEAR NORMAL DEPARTURE LAST
                VALUE   (LST)  VALUE       VALUE  FROM      YEAR
                                                  NORMAL
..................................................................
TEMPERATURE (F)
 YESTERDAY
  MAXIMUM         66    542 PM  92    1983  75     -9       77
                                      1946
  MINIMUM         55    718 AM  49    1959  61     -6       57
  AVERAGE         61                        68     -7       67

PRECIPITATION (IN)
  YESTERDAY        0.00          1.62 2000   0.13  -0.13     0.00
  MONTH TO DATE    0.82                      2.31  -1.49     2.31
  SINCE SEP 1      0.82                      2.31  -1.49     2.31
  SINCE JAN 1     35.88                     32.56   3.32    29.65

SNOWFALL (IN)
  YESTERDAY        0.0          MM      MM   0.0    0.0      0.0
  MONTH TO DATE    0.0                       0.0    0.0      0.0
  SINCE OCT 1     52.4                      26.9   25.5     22.2
  SINCE JUL 1      0.0                       0.0    0.0      0.0
  SNOW DEPTH       0

DEGREE DAYS
 HEATING
  YESTERDAY        4                         1      3        0
  MONTH TO DATE    8                         8      0       15
  SINCE SEP 1      8                         8      0       15
  SINCE JUL 1      8                         9     -1       15

 COOLING
  YESTERDAY        0                         4     -4        2
  MONTH TO DATE  139                       126     13      121
  SINCE SEP 1    139                       126     13      121
  SINCE JAN 1   1126                      1159    -33     1340
..................................................................


WIND (MPH)
  HIGHEST WIND SPEED    21   HIGHEST WIND DIRECTION    NE (50)
  HIGHEST GUST SPEED    32   HIGHEST GUST DIRECTION    NE (60)
  AVERAGE WIND SPEED    12.6


SKY COVER
  AVERAGE SKY COVER 0.4


WEATHER CONDITIONS
 THE FOLLOWING WEATHER WAS RECORDED YESTERDAY.
  NO SIGNIFICANT WEATHER WAS OBSERVED.


RELATIVE HUMIDITY (PERCENT)
 HIGHEST    77           500 AM
 LOWEST     48           300 PM
 AVERAGE    63

..........................................................


THE LAGUARDIA NY CLIMATE NORMALS FOR TODAY
                         NORMAL    RECORD    YEAR
 MAXIMUM TEMPERATURE (F)   75        90      1983
 MINIMUM TEMPERATURE (F)   60        46      1979


SUNRISE AND SUNSET
SEPTEMBER 20 2014.....SUNRISE   641 AM EDT   SUNSET   656 PM EDT
SEPTEMBER 21 2014.....SUNRISE   642 AM EDT   SUNSET   655 PM EDT


-  INDICATES NEGATIVE NUMBERS.
R  INDICATES RECORD WAS SET OR TIED.
MM INDICATES DATA IS MISSING.
T  INDICATES TRACE AMOUNT.




$$
