000
CDUS41 KOKX 272231
CLILGA


CLIMATE REPORT
NATIONAL WEATHER SERVICE NEW YORK NY
521 PM EST TUE JAN 27 2015


...................................

...THE LAGUARDIA NY CLIMATE SUMMARY FOR JANUARY 27 2015...
VALID TODAY AS OF 0500 PM LOCAL TIME.

CLIMATE NORMAL PERIOD 1981 TO 2010
CLIMATE RECORD PERIOD 1945 TO 2015


WEATHER ITEM   OBSERVED TIME   RECORD YEAR NORMAL DEPARTURE LAST
                VALUE   (LST)  VALUE       VALUE  FROM      YEAR
                                                  NORMAL
..................................................................
TEMPERATURE (F)
 TODAY
  MAXIMUM         28    247 PM  66    1974  39    -11       44
  MINIMUM         20    530 AM   0    1994  26     -6       21
  AVERAGE         24                        33     -9       33

PRECIPITATION (IN)
  TODAY            0.21          1.93 1976   0.10   0.11     0.00
  MONTH TO DATE    4.71                      2.77   1.94     2.31
  SINCE DEC 1     10.91                      6.33   4.58     6.77
  SINCE JAN 1      4.71                      2.77   1.94     2.31

SNOWFALL (IN)
  TODAY            5.0           7.9  2011   0.2    4.8      0.0
  MONTH TO DATE   18.3                       6.3   12.0     16.4
  SINCE OCT 1     20.0                      11.8    8.2     24.2
  SINCE JUL 1     20.0                      11.8    8.2     24.2
  SNOW DEPTH       9

DEGREE DAYS
 HEATING
  TODAY           41                        32      9       32
  MONTH TO DATE  927                       860     67      949
  SINCE DEC 1   1676                      1691    -15     1774
  SINCE JUL 1   2430                      2466    -36     2556

 COOLING
  TODAY            0                         0      0        0
  MONTH TO DATE    0                         0      0        0
  SINCE DEC 1      0                         0      0        0
  SINCE JAN 1      0                         0      0        0
..................................................................


WIND (MPH)
  HIGHEST WIND SPEED    28   HIGHEST WIND DIRECTION     N (360)
  HIGHEST GUST SPEED    38   HIGHEST GUST DIRECTION     N (360)
  AVERAGE WIND SPEED    17.5


SKY COVER
  AVERAGE SKY COVER 1.0


WEATHER CONDITIONS
 THE FOLLOWING WEATHER WAS RECORDED TODAY.
  HEAVY SNOW
  SNOW
  LIGHT SNOW
  FOG
  FOG W/VISIBILITY <= 1/4 MILE
  HAZE
  BLOWING SNOW


RELATIVE HUMIDITY (PERCENT)
 HIGHEST    88          1200 AM
 LOWEST     68           200 PM
 AVERAGE    78

..........................................................


THE LAGUARDIA NY CLIMATE NORMALS FOR TOMORROW
                         NORMAL    RECORD    YEAR
 MAXIMUM TEMPERATURE (F)   40        60      2002
                                             1947
 MINIMUM TEMPERATURE (F)   27         7      2005


SUNRISE AND SUNSET
JANUARY 27 2015.......SUNRISE   710 AM EST   SUNSET   507 PM EST
JANUARY 28 2015.......SUNRISE   710 AM EST   SUNSET   508 PM EST


-  INDICATES NEGATIVE NUMBERS.
R  INDICATES RECORD WAS SET OR TIED.
MM INDICATES DATA IS MISSING.
T  INDICATES TRACE AMOUNT.




$$
