188
CDUS41 KOKX 282033
CLILGA


CLIMATE REPORT
NATIONAL WEATHER SERVICE NEW YORK NY
433 PM EDT SUN MAY 28 2017


...................................

...THE LAGUARDIA NY CLIMATE SUMMARY FOR MAY 28 2017...
VALID TODAY AS OF 0400 PM LOCAL TIME.

CLIMATE NORMAL PERIOD 1981 TO 2010
CLIMATE RECORD PERIOD 1939 TO 2017


WEATHER ITEM   OBSERVED TIME   RECORD YEAR NORMAL DEPARTURE LAST
                VALUE   (LST)  VALUE       VALUE  FROM      YEAR
                                                  NORMAL
..................................................................
TEMPERATURE (F)
 TODAY
  MAXIMUM         71    256 PM  92    2016  75     -4       92
                                      1977
  MINIMUM         58    544 AM  44    1961  58      0       73
  AVERAGE         65                        66     -1       83

PRECIPITATION (IN)
  TODAY            0.00          1.41 1984   0.13  -0.13      T
  MONTH TO DATE    5.75                      3.37   2.38     2.39
  SINCE MAR 1     14.53                     11.34   3.19     5.31
  SINCE JAN 1     20.53                     17.27   3.26    13.84

SNOWFALL (IN)
  TODAY            0.0          MM      MM   0.0    0.0      0.0
  MONTH TO DATE    0.0                       0.0    0.0      0.0
  SINCE OCT 1     33.2                      26.9    6.3     36.2
  SINCE JUL 1     33.2                      26.9    6.3     36.2
  SNOW DEPTH       0

DEGREE DAYS
 HEATING
  TODAY            0                         2     -2        0
  MONTH TO DATE  111                       129    -18      141
  SINCE MAR 1   1092                      1214   -122      990
  SINCE JUL 1   3779                      4643   -864     3652

 COOLING
  TODAY            0                         4     -4       18
  MONTH TO DATE   71                        48     23       69
  SINCE MAR 1    102                        56     46       82
  SINCE JAN 1    102                        56     46       82
..................................................................


WIND (MPH)
  HIGHEST WIND SPEED    16   HIGHEST WIND DIRECTION     S (160)
  HIGHEST GUST SPEED    21   HIGHEST GUST DIRECTION     S (180)
  AVERAGE WIND SPEED     7.3


SKY COVER
  AVERAGE SKY COVER 0.7


WEATHER CONDITIONS
 THE FOLLOWING WEATHER WAS RECORDED TODAY.
  FOG
  HAZE


RELATIVE HUMIDITY (PERCENT)
 HIGHEST    93           600 AM
 LOWEST     57           200 PM
 AVERAGE    75

..........................................................


THE LAGUARDIA NY CLIMATE NORMALS FOR TOMORROW
                         NORMAL    RECORD    YEAR
 MAXIMUM TEMPERATURE (F)   75        95      1987
 MINIMUM TEMPERATURE (F)   58        48      1946


SUNRISE AND SUNSET
MAY 28 2017...........SUNRISE   528 AM EDT   SUNSET   818 PM EDT
MAY 29 2017...........SUNRISE   528 AM EDT   SUNSET   819 PM EDT


-  INDICATES NEGATIVE NUMBERS.
R  INDICATES RECORD WAS SET OR TIED.
MM INDICATES DATA IS MISSING.
T  INDICATES TRACE AMOUNT.




$$
