000
CDUS41 KOKX 200619
CLILGA


CLIMATE REPORT
NATIONAL WEATHER SERVICE NEW YORK NY
219 AM EDT MON MAR 20 2017


...................................

...THE LAGUARDIA NY CLIMATE SUMMARY FOR MARCH 19 2017...

CLIMATE NORMAL PERIOD 1981 TO 2010
CLIMATE RECORD PERIOD 1939 TO 2017


WEATHER ITEM   OBSERVED TIME   RECORD YEAR NORMAL DEPARTURE LAST
                VALUE   (LST)  VALUE       VALUE  FROM      YEAR
                                                  NORMAL
..................................................................
TEMPERATURE (F)
 YESTERDAY
  MAXIMUM         48    501 PM  72    2012  51     -3       47
                                      2010
  MINIMUM         36    651 AM  10    1967  35      1       37
  AVERAGE         42                        43     -1       42

PRECIPITATION (IN)
  YESTERDAY        0.00          1.38 1998   0.13  -0.13     0.00
  MONTH TO DATE    1.62                      2.33  -0.71     0.54
  SINCE MAR 1      1.62                      2.33  -0.71     0.54
  SINCE JAN 1      7.62                      8.26  -0.64     9.07

SNOWFALL (IN)
  YESTERDAY        0.0           6.0  1992   0.1   -0.1      0.0
  MONTH TO DATE    9.8                       3.4    6.4      1.2
  SINCE OCT 1     33.2                      25.4    7.8     35.6
  SINCE JUL 1     33.2                      25.4    7.8     35.6
  SNOW DEPTH       3

DEGREE DAYS
 HEATING
  YESTERDAY       23                        22      1       23
  MONTH TO DATE  502                       468     34      311
  SINCE MAR 1    502                       468     34      311
  SINCE JUL 1   3189                      3897   -708     2973

 COOLING
  YESTERDAY        0                         0      0        0
  MONTH TO DATE    0                         0      0        5
  SINCE MAR 1      0                         0      0        5
  SINCE JAN 1      0                         0      0        5
..................................................................


WIND (MPH)
  HIGHEST WIND SPEED    25   HIGHEST WIND DIRECTION    NE (50)
  HIGHEST GUST SPEED    31   HIGHEST GUST DIRECTION    NE (50)
  AVERAGE WIND SPEED    12.4


SKY COVER
  AVERAGE SKY COVER 0.5


WEATHER CONDITIONS
 THE FOLLOWING WEATHER WAS RECORDED YESTERDAY.
  NO SIGNIFICANT WEATHER WAS OBSERVED.


RELATIVE HUMIDITY (PERCENT)
 HIGHEST    70          1200 AM
 LOWEST     24           400 PM
 AVERAGE    47

..........................................................


THE LAGUARDIA NY CLIMATE NORMALS FOR TODAY
                         NORMAL    RECORD    YEAR
 MAXIMUM TEMPERATURE (F)   51        82      1945
 MINIMUM TEMPERATURE (F)   36        19      1949


SUNRISE AND SUNSET
MARCH 20 2017.........SUNRISE   659 AM EDT   SUNSET   708 PM EDT
MARCH 21 2017.........SUNRISE   657 AM EDT   SUNSET   709 PM EDT


-  INDICATES NEGATIVE NUMBERS.
R  INDICATES RECORD WAS SET OR TIED.
MM INDICATES DATA IS MISSING.
T  INDICATES TRACE AMOUNT.




$$
