000
CDUS41 KOKX 190616
CLILGA


CLIMATE REPORT
NATIONAL WEATHER SERVICE NEW YORK NY
216 AM EDT TUE SEP 19 2017


...................................

...THE LAGUARDIA NY CLIMATE SUMMARY FOR SEPTEMBER 18 2017...

CLIMATE NORMAL PERIOD 1981 TO 2010
CLIMATE RECORD PERIOD 1939 TO 2017


WEATHER ITEM   OBSERVED TIME   RECORD YEAR NORMAL DEPARTURE LAST
                VALUE   (LST)  VALUE       VALUE  FROM      YEAR
                                                  NORMAL
..................................................................
TEMPERATURE (F)
 YESTERDAY
  MAXIMUM         74    557 PM  89    1965  76     -2       85
  MINIMUM         68    843 AM  48    1990  61      7       72
  AVERAGE         71                        68      3       79

PRECIPITATION (IN)
  YESTERDAY        T             1.65 2004   0.13  -0.13     0.00
  MONTH TO DATE    1.65                      2.18  -0.53     0.77
  SINCE SEP 1      1.65                      2.18  -0.53     0.77
  SINCE JAN 1     34.64                     32.43   2.21    24.49

SNOWFALL (IN)
  YESTERDAY        0.0          MM      MM   0.0    0.0      0.0
  MONTH TO DATE    0.0                       0.0    0.0      0.0
  SINCE OCT 1     33.2                      26.9    6.3     36.2
  SINCE JUL 1      0.0                       0.0    0.0      0.0
  SNOW DEPTH       0

DEGREE DAYS
 HEATING
  YESTERDAY        0                         1     -1        0
  MONTH TO DATE    5                         7     -2        0
  SINCE SEP 1      5                         7     -2        0
  SINCE JUL 1      5                         8     -3        0

 COOLING
  YESTERDAY        6                         5      1       14
  MONTH TO DATE  103                       122    -19      205
  SINCE SEP 1    103                       122    -19      205
  SINCE JAN 1   1234                      1155     79     1622
..................................................................


WIND (MPH)
  HIGHEST WIND SPEED    18   HIGHEST WIND DIRECTION    NE (50)
  HIGHEST GUST SPEED    22   HIGHEST GUST DIRECTION    NE (60)
  AVERAGE WIND SPEED    11.3


SKY COVER
  AVERAGE SKY COVER 1.0


WEATHER CONDITIONS
 THE FOLLOWING WEATHER WAS RECORDED YESTERDAY.
  LIGHT RAIN
  FOG


RELATIVE HUMIDITY (PERCENT)
 HIGHEST    93          1000 PM
 LOWEST     79           400 PM
 AVERAGE    86

..........................................................


THE LAGUARDIA NY CLIMATE NORMALS FOR TODAY
                         NORMAL    RECORD    YEAR
 MAXIMUM TEMPERATURE (F)   75        92      1983
                                             1946
 MINIMUM TEMPERATURE (F)   61        49      1959


SUNRISE AND SUNSET
SEPTEMBER 19 2017.....SUNRISE   640 AM EDT   SUNSET   657 PM EDT
SEPTEMBER 20 2017.....SUNRISE   641 AM EDT   SUNSET   656 PM EDT


-  INDICATES NEGATIVE NUMBERS.
R  INDICATES RECORD WAS SET OR TIED.
MM INDICATES DATA IS MISSING.
T  INDICATES TRACE AMOUNT.




$$
