000
CDUS41 KOKX 190616
CLILGA


CLIMATE REPORT
NATIONAL WEATHER SERVICE NEW YORK NY
116 AM EST THU JAN 19 2017


...................................

...THE LAGUARDIA NY CLIMATE SUMMARY FOR JANUARY 18 2017...

CLIMATE NORMAL PERIOD 1981 TO 2010
CLIMATE RECORD PERIOD 1939 TO 2017


WEATHER ITEM   OBSERVED TIME   RECORD YEAR NORMAL DEPARTURE LAST
                VALUE   (LST)  VALUE       VALUE  FROM      YEAR
                                                  NORMAL
..................................................................
TEMPERATURE (F)
 YESTERDAY
  MAXIMUM         45   1254 PM  64    1990  39      6       33
                                      1973
  MINIMUM         39    145 AM   0    1982  26     13       20
  AVERAGE         42                        33      9       27

PRECIPITATION (IN)
  YESTERDAY        0.11          1.98 2015   0.10   0.01      T
  MONTH TO DATE    2.05                      1.88   0.17     1.73
  SINCE DEC 1      5.00                      5.44  -0.44     6.06
  SINCE JAN 1      2.05                      1.88   0.17     1.73

SNOWFALL (IN)
  YESTERDAY        0.0           3.0  1984   0.2   -0.2       T
  MONTH TO DATE    8.9                       4.3    4.6      0.6
  SINCE OCT 1     11.9                       9.8    2.1      0.6
  SINCE JUL 1     11.9                       9.8    2.1      0.6
  SNOW DEPTH       0

DEGREE DAYS
 HEATING
  YESTERDAY       23                        32     -9       38
  MONTH TO DATE  483                       572    -89      504
  SINCE DEC 1   1241                      1403   -162      937
  SINCE JUL 1   1779                      2178   -399     1499

 COOLING
  YESTERDAY        0                         0      0        0
  MONTH TO DATE    0                         0      0        0
  SINCE DEC 1      0                         0      0        1
  SINCE JAN 1      0                         0      0        0
..................................................................


WIND (MPH)
  HIGHEST WIND SPEED    22   HIGHEST WIND DIRECTION    NE (60)
  HIGHEST GUST SPEED    26   HIGHEST GUST DIRECTION    NE (60)
  AVERAGE WIND SPEED    10.5


SKY COVER
  AVERAGE SKY COVER 1.0


WEATHER CONDITIONS
 THE FOLLOWING WEATHER WAS RECORDED YESTERDAY.
  HEAVY RAIN
  LIGHT RAIN
  FOG


RELATIVE HUMIDITY (PERCENT)
 HIGHEST    93           600 AM
 LOWEST     76          1200 PM
 AVERAGE    85

..........................................................


THE LAGUARDIA NY CLIMATE NORMALS FOR TODAY
                         NORMAL    RECORD    YEAR
 MAXIMUM TEMPERATURE (F)   39        64      1951
 MINIMUM TEMPERATURE (F)   26        -3      1994


SUNRISE AND SUNSET
JANUARY 19 2017.......SUNRISE   716 AM EST   SUNSET   458 PM EST
JANUARY 20 2017.......SUNRISE   715 AM EST   SUNSET   459 PM EST


-  INDICATES NEGATIVE NUMBERS.
R  INDICATES RECORD WAS SET OR TIED.
MM INDICATES DATA IS MISSING.
T  INDICATES TRACE AMOUNT.




$$
