000
CDUS41 KOKX 300631
CLILGA


CLIMATE REPORT
NATIONAL WEATHER SERVICE NEW YORK NY
131 AM EST WED NOV 30 2016


...................................

...THE LAGUARDIA NY CLIMATE SUMMARY FOR NOVEMBER 29 2016...

CLIMATE NORMAL PERIOD 1981 TO 2010
CLIMATE RECORD PERIOD 1939 TO 2016


WEATHER ITEM   OBSERVED TIME   RECORD YEAR NORMAL DEPARTURE LAST
                VALUE   (LST)  VALUE       VALUE  FROM      YEAR
                                                  NORMAL
..................................................................
TEMPERATURE (F)
 YESTERDAY
  MAXIMUM         62   1115 PM  69    1990  50     12       48
  MINIMUM         52    100 AM  17    1955  38     14       38
  AVERAGE         57                        44     13       43

PRECIPITATION (IN)
  YESTERDAY        2.23R         1.64 1963   0.12   2.11      T
  MONTH TO DATE    4.41                      3.28   1.13     1.70
  SINCE SEP 1     11.76                     10.79   0.97     7.60
  SINCE JAN 1     35.48                     41.04  -5.56    32.87

SNOWFALL (IN)
  YESTERDAY        0.0           2.4  1995   0.1   -0.1      0.0
  MONTH TO DATE    T                         0.3   -0.3      0.0
  SINCE OCT 1      T                         0.3   -0.3      0.0
  SINCE JUL 1      T                         0.3   -0.3      0.0
  SNOW DEPTH       0

DEGREE DAYS
 HEATING
  YESTERDAY        8                        21    -13       22
  MONTH TO DATE  365                       484   -119      323
  SINCE SEP 1    530                       755   -225      537
  SINCE JUL 1    530                       756   -226      537

 COOLING
  YESTERDAY        0                         0      0        0
  MONTH TO DATE    2                         0      2        5
  SINCE SEP 1    328                       180    148      305
  SINCE JAN 1   1745                      1213    532     1554
..................................................................


WIND (MPH)
  HIGHEST WIND SPEED    26   HIGHEST WIND DIRECTION     S (160)
  HIGHEST GUST SPEED    35   HIGHEST GUST DIRECTION     S (180)
  AVERAGE WIND SPEED    11.6


SKY COVER
  AVERAGE SKY COVER 1.0


WEATHER CONDITIONS
 THE FOLLOWING WEATHER WAS RECORDED YESTERDAY.
  HEAVY RAIN
  RAIN
  LIGHT RAIN
  FOG


RELATIVE HUMIDITY (PERCENT)
 HIGHEST    97           800 PM
 LOWEST     68          1200 AM
 AVERAGE    83

..........................................................


THE LAGUARDIA NY CLIMATE NORMALS FOR TODAY
                         NORMAL    RECORD    YEAR
 MAXIMUM TEMPERATURE (F)   50        70      1991
 MINIMUM TEMPERATURE (F)   37        18      1976
                                             1958


SUNRISE AND SUNSET
NOVEMBER 30 2016......SUNRISE   700 AM EST   SUNSET   429 PM EST
DECEMBER  1 2016......SUNRISE   701 AM EST   SUNSET   429 PM EST


-  INDICATES NEGATIVE NUMBERS.
R  INDICATES RECORD WAS SET OR TIED.
MM INDICATES DATA IS MISSING.
T  INDICATES TRACE AMOUNT.




$$
