708
CDUS41 KOKX 162138
CLILGA


CLIMATE REPORT
NATIONAL WEATHER SERVICE NEW YORK NY
437 PM EST FRI FEB 16 2018


...................................

...THE LAGUARDIA NY CLIMATE SUMMARY FOR FEBRUARY 16 2018...
VALID TODAY AS OF 0400 PM LOCAL TIME.

CLIMATE NORMAL PERIOD 1981 TO 2010
CLIMATE RECORD PERIOD 1939 TO 2018


WEATHER ITEM   OBSERVED TIME   RECORD YEAR NORMAL DEPARTURE LAST
                VALUE   (LST)  VALUE       VALUE  FROM      YEAR
                                                  NORMAL
..................................................................
TEMPERATURE (F)
 TODAY
  MAXIMUM         59    221 PM  69    1954  42     17       38
  MINIMUM         50    359 PM   2    1943  29     21       31
  AVERAGE         55                        36     19       35

PRECIPITATION (IN)
  TODAY            0.09          1.02 1942   0.10  -0.01     0.00
  MONTH TO DATE    4.23                      1.52   2.71     1.55
  SINCE DEC 1      8.41                      8.25   0.16     8.63
  SINCE JAN 1      6.35                      4.69   1.66     5.68

SNOWFALL (IN)
  TODAY            0.0           7.8  1996   0.4   -0.4      0.0
  MONTH TO DATE    0.6                       5.3   -4.7     10.3
  SINCE OCT 1     17.3                      18.2   -0.9     23.4
  SINCE JUL 1     17.3                      18.2   -0.9     23.4
  SNOW DEPTH       0

DEGREE DAYS
 HEATING
  TODAY           10                        30    -20       30
  MONTH TO DATE  405                       491    -86      433
  SINCE DEC 1   2323                      2315      8     1969
  SINCE JUL 1   2914                      3090   -176     2507

 COOLING
  TODAY            0                         0      0        0
  MONTH TO DATE    0                         0      0        0
  SINCE DEC 1      0                         0      0        0
  SINCE JAN 1      0                         0      0        0
..................................................................


WIND (MPH)
  HIGHEST WIND SPEED    28   HIGHEST WIND DIRECTION    NW (300)
  HIGHEST GUST SPEED    35   HIGHEST GUST DIRECTION    NW (300)
  AVERAGE WIND SPEED     9.9


SKY COVER
  AVERAGE SKY COVER 1.0


WEATHER CONDITIONS
 THE FOLLOWING WEATHER WAS RECORDED TODAY.
  LIGHT RAIN


RELATIVE HUMIDITY (PERCENT)
 HIGHEST    93           200 AM
 LOWEST     57           200 PM
 AVERAGE    75

..........................................................


THE LAGUARDIA NY CLIMATE NORMALS FOR TOMORROW
                         NORMAL    RECORD    YEAR
 MAXIMUM TEMPERATURE (F)   43        66      1976
 MINIMUM TEMPERATURE (F)   29         2      1979


SUNRISE AND SUNSET
FEBRUARY 16 2018......SUNRISE   648 AM EST   SUNSET   532 PM EST
FEBRUARY 17 2018......SUNRISE   647 AM EST   SUNSET   533 PM EST


-  INDICATES NEGATIVE NUMBERS.
R  INDICATES RECORD WAS SET OR TIED.
MM INDICATES DATA IS MISSING.
T  INDICATES TRACE AMOUNT.




$$
