000
CDUS41 KOKX 272031
CLILGA


CLIMATE REPORT
NATIONAL WEATHER SERVICE NEW YORK NY
431 PM EDT MON OCT 27 2014


...................................

...THE LAGUARDIA NY CLIMATE SUMMARY FOR OCTOBER 27 2014...
VALID TODAY AS OF 0400 PM LOCAL TIME.

CLIMATE NORMAL PERIOD 1981 TO 2010
CLIMATE RECORD PERIOD 1945 TO 2014


WEATHER ITEM   OBSERVED TIME   RECORD YEAR NORMAL DEPARTURE LAST
                VALUE   (LST)  VALUE       VALUE  FROM      YEAR
                                                  NORMAL
..................................................................
TEMPERATURE (F)
 TODAY
  MAXIMUM         64    259 PM  79    1963  61      3       59
  MINIMUM         51    810 AM  33    1976  48      3       49
  AVERAGE         58                        54      4       54

PRECIPITATION (IN)
  TODAY            0.00          1.76 2003   0.11  -0.11      T
  MONTH TO DATE    3.85                      3.32   0.53     0.38
  SINCE SEP 1      5.09                      7.05  -1.96     3.67
  SINCE JAN 1     40.15                     37.30   2.85    31.01

SNOWFALL (IN)
  TODAY            0.0          MM      MM   0.0    0.0      0.0
  MONTH TO DATE    0.0                       0.0    0.0      0.0
  SINCE OCT 1      0.0                       0.0    0.0      0.0
  SINCE JUL 1      0.0                       0.0    0.0      0.0
  SNOW DEPTH       0

DEGREE DAYS
 HEATING
  TODAY            7                        11     -4       11
  MONTH TO DATE  133                       191    -58      128
  SINCE SEP 1    146                       225    -79      159
  SINCE JUL 1    146                       226    -80      159

 COOLING
  TODAY            0                         0      0        0
  MONTH TO DATE   24                        20      4       51
  SINCE SEP 1    205                       177     28      183
  SINCE JAN 1   1192                      1210    -18     1402
..................................................................


WIND (MPH)
  HIGHEST WIND SPEED    22   HIGHEST WIND DIRECTION     W (290)
  HIGHEST GUST SPEED    28   HIGHEST GUST DIRECTION    NW (300)
  AVERAGE WIND SPEED    12.4


SKY COVER
  AVERAGE SKY COVER 0.2


WEATHER CONDITIONS
 THE FOLLOWING WEATHER WAS RECORDED TODAY.
  NO SIGNIFICANT WEATHER WAS OBSERVED.


RELATIVE HUMIDITY (PERCENT)
 HIGHEST    59           600 AM
 LOWEST     34           300 PM
 AVERAGE    47

..........................................................


THE LAGUARDIA NY CLIMATE NORMALS FOR TOMORROW
                         NORMAL    RECORD    YEAR
 MAXIMUM TEMPERATURE (F)   61        80      1984
 MINIMUM TEMPERATURE (F)   47        33      1976


SUNRISE AND SUNSET
OCTOBER 27 2014.......SUNRISE   720 AM EDT   SUNSET   558 PM EDT
OCTOBER 28 2014.......SUNRISE   721 AM EDT   SUNSET   557 PM EDT


-  INDICATES NEGATIVE NUMBERS.
R  INDICATES RECORD WAS SET OR TIED.
MM INDICATES DATA IS MISSING.
T  INDICATES TRACE AMOUNT.




$$
