000
CDUS41 KOKX 020706
CLILGA


CLIMATE REPORT
NATIONAL WEATHER SERVICE NEW YORK NY
306 AM EDT THU JUL 2 2015


...................................

...THE LAGUARDIA NY CLIMATE SUMMARY FOR JULY 1 2015...

CLIMATE NORMAL PERIOD 1981 TO 2010
CLIMATE RECORD PERIOD 1945 TO 2015


WEATHER ITEM   OBSERVED TIME   RECORD YEAR NORMAL DEPARTURE LAST
                VALUE   (LST)  VALUE       VALUE  FROM      YEAR
                                                  NORMAL
..................................................................
TEMPERATURE (F)
 YESTERDAY
  MAXIMUM         85    313 PM  97    2012  84      1       88
                                      1964
                                      1963
  MINIMUM         70    512 AM  56    1988  68      2       73
                                      1943
  AVERAGE         78                        76      2       81

PRECIPITATION (IN)
  YESTERDAY        0.35          1.12 1971   0.12   0.23      T
  MONTH TO DATE    0.35                      0.12   0.23      T
  SINCE JUN 1      5.15                      4.06   1.09     3.69
  SINCE JAN 1     20.20                     21.75  -1.55    27.57

SNOWFALL (IN)
  YESTERDAY        0.0          MM      MM   0.0    0.0      0.0
  MONTH TO DATE    0.0                       0.0    0.0      0.0
  SINCE OCT 1     53.8                      26.9   26.9     52.4
  SINCE JUL 1      0.0                       0.0    0.0      0.0
  SNOW DEPTH       0

DEGREE DAYS
 HEATING
  YESTERDAY        0                         0      0        0
  MONTH TO DATE    0                         0      0        0
  SINCE JUN 1     34                        16     18        0
  SINCE JUL 1      0                         0      0        0

 COOLING
  YESTERDAY       13                        11      2       16
  MONTH TO DATE   13                        11      2       16
  SINCE JUN 1    241                       242     -1      248
  SINCE JAN 1    363                       308     55      298
..................................................................


WIND (MPH)
  HIGHEST WIND SPEED    23   HIGHEST WIND DIRECTION     W (270)
  HIGHEST GUST SPEED    30   HIGHEST GUST DIRECTION     W (270)
  AVERAGE WIND SPEED    10.4


SKY COVER
  AVERAGE SKY COVER 0.8


WEATHER CONDITIONS
 THE FOLLOWING WEATHER WAS RECORDED YESTERDAY.
  THUNDERSTORM
  HEAVY RAIN
  LIGHT RAIN
  FOG


RELATIVE HUMIDITY (PERCENT)
 HIGHEST    87           100 AM
 LOWEST     40           500 PM
 AVERAGE    64

..........................................................


THE LAGUARDIA NY CLIMATE NORMALS FOR TODAY
                         NORMAL    RECORD    YEAR
 MAXIMUM TEMPERATURE (F)   84       101      1966
 MINIMUM TEMPERATURE (F)   68        58      2001


SUNRISE AND SUNSET
JULY  2 2015..........SUNRISE   528 AM EDT   SUNSET   831 PM EDT
JULY  3 2015..........SUNRISE   529 AM EDT   SUNSET   831 PM EDT


-  INDICATES NEGATIVE NUMBERS.
R  INDICATES RECORD WAS SET OR TIED.
MM INDICATES DATA IS MISSING.
T  INDICATES TRACE AMOUNT.




$$
