000
CDUS41 KOKX 290616
CLILGA


CLIMATE REPORT
NATIONAL WEATHER SERVICE NEW YORK NY
216 AM EDT TUE JUL 29 2014


...................................

...THE LAGUARDIA NY CLIMATE SUMMARY FOR JULY 28 2014...

CLIMATE NORMAL PERIOD 1981 TO 2010
CLIMATE RECORD PERIOD 1945 TO 2014


WEATHER ITEM   OBSERVED TIME   RECORD YEAR NORMAL DEPARTURE LAST
                VALUE   (LST)  VALUE       VALUE  FROM      YEAR
                                                  NORMAL
..................................................................
TEMPERATURE (F)
 YESTERDAY
  MAXIMUM         84    304 PM  98    1949  86     -2       82
  MINIMUM         68   1158 PM  60    1984  70     -2       71
  AVERAGE         76                        78     -2       77

PRECIPITATION (IN)
  YESTERDAY        0.26          1.97 1951   0.16   0.10     0.13
  MONTH TO DATE    3.99                      4.01  -0.02     2.80
  SINCE JUN 1      7.68                      7.95  -0.27    10.96
  SINCE JAN 1     31.56                     25.64   5.92    25.37

SNOWFALL (IN)
  YESTERDAY        0.0          MM      MM   0.0    0.0      0.0
  MONTH TO DATE    0.0                       0.0    0.0      0.0
  SINCE OCT 1     52.4                      26.9   25.5     22.2
  SINCE JUL 1      0.0                       0.0    0.0      0.0
  SNOW DEPTH       0

DEGREE DAYS
 HEATING
  YESTERDAY        0                         0      0        0
  MONTH TO DATE    0                         0      0        0
  SINCE JUN 1      0                        16    -16        4
  SINCE JUL 1      0                         0      0        0

 COOLING
  YESTERDAY       11                        13     -2       12
  MONTH TO DATE  356                       349      7      471
  SINCE JUN 1    588                       580      8      752
  SINCE JAN 1    638                       646     -8      840
..................................................................


WIND (MPH)
  HIGHEST WIND SPEED    26   HIGHEST WIND DIRECTION     W (290)
  HIGHEST GUST SPEED    33   HIGHEST GUST DIRECTION     W (290)
  AVERAGE WIND SPEED    13.1


SKY COVER
  AVERAGE SKY COVER 0.7


WEATHER CONDITIONS
 THE FOLLOWING WEATHER WAS RECORDED YESTERDAY.
  THUNDERSTORM
  RAIN
  LIGHT RAIN
  FOG


RELATIVE HUMIDITY (PERCENT)
 HIGHEST    94           200 AM
 LOWEST     43           300 PM
 AVERAGE    69

..........................................................


THE LAGUARDIA NY CLIMATE NORMALS FOR TODAY
                         NORMAL    RECORD    YEAR
 MAXIMUM TEMPERATURE (F)   86        97      1949
 MINIMUM TEMPERATURE (F)   70        62      1984


SUNRISE AND SUNSET
JULY 29 2014..........SUNRISE   549 AM EDT   SUNSET   814 PM EDT
JULY 30 2014..........SUNRISE   550 AM EDT   SUNSET   813 PM EDT


-  INDICATES NEGATIVE NUMBERS.
R  INDICATES RECORD WAS SET OR TIED.
MM INDICATES DATA IS MISSING.
T  INDICATES TRACE AMOUNT.




$$
