000
CDUS41 KOKX 040649
CLILGA


CLIMATE REPORT
NATIONAL WEATHER SERVICE NEW YORK NY
149 AM EST WED MAR 4 2015


...................................

...THE LAGUARDIA NY CLIMATE SUMMARY FOR MARCH 3 2015...

CLIMATE NORMAL PERIOD 1981 TO 2010
CLIMATE RECORD PERIOD 1945 TO 2015


WEATHER ITEM   OBSERVED TIME   RECORD YEAR NORMAL DEPARTURE LAST
                VALUE   (LST)  VALUE       VALUE  FROM      YEAR
                                                  NORMAL
..................................................................
TEMPERATURE (F)
 YESTERDAY
  MAXIMUM         36   1159 PM  65    1967  46    -10       32
  MINIMUM         24    640 AM  10    1950  31     -7       19
  AVERAGE         30                        38     -8       26

PRECIPITATION (IN)
  YESTERDAY        0.72          1.32 1991   0.12   0.60     0.01
  MONTH TO DATE    1.20                      0.35   0.85     0.01
  SINCE MAR 1      1.20                      0.35   0.85     0.01
  SINCE JAN 1      8.28                      6.28   2.00     7.30

SNOWFALL (IN)
  YESTERDAY        1.0          13.9  1960   0.2    0.8      0.4
  MONTH TO DATE    4.5                       0.7    3.8      0.4
  SINCE OCT 1     41.0                      22.7   18.3     52.1
  SINCE JUL 1     41.0                      22.7   18.3     52.1
  SNOW DEPTH       5

DEGREE DAYS
 HEATING
  YESTERDAY       35                        26      9       39
  MONTH TO DATE  105                        80     25      103
  SINCE MAR 1    105                        80     25      103
  SINCE JUL 1   3827                      3509    318     3760

 COOLING
  YESTERDAY        0                         0      0        0
  MONTH TO DATE    0                         0      0        0
  SINCE MAR 1      0                         0      0        0
  SINCE JAN 1      0                         0      0        0
..................................................................


WIND (MPH)
  HIGHEST WIND SPEED    18   HIGHEST WIND DIRECTION     S (180)
  HIGHEST GUST SPEED    22   HIGHEST GUST DIRECTION     S (190)
  AVERAGE WIND SPEED     9.3


SKY COVER
  AVERAGE SKY COVER 0.7


WEATHER CONDITIONS
 THE FOLLOWING WEATHER WAS RECORDED YESTERDAY.
  RAIN
  LIGHT RAIN
  FREEZING RAIN
  SNOW
  LIGHT SNOW
  SLEET
  FOG
  FOG W/VISIBILITY <= 1/4 MILE
  HAZE


RELATIVE HUMIDITY (PERCENT)
 HIGHEST    89           800 PM
 LOWEST     46           800 AM
 AVERAGE    68

..........................................................


THE LAGUARDIA NY CLIMATE NORMALS FOR TODAY
                         NORMAL    RECORD    YEAR
 MAXIMUM TEMPERATURE (F)   46        69      1946
 MINIMUM TEMPERATURE (F)   31         7      1943


SUNRISE AND SUNSET
MARCH  4 2015.........SUNRISE   625 AM EST   SUNSET   550 PM EST
MARCH  5 2015.........SUNRISE   624 AM EST   SUNSET   551 PM EST


-  INDICATES NEGATIVE NUMBERS.
R  INDICATES RECORD WAS SET OR TIED.
MM INDICATES DATA IS MISSING.
T  INDICATES TRACE AMOUNT.




$$
