000
CDUS41 KOKX 270616
CLILGA


CLIMATE REPORT
NATIONAL WEATHER SERVICE NEW YORK NY
216 AM EDT MON OCT 27 2014


...................................

...THE LAGUARDIA NY CLIMATE SUMMARY FOR OCTOBER 26 2014...

CLIMATE NORMAL PERIOD 1981 TO 2010
CLIMATE RECORD PERIOD 1945 TO 2014


WEATHER ITEM   OBSERVED TIME   RECORD YEAR NORMAL DEPARTURE LAST
                VALUE   (LST)  VALUE       VALUE  FROM      YEAR
                                                  NORMAL
..................................................................
TEMPERATURE (F)
 YESTERDAY
  MAXIMUM         62    125 PM  76    1963  62      0       56
                                      1947
  MINIMUM         54    637 AM  34    1962  48      6       43
  AVERAGE         58                        55      3       50

PRECIPITATION (IN)
  YESTERDAY        T             1.07 2002   0.12  -0.12     0.00
  MONTH TO DATE    3.85                      3.21   0.64     0.38
  SINCE SEP 1      5.09                      6.94  -1.85     3.67
  SINCE JAN 1     40.15                     37.19   2.96    31.01

SNOWFALL (IN)
  YESTERDAY        0.0           1.2  1962   0.0    0.0      0.0
  MONTH TO DATE    0.0                       0.0    0.0      0.0
  SINCE OCT 1      0.0                       0.0    0.0      0.0
  SINCE JUL 1      0.0                       0.0    0.0      0.0
  SNOW DEPTH       0

DEGREE DAYS
 HEATING
  YESTERDAY        7                        10     -3       15
  MONTH TO DATE  126                       180    -54      117
  SINCE SEP 1    139                       214    -75      148
  SINCE JUL 1    139                       215    -76      148

 COOLING
  YESTERDAY        0                         0      0        0
  MONTH TO DATE   24                        20      4       51
  SINCE SEP 1    205                       177     28      183
  SINCE JAN 1   1192                      1210    -18     1402
..................................................................


WIND (MPH)
  HIGHEST WIND SPEED    25   HIGHEST WIND DIRECTION    NW (320)
  HIGHEST GUST SPEED    33   HIGHEST GUST DIRECTION     W (290)
  AVERAGE WIND SPEED    15.8


SKY COVER
  AVERAGE SKY COVER 0.6


WEATHER CONDITIONS
 THE FOLLOWING WEATHER WAS RECORDED YESTERDAY.
  LIGHT RAIN


RELATIVE HUMIDITY (PERCENT)
 HIGHEST    67           200 AM
 LOWEST     39           100 PM
 AVERAGE    53

..........................................................


THE LAGUARDIA NY CLIMATE NORMALS FOR TODAY
                         NORMAL    RECORD    YEAR
 MAXIMUM TEMPERATURE (F)   61        79      1963
 MINIMUM TEMPERATURE (F)   48        33      1976


SUNRISE AND SUNSET
OCTOBER 27 2014.......SUNRISE   720 AM EDT   SUNSET   558 PM EDT
OCTOBER 28 2014.......SUNRISE   721 AM EDT   SUNSET   557 PM EDT


-  INDICATES NEGATIVE NUMBERS.
R  INDICATES RECORD WAS SET OR TIED.
MM INDICATES DATA IS MISSING.
T  INDICATES TRACE AMOUNT.




$$
