447
CDUS41 KOKX 150619
CLILGA


CLIMATE REPORT
NATIONAL WEATHER SERVICE NEW YORK NY
119 AM EST SUN JAN 15 2017


...................................

...THE LAGUARDIA NY CLIMATE SUMMARY FOR JANUARY 14 2017...

CLIMATE NORMAL PERIOD 1981 TO 2010
CLIMATE RECORD PERIOD 1939 TO 2017


WEATHER ITEM   OBSERVED TIME   RECORD YEAR NORMAL DEPARTURE LAST
                VALUE   (LST)  VALUE       VALUE  FROM      YEAR
                                                  NORMAL
..................................................................
TEMPERATURE (F)
 YESTERDAY
  MAXIMUM         34   1159 PM  64    1995  39     -5       39
  MINIMUM         29    443 PM   7    1988  26      3       24
  AVERAGE         32                        33     -1       32

PRECIPITATION (IN)
  YESTERDAY        0.10          1.29 2006   0.11  -0.01      T
  MONTH TO DATE    1.57                      1.46   0.11     1.42
  SINCE DEC 1      4.52                      5.02  -0.50     5.75
  SINCE JAN 1      1.57                      1.46   0.11     1.42

SNOWFALL (IN)
  YESTERDAY        0.6           4.7  1977   0.2    0.4       T
  MONTH TO DATE    8.9                       3.4    5.5       T
  SINCE OCT 1     11.9                       8.9    3.0       T
  SINCE JUL 1     11.9                       8.9    3.0       T
  SNOW DEPTH       0

DEGREE DAYS
 HEATING
  YESTERDAY       33                        32      1       33
  MONTH TO DATE  381                       444    -63      399
  SINCE DEC 1   1139                      1275   -136      832
  SINCE JUL 1   1677                      2050   -373     1394

 COOLING
  YESTERDAY        0                         0      0        0
  MONTH TO DATE    0                         0      0        0
  SINCE DEC 1      0                         0      0        1
  SINCE JAN 1      0                         0      0        0
..................................................................


WIND (MPH)
  HIGHEST WIND SPEED    14   HIGHEST WIND DIRECTION    NE (50)
  HIGHEST GUST SPEED    16   HIGHEST GUST DIRECTION    NE (50)
  AVERAGE WIND SPEED     7.1


SKY COVER
  AVERAGE SKY COVER 0.9


WEATHER CONDITIONS
 THE FOLLOWING WEATHER WAS RECORDED YESTERDAY.
  SNOW
  LIGHT SNOW
  FOG


RELATIVE HUMIDITY (PERCENT)
 HIGHEST    89          1100 PM
 LOWEST     45           200 AM
 AVERAGE    67

..........................................................


THE LAGUARDIA NY CLIMATE NORMALS FOR TODAY
                         NORMAL    RECORD    YEAR
 MAXIMUM TEMPERATURE (F)   39        62      1995
 MINIMUM TEMPERATURE (F)   26         0      1957


SUNRISE AND SUNSET
JANUARY 15 2017.......SUNRISE   718 AM EST   SUNSET   453 PM EST
JANUARY 16 2017.......SUNRISE   717 AM EST   SUNSET   454 PM EST


-  INDICATES NEGATIVE NUMBERS.
R  INDICATES RECORD WAS SET OR TIED.
MM INDICATES DATA IS MISSING.
T  INDICATES TRACE AMOUNT.




$$
