000
CDUS41 KOKX 220617
CLILGA


CLIMATE REPORT
NATIONAL WEATHER SERVICE NEW YORK NY
217 AM EDT MON SEP 22 2014


...................................

...THE LAGUARDIA NY CLIMATE SUMMARY FOR SEPTEMBER 21 2014...

CLIMATE NORMAL PERIOD 1981 TO 2010
CLIMATE RECORD PERIOD 1945 TO 2014


WEATHER ITEM   OBSERVED TIME   RECORD YEAR NORMAL DEPARTURE LAST
                VALUE   (LST)  VALUE       VALUE  FROM      YEAR
                                                  NORMAL
..................................................................
TEMPERATURE (F)
 YESTERDAY
  MAXIMUM         77    454 PM  89    1940  75      2       76
  MINIMUM         67    552 AM  43    1956  60      7       61
  AVERAGE         72                        67      5       69

PRECIPITATION (IN)
  YESTERDAY        0.21          3.02 1966   0.13   0.08     0.45
  MONTH TO DATE    1.03                      2.57  -1.54     2.76
  SINCE SEP 1      1.03                      2.57  -1.54     2.76
  SINCE JAN 1     36.09                     32.82   3.27    30.10

SNOWFALL (IN)
  YESTERDAY        0.0          MM      MM   0.0    0.0      0.0
  MONTH TO DATE    0.0                       0.0    0.0      0.0
  SINCE OCT 1     52.4                      26.9   25.5     22.2
  SINCE JUL 1      0.0                       0.0    0.0      0.0
  SNOW DEPTH       0

DEGREE DAYS
 HEATING
  YESTERDAY        0                         1     -1        0
  MONTH TO DATE    8                        10     -2       15
  SINCE SEP 1      8                        10     -2       15
  SINCE JUL 1      8                        11     -3       15

 COOLING
  YESTERDAY        7                         4      3        4
  MONTH TO DATE  147                       134     13      130
  SINCE SEP 1    147                       134     13      130
  SINCE JAN 1   1134                      1167    -33     1349
..................................................................


WIND (MPH)
  HIGHEST WIND SPEED    17   HIGHEST WIND DIRECTION     W (260)
  HIGHEST GUST SPEED    22   HIGHEST GUST DIRECTION     W (250)
  AVERAGE WIND SPEED     4.0


SKY COVER
  AVERAGE SKY COVER 0.9


WEATHER CONDITIONS
 THE FOLLOWING WEATHER WAS RECORDED YESTERDAY.
  RAIN
  LIGHT RAIN
  FOG


RELATIVE HUMIDITY (PERCENT)
 HIGHEST   100           500 AM
 LOWEST     69           500 PM
 AVERAGE    85

..........................................................


THE LAGUARDIA NY CLIMATE NORMALS FOR TODAY
                         NORMAL    RECORD    YEAR
 MAXIMUM TEMPERATURE (F)   74        93      1970
 MINIMUM TEMPERATURE (F)   60        47      1962


SUNRISE AND SUNSET
SEPTEMBER 22 2014.....SUNRISE   643 AM EDT   SUNSET   653 PM EDT
SEPTEMBER 23 2014.....SUNRISE   644 AM EDT   SUNSET   651 PM EDT


-  INDICATES NEGATIVE NUMBERS.
R  INDICATES RECORD WAS SET OR TIED.
MM INDICATES DATA IS MISSING.
T  INDICATES TRACE AMOUNT.




$$
