000
CDUS41 KOKX 272044
CLILGA


CLIMATE REPORT
NATIONAL WEATHER SERVICE NEW YORK NY
444 PM EDT THU JUL 27 2017


...................................

...THE LAGUARDIA NY CLIMATE SUMMARY FOR JULY 27 2017...
VALID TODAY AS OF 0400 PM LOCAL TIME.

CLIMATE NORMAL PERIOD 1981 TO 2010
CLIMATE RECORD PERIOD 1939 TO 2017


WEATHER ITEM   OBSERVED TIME   RECORD YEAR NORMAL DEPARTURE LAST
                VALUE   (LST)  VALUE       VALUE  FROM      YEAR
                                                  NORMAL
..................................................................
TEMPERATURE (F)
 TODAY
  MAXIMUM         78   1207 PM 100    2005  86     -8       94
  MINIMUM         67    523 AM  59    1962  70     -3       77
  AVERAGE         73                        78     -5       86

PRECIPITATION (IN)
  TODAY            T             2.77 1960   0.15  -0.15     0.00
  MONTH TO DATE    4.32                      3.85   0.47     3.21
  SINCE JUN 1      8.70                      7.79   0.91     5.45
  SINCE JAN 1     29.47                     25.48   3.99    20.82

SNOWFALL (IN)
  TODAY            0.0          MM      MM   0.0    0.0      0.0
  MONTH TO DATE    0.0                       0.0    0.0      0.0
  SINCE OCT 1     33.2                      26.9    6.3     36.2
  SINCE JUL 1      0.0                       0.0    0.0      0.0
  SNOW DEPTH       0

DEGREE DAYS
 HEATING
  TODAY            0                         0      0        0
  MONTH TO DATE    0                         0      0        0
  SINCE JUN 1     16                        16      0        2
  SINCE JUL 1      0                         0      0        0

 COOLING
  TODAY            8                        13     -5       21
  MONTH TO DATE  371                       336     35      444
  SINCE JUN 1    651                       567     84      714
  SINCE JAN 1    756                       633    123      833
..................................................................


WIND (MPH)
  HIGHEST WIND SPEED    15   HIGHEST WIND DIRECTION     S (180)
  HIGHEST GUST SPEED    20   HIGHEST GUST DIRECTION     S (200)
  AVERAGE WIND SPEED     9.1


SKY COVER
  AVERAGE SKY COVER 0.8


WEATHER CONDITIONS
 THE FOLLOWING WEATHER WAS RECORDED TODAY.
  LIGHT RAIN


RELATIVE HUMIDITY (PERCENT)
 HIGHEST    87           200 PM
 LOWEST     64           900 AM
 AVERAGE    76

..........................................................


THE LAGUARDIA NY CLIMATE NORMALS FOR TOMORROW
                         NORMAL    RECORD    YEAR
 MAXIMUM TEMPERATURE (F)   86        98      1949
 MINIMUM TEMPERATURE (F)   70        60      1984


SUNRISE AND SUNSET
JULY 27 2017..........SUNRISE   548 AM EDT   SUNSET   816 PM EDT
JULY 28 2017..........SUNRISE   549 AM EDT   SUNSET   815 PM EDT


-  INDICATES NEGATIVE NUMBERS.
R  INDICATES RECORD WAS SET OR TIED.
MM INDICATES DATA IS MISSING.
T  INDICATES TRACE AMOUNT.




$$
