000
CDUS41 KOKX 012143
CLILGA


CLIMATE REPORT
NATIONAL WEATHER SERVICE NEW YORK NY
443 PM EST SUN FEB 1 2015


...................................

...THE LAGUARDIA NY CLIMATE SUMMARY FOR FEBRUARY 1 2015...
VALID TODAY AS OF 0400 PM LOCAL TIME.

CLIMATE NORMAL PERIOD 1981 TO 2010
CLIMATE RECORD PERIOD 1945 TO 2015


WEATHER ITEM   OBSERVED TIME   RECORD YEAR NORMAL DEPARTURE LAST
                VALUE   (LST)  VALUE       VALUE  FROM      YEAR
                                                  NORMAL
..................................................................
TEMPERATURE (F)
 TODAY
  MAXIMUM         36    330 PM  66    1989  40     -4       44
  MINIMUM         20   1209 AM   3    1961  27     -7       32
  AVERAGE         28                        33     -5       38

PRECIPITATION (IN)
  TODAY            0.00          1.59 2008   0.10  -0.10     0.00
  MONTH TO DATE    0.00                      0.10  -0.10     0.00
  SINCE DEC 1     11.18                      6.83   4.35     6.82
  SINCE JAN 1      4.98                      3.27   1.71     2.36

SNOWFALL (IN)
  TODAY            0.0           5.1  1957   0.3   -0.3      0.0
  MONTH TO DATE    0.0                       0.3   -0.3      0.0
  SINCE OCT 1     21.4                      13.2    8.2     24.5
  SINCE JUL 1     21.4                      13.2    8.2     24.5
  SNOW DEPTH       5

DEGREE DAYS
 HEATING
  TODAY           37                        32      5       27
  MONTH TO DATE   37                        32      5       27
  SINCE DEC 1   1869                      1856     13     1968
  SINCE JUL 1   2623                      2631     -8     2750

 COOLING
  TODAY            0                         0      0        0
  MONTH TO DATE    0                         0      0        0
  SINCE DEC 1      0                         0      0        0
  SINCE JAN 1      0                         0      0        0
..................................................................


WIND (MPH)
  HIGHEST WIND SPEED    16   HIGHEST WIND DIRECTION    NW (300)
  HIGHEST GUST SPEED    21   HIGHEST GUST DIRECTION    NW (300)
  AVERAGE WIND SPEED     8.8


SKY COVER
  AVERAGE SKY COVER 0.6


WEATHER CONDITIONS
 THE FOLLOWING WEATHER WAS RECORDED TODAY.
  NO SIGNIFICANT WEATHER WAS OBSERVED.


RELATIVE HUMIDITY (PERCENT)
 HIGHEST    63          1000 AM
 LOWEST     47          1200 PM
 AVERAGE    55

..........................................................


THE LAGUARDIA NY CLIMATE NORMALS FOR TOMORROW
                         NORMAL    RECORD    YEAR
 MAXIMUM TEMPERATURE (F)   40        59      1988
                                             1967
 MINIMUM TEMPERATURE (F)   27        -1      1961


SUNRISE AND SUNSET
FEBRUARY  1 2015......SUNRISE   706 AM EST   SUNSET   513 PM EST
FEBRUARY  2 2015......SUNRISE   705 AM EST   SUNSET   514 PM EST


-  INDICATES NEGATIVE NUMBERS.
R  INDICATES RECORD WAS SET OR TIED.
MM INDICATES DATA IS MISSING.
T  INDICATES TRACE AMOUNT.




$$
