000
CDUS41 KOKX 220616
CLILGA


CLIMATE REPORT
NATIONAL WEATHER SERVICE NEW YORK NY
216 AM EDT FRI SEP 22 2017


...................................

...THE LAGUARDIA NY CLIMATE SUMMARY FOR SEPTEMBER 21 2017...

CLIMATE NORMAL PERIOD 1981 TO 2010
CLIMATE RECORD PERIOD 1939 TO 2017


WEATHER ITEM   OBSERVED TIME   RECORD YEAR NORMAL DEPARTURE LAST
                VALUE   (LST)  VALUE       VALUE  FROM      YEAR
                                                  NORMAL
..................................................................
TEMPERATURE (F)
 YESTERDAY
  MAXIMUM         79    439 PM  89    1940  75      4       85
  MINIMUM         72   1159 PM  43    1956  60     12       73
  AVERAGE         76                        67      9       79

PRECIPITATION (IN)
  YESTERDAY        0.00          3.02 1966   0.13  -0.13     0.00
  MONTH TO DATE    1.84                      2.57  -0.73     1.55
  SINCE SEP 1      1.84                      2.57  -0.73     1.55
  SINCE JAN 1     34.83                     32.82   2.01    25.27

SNOWFALL (IN)
  YESTERDAY        0.0          MM      MM   0.0    0.0      0.0
  MONTH TO DATE    0.0                       0.0    0.0      0.0
  SINCE OCT 1     33.2                      26.9    6.3     36.2
  SINCE JUL 1      0.0                       0.0    0.0      0.0
  SNOW DEPTH       0

DEGREE DAYS
 HEATING
  YESTERDAY        0                         1     -1        0
  MONTH TO DATE    5                        10     -5        0
  SINCE SEP 1      5                        10     -5        0
  SINCE JUL 1      5                        11     -6        0

 COOLING
  YESTERDAY       11                         4      7       14
  MONTH TO DATE  133                       134     -1      242
  SINCE SEP 1    133                       134     -1      242
  SINCE JAN 1   1264                      1167     97     1659
..................................................................


WIND (MPH)
  HIGHEST WIND SPEED    20   HIGHEST WIND DIRECTION     N (350)
  HIGHEST GUST SPEED    26   HIGHEST GUST DIRECTION     N (360)
  AVERAGE WIND SPEED    11.3


SKY COVER
  AVERAGE SKY COVER 0.9


WEATHER CONDITIONS
 THE FOLLOWING WEATHER WAS RECORDED YESTERDAY.
  NO SIGNIFICANT WEATHER WAS OBSERVED.


RELATIVE HUMIDITY (PERCENT)
 HIGHEST    79           300 AM
 LOWEST     58          1200 PM
 AVERAGE    69

..........................................................


THE LAGUARDIA NY CLIMATE NORMALS FOR TODAY
                         NORMAL    RECORD    YEAR
 MAXIMUM TEMPERATURE (F)   74        93      1970
 MINIMUM TEMPERATURE (F)   60        47      1962


SUNRISE AND SUNSET
SEPTEMBER 22 2017.....SUNRISE   643 AM EDT   SUNSET   652 PM EDT
SEPTEMBER 23 2017.....SUNRISE   644 AM EDT   SUNSET   651 PM EDT


-  INDICATES NEGATIVE NUMBERS.
R  INDICATES RECORD WAS SET OR TIED.
MM INDICATES DATA IS MISSING.
T  INDICATES TRACE AMOUNT.




$$
