000
CDUS41 KOKX 200617
CLILGA


CLIMATE REPORT
NATIONAL WEATHER SERVICE NEW YORK NY
116 AM EST MON FEB 20 2017


...................................

...THE LAGUARDIA NY CLIMATE SUMMARY FOR FEBRUARY 19 2017...

CLIMATE NORMAL PERIOD 1981 TO 2010
CLIMATE RECORD PERIOD 1939 TO 2017


WEATHER ITEM   OBSERVED TIME   RECORD YEAR NORMAL DEPARTURE LAST
                VALUE   (LST)  VALUE       VALUE  FROM      YEAR
                                                  NORMAL
..................................................................
TEMPERATURE (F)
 YESTERDAY
  MAXIMUM         66R   423 PM  65    1997  43     23       40
  MINIMUM         53   1117 PM   9    2015  29     24       25
  AVERAGE         60                        36     24       33

PRECIPITATION (IN)
  YESTERDAY        0.00          1.70 1972   0.10  -0.10     0.00
  MONTH TO DATE    1.55                      1.82  -0.27     2.46
  SINCE DEC 1      8.63                      8.55   0.08    10.96
  SINCE JAN 1      5.68                      4.99   0.69     6.63

SNOWFALL (IN)
  YESTERDAY        0.0           9.0  1979   0.3   -0.3      0.0
  MONTH TO DATE   10.3                       6.3    4.0      5.6
  SINCE OCT 1     23.4                      19.2    4.2     34.4
  SINCE JUL 1     23.4                      19.2    4.2     34.4
  SNOW DEPTH       0

DEGREE DAYS
 HEATING
  YESTERDAY        5                        29    -24       32
  MONTH TO DATE  480                       578    -98      572
  SINCE DEC 1   2016                      2402   -386     1907
  SINCE JUL 1   2554                      3177   -623     2469

 COOLING
  YESTERDAY        0                         0      0        0
  MONTH TO DATE    0                         0      0        0
  SINCE DEC 1      0                         0      0        1
  SINCE JAN 1      0                         0      0        0
..................................................................


WIND (MPH)
  HIGHEST WIND SPEED    21   HIGHEST WIND DIRECTION     W (280)
  HIGHEST GUST SPEED    25   HIGHEST GUST DIRECTION    NW (310)
  AVERAGE WIND SPEED    10.0


SKY COVER
  AVERAGE SKY COVER 0.5


WEATHER CONDITIONS
 THE FOLLOWING WEATHER WAS RECORDED YESTERDAY.
  NO SIGNIFICANT WEATHER WAS OBSERVED.


RELATIVE HUMIDITY (PERCENT)
 HIGHEST    47           800 AM
 LOWEST     26           300 PM
 AVERAGE    37

..........................................................


THE LAGUARDIA NY CLIMATE NORMALS FOR TODAY
                         NORMAL    RECORD    YEAR
 MAXIMUM TEMPERATURE (F)   43        63      1943
 MINIMUM TEMPERATURE (F)   29         3      2015


SUNRISE AND SUNSET
FEBRUARY 20 2017......SUNRISE   642 AM EST   SUNSET   537 PM EST
FEBRUARY 21 2017......SUNRISE   641 AM EST   SUNSET   538 PM EST


-  INDICATES NEGATIVE NUMBERS.
R  INDICATES RECORD WAS SET OR TIED.
MM INDICATES DATA IS MISSING.
T  INDICATES TRACE AMOUNT.




$$
