000
CXUS51 KOKX 011748
CLSLGA

CLIMATE REPORT
NATIONAL WEATHER SERVICE NEW YORK NY
1248 PM EST THU MAR 1 2012

...THE LAGUARDIA NY CLIMATE SUMMARY FOR THE SEASON, FROM
12/1/2011 TO 2/29/2012...

CLIMATE NORMAL PERIOD 1981 TO 2010
CLIMATE RECORD PERIOD 1948 TO 2012

WEATHER         OBSERVED          NORMAL  DEPART  LAST YEAR`S
                 VALUE   DATE(S)  VALUE   FROM    VALUE
                                          NORMAL
.............................................................
TEMPERATURE (F)
RECORD
 HIGH              75   12/07/1998
 LOW               -7   02/15/1943
HIGHEST            63   02/01        MM      MM
LOWEST             14   01/04        MM      MM
AVG. MAXIMUM     46.9              41.9     5.0
AVG. MINIMUM     34.5              29.1     5.4
MEAN             40.7              35.5     5.2
DAYS MAX >= 90      0               0.0     0.0
DAYS MAX <= 32      5              13.6    -8.6
DAYS MIN <= 32     30              53.4   -23.4
DAYS MIN <= 0       0               0.1    -0.1

PRECIPITATION (INCHES)
RECORD
 MAXIMUM        17.86   1979
 MINIMUM         4.73   2002
TOTALS           7.77              9.49   -1.72    10.69
DAILY AVG.       0.09              0.11   -0.02
DAYS >= .01        29              30.4    -1.4
DAYS >= .10        14              17.9    -3.9
DAYS >= .50         5               6.6    -1.6
DAYS >= 1.00        2               2.2    -0.2
GREATEST
 24 HR. TOTAL    1.58   MM
 STORM TOTAL       MM
 (MM/DD(HH))            MM

SNOWFALL (INCHES)
RECORDS
 TOTAL           50.7   2011
 24 HR TOTAL     10.4   MM
TOTALS            3.4              21.7   -18.3
 LIQUID EQUIV    0.34              2.20   -1.86
SINCE 7/1         5.1              22.0   -16.9
 LIQUID 7/1      0.51
DAYS >= TRACE      10              10.6    -0.6
DAYS >= 1.0         1               4.9    -3.9
GREATEST
 SNOW DEPTH         3   01/23
                        01/22
 24 HR TOTAL      3.4   MM
 STORM TOTAL       MM
 (MM/DD(HH))            MM

DEGREE_DAYS
HEATING TOTAL    2184              2654    -470
 SINCE 7/1         MM              3456      MM
COOLING TOTAL       0                 0       0
 SINCE 1/1          0                 0       0
..............................................................

WIND (MPH)
AVERAGE WIND SPEED              11.0
HIGHEST WIND SPEED/DIRECTION    39/060    DATE  01/12
HIGHEST GUST SPEED/DIRECTION    51/290    DATE  02/25

SKY COVER
POSSIBLE SUNSHINE (PERCENT)   MM
AVERAGE SKY COVER           0.60
NUMBER OF DAYS FAIR           13
NUMBER OF DAYS PC             52
NUMBER OF DAYS CLOUDY         26

AVERAGE RH (PERCENT)     56

WEATHER CONDITIONS. NUMBER OF DAYS WITH
THUNDERSTORM              0     MIXED PRECIP               0
HEAVY RAIN                7     RAIN                      14
LIGHT RAIN               31     FREEZING RAIN              0
LT FREEZING RAIN          1     HAIL                       0
HEAVY SNOW                0     SNOW                       4
LIGHT SNOW                9     SLEET                      4
FOG                      21     FOG W/VIS <= 1/4 MILE      1
HAZE                      7

-  INDICATES NEGATIVE NUMBERS.
R  INDICATES RECORD WAS SET OR TIED.
MM INDICATES DATA IS MISSING.
T  INDICATES TRACE AMOUNT.

$$
