000
CXUS51 KOKX 011953
CLSLGA
CLIMATE REPORT
NATIONAL WEATHER SERVICE NEW YORK, NY
328 PM EDT FRI SEP 01 2023
...................................
...THE LAGUARDIA NY CLIMATE SUMMARY FOR THE SEASON, FROM
6/1/2023 TO 8/31/2023...
CLIMATE NORMAL PERIOD 1991 TO 2020
CLIMATE RECORD PERIOD 1939 TO 2023
WEATHER OBSERVED NORMAL DEPART LAST YEAR`S
VALUE DATE(S) VALUE FROM VALUE
NORMAL
..............................................................
TEMPERATURE (F)
RECORD
HIGH 107 07/03/1966
LOW 46 06/11/1972
06/01/1945
HIGHEST 95 07/27 MM MM
LOWEST 51 06/04 MM MM
AVG. MAXIMUM 82.7 84.0 -1.3
AVG. MINIMUM 68.8 69.5 -0.7
MEAN 75.8 76.8 -1.0
DAYS MAX >= 90 11 19.3 -8.3
DAYS MAX <= 32 0 0.0 0.0
DAYS MIN <= 32 0 0.0 0.0
DAYS MIN <= 0 0 0.0 0.0
PRECIPITATION (INCHES)
RECORD
MAXIMUM 24.11 2011
MINIMUM 4.30 1966
TOTALS 14.31 12.74 1.57 8.13
DAILY AVG. 0.15 0.14 0.01
DAYS >= .01 36 29.9 6.1
DAYS >= .10 22 19.5 2.5
DAYS >= .50 9 8.5 0.5
DAYS >= 1.00 6 3.1 2.9
GREATEST
24 HR. TOTAL 1.57
STORM TOTAL 1.57
(MM/DD(HH))
SNOWFALL (INCHES)
RECORDS
TOTAL T 2011
24 HR TOTAL MM
TOTALS 0.0 0.0 0.0
LIQUID EQUIV 0.00 0.00 0.00
SINCE 7/1 0.0 0.0 0.0
LIQUID 7/1 0.00
DAYS >= TRACE 0 0.0 0.0
DAYS >= 1.0 0 0.0 0.0
GREATEST
SNOW DEPTH 0
24 HR TOTAL MM
STORM TOTAL 0.0
(MM/DD(HH))
DEGREE DAYS
HEATING TOTAL 7 11 -4
SINCE 7/1 0 0 0
COOLING TOTAL 1025 1097 -72
SINCE 1/1 1115 1180 -65
..............................................................
WIND (MPH)
AVERAGE WIND SPEED 9.2
HIGHEST WIND SPEED/DIRECTION 37/270 DATE 07/29
HIGHEST GUST SPEED/DIRECTION 53/260 DATE 07/29
SKY COVER
POSSIBLE SUNSHINE (PERCENT) MM
AVERAGE SKY COVER 0.65
NUMBER OF DAYS FAIR 8
NUMBER OF DAYS PC 50
NUMBER OF DAYS CLOUDY 34
AVERAGE RH (PERCENT) 63
WEATHER CONDITIONS. NUMBER OF DAYS WITH
THUNDERSTORM 28 MIXED PRECIP 0
HEAVY RAIN 16 RAIN 16
LIGHT RAIN 40 FREEZING RAIN 0
LT FREEZING RAIN 0 HAIL 1
HEAVY SNOW 0 SNOW 0
LIGHT SNOW 0 SLEET 0
FOG 29 FOG W/VIS <= 1/4 MILE 1
HAZE 21
- INDICATES NEGATIVE NUMBERS.
R INDICATES RECORD WAS SET OR TIED.
MM INDICATES DATA IS MISSING.
T INDICATES TRACE AMOUNT.
$$