000
CXUS51 KOKX 011729
CLSLGA

CLIMATE REPORT
NATIONAL WEATHER SERVICE NEW YORK NY
1224 PM EST TUE MAR 1 2016

...................................

...THE LAGUARDIA NY CLIMATE SUMMARY FOR THE SEASON, FROM
12/1/2015 TO 2/29/2016...

CLIMATE NORMAL PERIOD 1981 TO 2010
CLIMATE RECORD PERIOD 1945 TO 2016

WEATHER         OBSERVED          NORMAL  DEPART  LAST YEAR`S
                 VALUE   DATE(S)  VALUE   FROM    VALUE
                                          NORMAL
.............................................................
TEMPERATURE (F)
RECORD
 HIGH              95   01/12/2015
 LOW               -7   02/15/1943
HIGHEST            72   12/24        MM      MM
LOWEST              1   02/14        MM      MM
AVG. MAXIMUM     47.9              41.9     6.0
AVG. MINIMUM     35.3              29.1     6.2
MEAN             41.6              35.5     6.1
DAYS MAX >= 90      0               0.0     0.0
DAYS MAX <= 32      9              13.6    -4.6
DAYS MIN <= 32     34              53.4   -19.4
DAYS MIN <= 0       0               0.1    -0.1

PRECIPITATION (INCHES)
RECORD
 MAXIMUM        17.86   1979
 MINIMUM         4.73   2002
TOTALS          12.86              9.49    3.37    13.28
DAILY AVG.       0.14              0.11    0.03
DAYS >= .01        37              30.4     6.6
DAYS >= .10        19              17.9     1.1
DAYS >= .50         7               6.6     0.4
DAYS >= 1.00        4               2.2     1.8
GREATEST
 24 HR. TOTAL    2.40   MM
 STORM TOTAL       MM
 (MM/DD(HH))            MM

SNOWFALL (INCHES)
RECORDS
 TOTAL           52.1   2014
 24 HR TOTAL     10.4   MM
TOTALS           34.4              21.7    12.7
 LIQUID EQUIV    3.44              2.20    1.24
SINCE 7/1        34.4              22.0    12.4
 LIQUID 7/1      3.44
DAYS >= TRACE      16              10.6     5.4
DAYS >= 1.0         4               4.9    -0.9
GREATEST
 SNOW DEPTH        27R  01/24
 24 HR TOTAL     27.9R  MM
 STORM TOTAL       MM
 (MM/DD(HH))            MM

DEGREE_DAYS
HEATING TOTAL    2100              2654    -554
 SINCE 7/1         MM              3456      MM
COOLING TOTAL       1                 0       1
 SINCE 1/1          0                 0       0
..............................................................

WIND (MPH)
AVERAGE WIND SPEED              11.2
HIGHEST WIND SPEED/DIRECTION    41/180    DATE  02/25
HIGHEST GUST SPEED/DIRECTION    55/180    DATE  02/24

SKY COVER
POSSIBLE SUNSHINE (PERCENT)   MM
AVERAGE SKY COVER           0.70
NUMBER OF DAYS FAIR           13
NUMBER OF DAYS PC             37
NUMBER OF DAYS CLOUDY         41

AVERAGE RH (PERCENT)     60

WEATHER CONDITIONS. NUMBER OF DAYS WITH
THUNDERSTORM              0     MIXED PRECIP               0
HEAVY RAIN                7     RAIN                      18
LIGHT RAIN               36     FREEZING RAIN              0
LT FREEZING RAIN          3     HAIL                       0
HEAVY SNOW                2     SNOW                       6
LIGHT SNOW               15     SLEET                      4
FOG                      33     FOG W/VIS <= 1/4 MILE      6
HAZE                     17

-  INDICATES NEGATIVE NUMBERS.
R  INDICATES RECORD WAS SET OR TIED.
MM INDICATES DATA IS MISSING.
T  INDICATES TRACE AMOUNT.

$$
