000
CXUS51 KOKX 011622
CLSLGA

CLIMATE REPORT
NATIONAL WEATHER SERVICE NEW YORK NY
1122 AM EST SUN DEC 1 2013


...THE LAGUARDIA NY CLIMATE SUMMARY FOR THE SEASON, FROM
9/1/2013 TO 11/30/2013...

CLIMATE NORMAL PERIOD 1981 TO 2010
CLIMATE RECORD PERIOD 1948 TO 2013

WEATHER         OBSERVED          NORMAL  DEPART  LAST YEAR`S
                 VALUE   DATE(S)  VALUE   FROM    VALUE
                                          NORMAL
.............................................................
TEMPERATURE (F)
RECORD
 HIGH             102   09/02/1953
 LOW               17   11/29/1955
HIGHEST            94   09/11        MM      MM
LOWEST             24   11/25        MM      MM
                        11/24
AVG. MAXIMUM     64.9              65.4    -0.5
AVG. MINIMUM     51.4              51.6    -0.2
MEAN             58.2              58.5    -0.3
DAYS MAX >= 90      1               0.9     0.1
DAYS MAX <= 32      1               0.0     1.0
DAYS MIN <= 32      9               2.5     6.5
DAYS MIN <= 0       0               0.0     0.0

PRECIPITATION (INCHES)
RECORD
 MAXIMUM        18.94   1977
 MINIMUM         3.99   1965
TOTALS           6.49             10.92   -4.43     8.80
DAILY AVG.       0.07              0.12   -0.05
DAYS >= .01        23              25.8    -2.8
DAYS >= .10         8              16.6    -8.6
DAYS >= .50         4               7.6    -3.6
DAYS >= 1.00        2               2.9    -0.9
GREATEST
 24 HR. TOTAL    2.17   MM
 STORM TOTAL       MM
 (MM/DD(HH))            MM

SNOWFALL (INCHES)
RECORDS
 TOTAL            6.1   1989
 24 HR TOTAL       MM
TOTALS            0.2               0.3    -0.1
 LIQUID EQUIV    0.02              0.00    0.02
SINCE 7/1         0.2               0.3    -0.1
 LIQUID 7/1      0.02
DAYS >= TRACE       2               0.2     1.8
DAYS >= 1.0         0               0.1    -0.1
GREATEST
 SNOW DEPTH         0   MM
 24 HR TOTAL      0.2   MM
 STORM TOTAL       MM
 (MM/DD(HH))            MM

DEGREE_DAYS
HEATING TOTAL     782               774       8
 SINCE 7/1        782               775       7
COOLING TOTAL     183               180       3
 SINCE 1/1       1402              1214     188
..............................................................

WIND (MPH)
AVERAGE WIND SPEED              10.4
HIGHEST WIND SPEED/DIRECTION    38/320    DATE  11/24
HIGHEST GUST SPEED/DIRECTION    51/290    DATE  11/24

SKY COVER
POSSIBLE SUNSHINE (PERCENT)   MM
AVERAGE SKY COVER           0.60
NUMBER OF DAYS FAIR           22
NUMBER OF DAYS PC             44
NUMBER OF DAYS CLOUDY         25

AVERAGE RH (PERCENT)     57

WEATHER CONDITIONS. NUMBER OF DAYS WITH
THUNDERSTORM              0     MIXED PRECIP               0
HEAVY RAIN                8     RAIN                       8
LIGHT RAIN               30     FREEZING RAIN              0
LT FREEZING RAIN          0     HAIL                       0
HEAVY SNOW                0     SNOW                       2
LIGHT SNOW                2     SLEET                      0
FOG                      19     FOG W/VIS <= 1/4 MILE      1
HAZE                     14

-  INDICATES NEGATIVE NUMBERS.
R  INDICATES RECORD WAS SET OR TIED.
MM INDICATES DATA IS MISSING.
T  INDICATES TRACE AMOUNT.

$$
