372
CXUS51 KOKX 012229
CLSLGA

CLIMATE REPORT
NATIONAL WEATHER SERVICE NEW YORK NY
628 PM EDT WED JUN 1 2016

...................................

...THE LAGUARDIA NY CLIMATE SUMMARY FOR THE SEASON, FROM
3/1/2016 TO 5/31/2016...

CLIMATE NORMAL PERIOD 1981 TO 2010
CLIMATE RECORD PERIOD 1945 TO 2016

WEATHER         OBSERVED          NORMAL  DEPART  LAST YEAR`S
                 VALUE   DATE(S)  VALUE   FROM    VALUE
                                          NORMAL
.............................................................
TEMPERATURE (F)
RECORD
 HIGH              97   05/20/1996
 LOW                7   03/04/1943
HIGHEST            92   05/28        MM      MM
                        05/26
LOWEST             27   04/05        MM      MM
                        03/03
AVG. MAXIMUM     63.2              60.6     2.6
AVG. MINIMUM     47.3              44.3     3.0
MEAN             55.2              52.5     2.7
DAYS MAX >= 90      3               0.8     2.2
DAYS MAX <= 32      0               0.8    -0.8
DAYS MIN <= 32      7              10.8    -3.8
DAYS MIN <= 0       0               0.0     0.0

PRECIPITATION (INCHES)
RECORD
 MAXIMUM        23.50   1983
 MINIMUM         5.69   1995
TOTALS           6.84             11.76   -4.92     7.97
DAILY AVG.       0.08              0.13   -0.05
DAYS >= .01        33              32.7     0.3
DAYS >= .10        18              20.3    -2.3
DAYS >= .50         5               7.8    -2.8
DAYS >= 1.00        1               3.2    -2.2
GREATEST
 24 HR. TOTAL    1.53   MM
 STORM TOTAL       MM
 (MM/DD(HH))            MM

SNOWFALL (INCHES)
RECORDS
 TOTAL           24.1   1956
 24 HR TOTAL     13.9   03/03/1960 TO 03/03/1960
TOTALS            1.8               4.9    -3.1
 LIQUID EQUIV    0.18              0.50   -0.32
SINCE 7/1        36.2              26.9     9.3
 LIQUID 7/1      3.62
DAYS >= TRACE       5               2.3     2.7
DAYS >= 1.0         1               1.3    -0.3
GREATEST
 SNOW DEPTH         1   03/04
 24 HR TOTAL      1.2   MM
 STORM TOTAL       MM
 (MM/DD(HH))            MM

DEGREE_DAYS
HEATING TOTAL     990              1219    -229
 SINCE 7/1         MM              4648      MM
COOLING TOTAL     119                66      53
 SINCE 1/1        119                66      53
..............................................................

WIND (MPH)
AVERAGE WIND SPEED              10.3
HIGHEST WIND SPEED/DIRECTION    43/300    DATE  04/03
HIGHEST GUST SPEED/DIRECTION    54/310    DATE  04/03

SKY COVER
POSSIBLE SUNSHINE (PERCENT)   MM
AVERAGE SKY COVER           0.60
NUMBER OF DAYS FAIR           12
NUMBER OF DAYS PC             45
NUMBER OF DAYS CLOUDY         35

AVERAGE RH (PERCENT)     57

WEATHER CONDITIONS. NUMBER OF DAYS WITH
THUNDERSTORM              0     MIXED PRECIP               0
HEAVY RAIN                4     RAIN                      15
LIGHT RAIN               40     FREEZING RAIN              0
LT FREEZING RAIN          0     HAIL                       0
HEAVY SNOW                0     SNOW                       0
LIGHT SNOW                5     SLEET                      0
FOG                      30     FOG W/VIS <= 1/4 MILE      0
HAZE                     16

-  INDICATES NEGATIVE NUMBERS.
R  INDICATES RECORD WAS SET OR TIED.
MM INDICATES DATA IS MISSING.
T  INDICATES TRACE AMOUNT.

$$
