000
CXUS51 KOKX 011409
CLSLGA

CLIMATE REPORT
NATIONAL WEATHER SERVICE NEW YORK NY
1009 AM EDT SAT JUN 1 2013

...................................

...THE LAGUARDIA NY CLIMATE SUMMARY FOR THE SEASON, FROM
3/1/2013 TO 5/31/2013...

CLIMATE NORMAL PERIOD 1981 TO 2010
CLIMATE RECORD PERIOD 1948 TO 2013

WEATHER         OBSERVED          NORMAL  DEPART  LAST YEAR`S
                 VALUE   DATE(S)  VALUE   FROM    VALUE
                                          NORMAL
.............................................................
TEMPERATURE (F)
RECORD
 HIGH              97   05/20/1996
 LOW                8   03/01/1980
HIGHEST            93   05/31        MM      MM
                        05/30
LOWEST             29   03/18        MM      MM
                        03/04
AVG. MAXIMUM     59.3              60.6    -1.3
AVG. MINIMUM     45.1              44.3     0.8
MEAN             52.2              52.5    -0.3
DAYS MAX >= 90      2               0.8     1.2
DAYS MAX <= 32      0               0.8    -0.8
DAYS MIN <= 32     10              10.8    -0.8
DAYS MIN <= 0       0               0.0     0.0

PRECIPITATION (INCHES)
RECORD
 MAXIMUM        23.50   1983
 MINIMUM         5.69   1995
TOTALS           8.57             11.76   -3.19     8.85
DAILY AVG.       0.09              0.13   -0.04
DAYS >= .01        28              32.7    -4.7
DAYS >= .10        16              20.3    -4.3
DAYS >= .50         6               7.8    -1.8
DAYS >= 1.00        1               3.2    -2.2
GREATEST
 24 HR. TOTAL    2.28   MM
 STORM TOTAL       MM
 (MM/DD(HH))            MM

SNOWFALL (INCHES)
RECORDS
 TOTAL           24.1   1956
 24 HR TOTAL     13.9   03/03/1960 TO 03/03/1960
TOTALS            6.1               4.9     1.2
 LIQUID EQUIV    0.61              0.50    0.11
SINCE 7/1        22.2              26.9    -4.7
 LIQUID 7/1      2.22
DAYS >= TRACE      12               2.3     9.7
DAYS >= 1.0         2               1.3     0.7
GREATEST
 SNOW DEPTH         2   03/19
 24 HR TOTAL      3.1   MM
 STORM TOTAL       MM
 (MM/DD(HH))            MM

DEGREE_DAYS
HEATING TOTAL    1240              1219      21
 SINCE 7/1         MM              4648      MM
COOLING TOTAL      88                66      22
 SINCE 1/1         88                66      22
..............................................................

WIND (MPH)
AVERAGE WIND SPEED              11.1
HIGHEST WIND SPEED/DIRECTION    39/070    DATE  03/06
HIGHEST GUST SPEED/DIRECTION    49/070    DATE  03/06

SKY COVER
POSSIBLE SUNSHINE (PERCENT)   MM
AVERAGE SKY COVER           0.60
NUMBER OF DAYS FAIR           17
NUMBER OF DAYS PC             45
NUMBER OF DAYS CLOUDY         30

AVERAGE RH (PERCENT)     56

WEATHER CONDITIONS. NUMBER OF DAYS WITH
THUNDERSTORM              0     MIXED PRECIP               0
HEAVY RAIN                6     RAIN                      12
LIGHT RAIN               36     FREEZING RAIN              0
LT FREEZING RAIN          1     HAIL                       1
HEAVY SNOW                0     SNOW                       3
LIGHT SNOW               10     SLEET                      1
FOG                      27     FOG W/VIS <= 1/4 MILE      6
HAZE                     14

-  INDICATES NEGATIVE NUMBERS.
R  INDICATES RECORD WAS SET OR TIED.
MM INDICATES DATA IS MISSING.
T  INDICATES TRACE AMOUNT.

$$
