000
CXUS51 KOKX 011526
CLSLGA

CLIMATE REPORT
NATIONAL WEATHER SERVICE NEW YORK NY
1120 AM EDT SAT SEP 1 2012

...................................

...THE LAGUARDIA NY CLIMATE SUMMARY FOR THE SEASON, FROM
6/1/2012 TO 8/31/2012...

CLIMATE NORMAL PERIOD 1981 TO 2010
CLIMATE RECORD PERIOD 1948 TO 2012

WEATHER         OBSERVED          NORMAL  DEPART  LAST YEAR`S
                 VALUE   DATE(S)  VALUE   FROM    VALUE
                                          NORMAL
.............................................................
TEMPERATURE (F)
RECORD
 HIGH             107   07/03/1966
 LOW               46   06/11/1972
HIGHEST           101   07/18        MM      MM
LOWEST             53   06/05        MM      MM
AVG. MAXIMUM     84.7              83.2     1.5
AVG. MINIMUM     70.1              67.4     2.7
MEAN             77.4              75.3     2.1
DAYS MAX >= 90     26              15.3    10.7
DAYS MAX <= 32      0               0.0     0.0
DAYS MIN <= 32      0               0.0     0.0
DAYS MIN <= 0       0               0.0     0.0

PRECIPITATION (INCHES)
RECORD
 MAXIMUM        24.11   2011
 MINIMUM         4.30   1966
TOTALS          10.91             12.56   -1.65    24.11
DAILY AVG.       0.12              0.14   -0.02
DAYS >= .01        32              29.1     2.9
DAYS >= .10        23              19.2     3.8
DAYS >= .50         7               8.4    -1.4
DAYS >= 1.00        1               3.4    -2.4
GREATEST
 24 HR. TOTAL    1.84   MM
 STORM TOTAL       MM
 (MM/DD(HH))            MM

SNOWFALL (INCHES)
RECORDS
 TOTAL              T   2011
                        2009
                        2008
 24 HR TOTAL       MM
TOTALS            0.0               0.0     0.0
 LIQUID EQUIV    0.00              0.00    0.00
SINCE 7/1         0.0               0.0     0.0
 LIQUID 7/1      0.00
DAYS >= TRACE       0               0.0     0.0
DAYS >= 1.0         0               0.0     0.0
GREATEST
 SNOW DEPTH         0   MM
 24 HR TOTAL      0.0   MM
 STORM TOTAL       MM
 (MM/DD(HH))            MM

DEGREE_DAYS
HEATING TOTAL      11                17      -6
 SINCE 7/1          0                 1      -1
COOLING TOTAL    1174               966     208
 SINCE 1/1       1297              1033     264
..............................................................

WIND (MPH)
AVERAGE WIND SPEED              8.6
HIGHEST WIND SPEED/DIRECTION    35/300    DATE  07/26
HIGHEST GUST SPEED/DIRECTION    49/310    DATE  07/26

SKY COVER
POSSIBLE SUNSHINE (PERCENT)   MM
AVERAGE SKY COVER           0.60
NUMBER OF DAYS FAIR           11
NUMBER OF DAYS PC             58
NUMBER OF DAYS CLOUDY         23

AVERAGE RH (PERCENT)     62

WEATHER CONDITIONS. NUMBER OF DAYS WITH
THUNDERSTORM              0     MIXED PRECIP               0
HEAVY RAIN               18     RAIN                      16
LIGHT RAIN               41     FREEZING RAIN              0
LT FREEZING RAIN          0     HAIL                       0
HEAVY SNOW                0     SNOW                       0
LIGHT SNOW                0     SLEET                      0
FOG                      28     FOG W/VIS <= 1/4 MILE      2
HAZE                     18

-  INDICATES NEGATIVE NUMBERS.
R  INDICATES RECORD WAS SET OR TIED.
MM INDICATES DATA IS MISSING.
T  INDICATES TRACE AMOUNT.

$$
