000
CXUS51 KOKX 061408
CLSLGA

CLIMATE REPORT
NATIONAL WEATHER SERVICE NEW YORK NY
907 AM EST THU DEC 6 2012

...THE LAGUARDIA NY CLIMATE SUMMARY FOR THE SEASON, FROM
9/1/2012 TO 11/30/2012...

CLIMATE NORMAL PERIOD 1981 TO 2010
CLIMATE RECORD PERIOD 1948 TO 2012

WEATHER         OBSERVED          NORMAL  DEPART  LAST YEAR`S
                 VALUE   DATE(S)  VALUE   FROM    VALUE
                                          NORMAL
.............................................................
TEMPERATURE (F)
RECORD
 HIGH             102   09/02/1953
 LOW               17   11/29/1955
HIGHEST            89   09/01        MM      MM
LOWEST             33   11/07        MM      MM
AVG. MAXIMUM     64.2              65.4    -1.2
AVG. MINIMUM     52.9              51.6     1.3
MEAN             58.6              58.5     0.1
DAYS MAX >= 90      0               0.9    -0.9
DAYS MAX <= 32      0               0.0     0.0
DAYS MIN <= 32      0               2.5    -2.5
DAYS MIN <= 0       0               0.0     0.0

PRECIPITATION (INCHES)
RECORD
 MAXIMUM        18.94   1977
 MINIMUM         3.99   1965
TOTALS           8.80             10.92   -2.12    15.02
DAILY AVG.       0.10              0.12   -0.02
DAYS >= .01        23              25.8    -2.8
DAYS >= .10        16              16.6    -0.6
DAYS >= .50         6               7.6    -1.6
DAYS >= 1.00        3               2.9     0.1
GREATEST
 24 HR. TOTAL    1.62   MM
 STORM TOTAL       MM
 (MM/DD(HH))            MM

SNOWFALL (INCHES)
RECORDS
 TOTAL            6.1   1989
 24 HR TOTAL       MM
TOTALS            1.1               0.3     0.8
 LIQUID EQUIV    0.11              0.00    0.11
SINCE 7/1         1.1               0.3     0.8
 LIQUID 7/1      0.11
DAYS >= TRACE       3               0.2     2.8
DAYS >= 1.0         1               0.1     0.9
GREATEST
 SNOW DEPTH         1   11/08
 24 HR TOTAL      1.1   MM
 STORM TOTAL       MM
 (MM/DD(HH))            MM

DEGREE_DAYS
HEATING TOTAL     772               774      -2
 SINCE 7/1         MM               775      MM
COOLING TOTAL     214               180      34
 SINCE 1/1       1511              1214     297
..............................................................

WIND (MPH)
AVERAGE WIND SPEED              10.2
HIGHEST WIND SPEED/DIRECTION    64/110    DATE  10/29
HIGHEST GUST SPEED/DIRECTION    74/110    DATE  10/29

SKY COVER
POSSIBLE SUNSHINE (PERCENT)   MM
AVERAGE SKY COVER           0.60
NUMBER OF DAYS FAIR           17
NUMBER OF DAYS PC             41
NUMBER OF DAYS CLOUDY         33

AVERAGE RH (PERCENT)     65

WEATHER CONDITIONS. NUMBER OF DAYS WITH
THUNDERSTORM              0     MIXED PRECIP               0
HEAVY RAIN                7     RAIN                      13
LIGHT RAIN               34     FREEZING RAIN              0
LT FREEZING RAIN          0     HAIL                       0
HEAVY SNOW                0     SNOW                       3
LIGHT SNOW                3     SLEET                      0
FOG                      24     FOG W/VIS <= 1/4 MILE      4
HAZE                      8

-  INDICATES NEGATIVE NUMBERS.
R  INDICATES RECORD WAS SET OR TIED.
MM INDICATES DATA IS MISSING.
T  INDICATES TRACE AMOUNT.

$$
