000
CXUS51 KOKX 020036
CLSLGA
CLIMATE REPORT
NATIONAL WEATHER SERVICE NEW YORK, NY
735 PM EST TUE MAR 01 2022
...................................
...THE LAGUARDIA NY CLIMATE SUMMARY FOR THE SEASON, FROM
12/1/2021 TO 2/28/2022...
CLIMATE NORMAL PERIOD 1991 TO 2020
CLIMATE RECORD PERIOD 1939 TO 2022
WEATHER OBSERVED NORMAL DEPART LAST YEAR`S
VALUE DATE(S) VALUE FROM VALUE
NORMAL
..............................................................
TEMPERATURE (F)
RECORD
HIGH 79 02/21/2018
LOW -7 02/15/1943
HIGHEST 68 02/23 MM MM
LOWEST 10 01/16 MM MM
AVG. MAXIMUM 44.7 42.8 1.9
AVG. MINIMUM 31.4 31.1 0.3
MEAN 38.0 36.9 1.1
DAYS MAX >= 90 0 0.0 0.0
DAYS MAX <= 32 14 13.0 1.0
DAYS MIN <= 32 49 49.4 -0.4
DAYS MIN <= 0 0 0.1 -0.1
PRECIPITATION (INCHES)
RECORD
MAXIMUM 17.86 1979
MINIMUM 4.73 2002
TOTALS 8.38 10.26 -1.88 9.84
DAILY AVG. 0.09 0.11 -0.02
DAYS >= .01 33 32.0 1.0
DAYS >= .10 22 19.1 2.9
DAYS >= .50 4 7.5 -3.5
DAYS >= 1.00 1 2.6 -1.6
GREATEST
24 HR. TOTAL 1.42 01/16 TO 01/17
STORM TOTAL 1.06
(MM/DD(HH))
SNOWFALL (INCHES)
RECORDS
TOTAL 63.8 1996
24 HR TOTAL MM
TOTALS 23.7 23.6 0.1
LIQUID EQUIV 2.40 2.30 0.10
SINCE 7/1 23.7 24.0 -0.3
LIQUID 7/1 2.37
DAYS >= TRACE 21 11.0 10.0
DAYS >= 1.0 4 5.0 -1.0
GREATEST
SNOW DEPTH 8 01/07
24 HR TOTAL MM
STORM TOTAL 9.7
(MM/DD(HH))
DEGREE DAYS
HEATING TOTAL 2402 2525 -123
SINCE 7/1 2962 3222 -260
COOLING TOTAL 0 0 0
SINCE 1/1 0 0 0
..............................................................
WIND (MPH)
AVERAGE WIND SPEED 11.3
HIGHEST WIND SPEED/DIRECTION 41/290 DATE 12/06
HIGHEST GUST SPEED/DIRECTION 57/280 DATE 12/06
SKY COVER
POSSIBLE SUNSHINE (PERCENT) MM
AVERAGE SKY COVER 0.64
NUMBER OF DAYS FAIR 20
NUMBER OF DAYS PC 33
NUMBER OF DAYS CLOUDY 37
AVERAGE RH (PERCENT) 57
WEATHER CONDITIONS. NUMBER OF DAYS WITH
THUNDERSTORM 0 MIXED PRECIP 1
HEAVY RAIN 2 RAIN 8
LIGHT RAIN 31 FREEZING RAIN 0
LT FREEZING RAIN 2 HAIL 0
HEAVY SNOW 0 SNOW 2
LIGHT SNOW 19 SLEET 4
FOG 30 FOG W/VIS <= 1/4 MILE 2
HAZE 22
- INDICATES NEGATIVE NUMBERS.
R INDICATES RECORD WAS SET OR TIED.
MM INDICATES DATA IS MISSING.
T INDICATES TRACE AMOUNT.
$$