000
CXUS51 KOKX 011421
CLSLGA

CLIMATE REPORT
NATIONAL WEATHER SERVICE NEW YORK NY
1021 AM EDT FRI JUN 1 2012

...................................

...THE LAGUARDIA NY CLIMATE SUMMARY FOR THE SEASON, FROM
3/1/2012 TO 5/31/2012...

CLIMATE NORMAL PERIOD 1981 TO 2010
CLIMATE RECORD PERIOD 1948 TO 2012

WEATHER         OBSERVED          NORMAL  DEPART  LAST YEAR`S
                 VALUE   DATE(S)  VALUE   FROM    VALUE
                                          NORMAL
.............................................................
TEMPERATURE (F)
RECORD
 HIGH              97   05/20/1996
 LOW                8   03/01/1980
HIGHEST            90   05/29        MM      MM
                        05/28
LOWEST             27   03/06        MM      MM
AVG. MAXIMUM     65.0              60.6     4.4
AVG. MINIMUM     49.9              44.3     5.6
MEAN             57.4              52.5     4.9
DAYS MAX >= 90      2               0.8     1.2
DAYS MAX <= 32      0               0.8    -0.8
DAYS MIN <= 32      4              10.8    -6.8
DAYS MIN <= 0       0               0.0     0.0

PRECIPITATION (INCHES)
RECORD
 MAXIMUM        23.50   1983
 MINIMUM         5.69   1995
TOTALS           8.85             11.76   -2.91    15.01
DAILY AVG.       0.10              0.13   -0.03
DAYS >= .01        36              32.7     3.3
DAYS >= .10        18              20.3    -2.3
DAYS >= .50         5               7.8    -2.8
DAYS >= 1.00        2               3.2    -1.2
GREATEST
 24 HR. TOTAL    2.11   04/22 TO 04/23
 STORM TOTAL       MM
 (MM/DD(HH))            MM

SNOWFALL (INCHES)
RECORDS
 TOTAL           24.1   1956
 24 HR TOTAL     13.9   03/03/1960 TO 03/03/1960
TOTALS            0.0               4.9    -4.9
 LIQUID EQUIV    0.00              0.50   -0.50
SINCE 7/1         5.1              26.9   -21.8
 LIQUID 7/1      0.51
DAYS >= TRACE       0               2.3    -2.3
DAYS >= 1.0         0               1.3    -1.3
GREATEST
 SNOW DEPTH         0   MM
 24 HR TOTAL      0.0   MM
 STORM TOTAL      0.0
 (MM/DD(HH))            MM

DEGREE_DAYS
HEATING TOTAL     795              1219    -424
 SINCE 7/1       3601              4648   -1047
COOLING TOTAL     123                66      57
 SINCE 1/1        123                66      57
..............................................................

WIND (MPH)
AVERAGE WIND SPEED              10.2
HIGHEST WIND SPEED/DIRECTION    46/040    DATE  04/22
HIGHEST GUST SPEED/DIRECTION    54/050    DATE  04/22

SKY COVER
POSSIBLE SUNSHINE (PERCENT)   MM
AVERAGE SKY COVER           0.60
NUMBER OF DAYS FAIR           18
NUMBER OF DAYS PC             37
NUMBER OF DAYS CLOUDY         37

AVERAGE RH (PERCENT)     56

WEATHER CONDITIONS. NUMBER OF DAYS WITH
THUNDERSTORM              0     MIXED PRECIP               0
HEAVY RAIN               11     RAIN                      17
LIGHT RAIN               47     FREEZING RAIN              0
LT FREEZING RAIN          0     HAIL                       0
HEAVY SNOW                0     SNOW                       0
LIGHT SNOW                0     SLEET                      0
FOG                      35     FOG W/VIS <= 1/4 MILE      8
HAZE                     22

-  INDICATES NEGATIVE NUMBERS.
R  INDICATES RECORD WAS SET OR TIED.
MM INDICATES DATA IS MISSING.
T  INDICATES TRACE AMOUNT.

$$
