263
CXUS51 KOKX 011557
CLSLGA

CLIMATE REPORT
NATIONAL WEATHER SERVICE NEW YORK NY
1054 AM EST THU DEC 1 2016



...THE LAGUARDIA NY CLIMATE SUMMARY FOR THE SEASON, FROM
9/1/2016 TO 11/30/2016...

CLIMATE NORMAL PERIOD 1981 TO 2010
CLIMATE RECORD PERIOD 1939 TO 2016

WEATHER         OBSERVED          NORMAL  DEPART  LAST YEAR`S
                 VALUE   DATE(S)  VALUE   FROM    VALUE
                                          NORMAL
.............................................................
TEMPERATURE (F)
RECORD
 HIGH             102   09/02/1953
 LOW               17   11/29/1955
HIGHEST            93   09/09        MM      MM
LOWEST             37   11/23        MM      MM
                        11/20
AVG. MAXIMUM     69.0              65.4     3.6
AVG. MINIMUM     55.9              51.6     4.3
MEAN             62.5              58.5     4.0
DAYS MAX >= 90      3               0.9     2.1
DAYS MAX <= 32      0               0.0     0.0
DAYS MIN <= 32      0               2.5    -2.5
DAYS MIN <= 0       0               0.0     0.0

PRECIPITATION (INCHES)
RECORD
 MAXIMUM        18.94   1977
 MINIMUM         3.99   1965
TOTALS          12.72             10.92    1.80     7.60
DAILY AVG.       0.14              0.12    0.02
DAYS >= .01        23              25.8    -2.8
DAYS >= .10        18              16.6     1.4
DAYS >= .50         7               7.6    -0.6
DAYS >= 1.00        4               2.9     1.1
GREATEST
 24 HR. TOTAL    2.23   MM
 STORM TOTAL       MM
 (MM/DD(HH))            MM

SNOWFALL (INCHES)
RECORDS
 TOTAL            6.1   1989
 24 HR TOTAL       MM
TOTALS              T               0.3    -0.3
 LIQUID EQUIV      MM              0.00      MM
SINCE 7/1           T               0.3    -0.3
 LIQUID 7/1        MM
DAYS >= TRACE       2               0.2     1.8
DAYS >= 1.0         0               0.1    -0.1
GREATEST
 SNOW DEPTH         0   MM
 24 HR TOTAL      0.0   MM
 STORM TOTAL       MM
 (MM/DD(HH))            MM

DEGREE_DAYS
HEATING TOTAL     538               774    -236
 SINCE 7/1        538               775    -237
COOLING TOTAL     328               180     148
 SINCE 1/1       1745              1214     531
..............................................................

WIND (MPH)
AVERAGE WIND SPEED              10.6
HIGHEST WIND SPEED/DIRECTION    37/310    DATE  11/22
HIGHEST GUST SPEED/DIRECTION    55/310    DATE  11/22

SKY COVER
POSSIBLE SUNSHINE (PERCENT)   MM
AVERAGE SKY COVER           0.60
NUMBER OF DAYS FAIR           22
NUMBER OF DAYS PC             41
NUMBER OF DAYS CLOUDY         28

AVERAGE RH (PERCENT)     61

WEATHER CONDITIONS. NUMBER OF DAYS WITH
THUNDERSTORM              0     MIXED PRECIP               0
HEAVY RAIN               11     RAIN                      15
LIGHT RAIN               32     FREEZING RAIN              0
LT FREEZING RAIN          0     HAIL                       0
HEAVY SNOW                0     SNOW                       0
LIGHT SNOW                2     SLEET                      0
FOG                      27     FOG W/VIS <= 1/4 MILE      1
HAZE                     12

-  INDICATES NEGATIVE NUMBERS.
R  INDICATES RECORD WAS SET OR TIED.
MM INDICATES DATA IS MISSING.
T  INDICATES TRACE AMOUNT.

$$
