000
CXUS51 KOKX 012055
CLSLGA

CLIMATE REPORT
NATIONAL WEATHER SERVICE NEW YORK NY
455 PM EDT SUN JUN 1 2014

...................................

...THE LAGUARDIA NY CLIMATE SUMMARY FOR THE SEASON, FROM
3/1/2014 TO 5/31/2014...

CLIMATE NORMAL PERIOD 1981 TO 2010
CLIMATE RECORD PERIOD 1948 TO 2014

WEATHER         OBSERVED          NORMAL  DEPART  LAST YEAR`S
                 VALUE   DATE(S)  VALUE   FROM    VALUE
                                          NORMAL
.............................................................
TEMPERATURE (F)
RECORD
 HIGH              97   05/20/1996
 LOW                7   03/04/1943
HIGHEST            87   05/26        MM      MM
LOWEST             13   03/04        MM      MM
AVG. MAXIMUM     58.5              60.6    -2.1
AVG. MINIMUM     42.6              44.3    -1.7
MEAN             50.6              52.5    -1.9
DAYS MAX >= 90      0               0.8    -0.8
DAYS MAX <= 32      3               0.8     2.2
DAYS MIN <= 32     19              10.8     8.2
DAYS MIN <= 0       0               0.0     0.0

PRECIPITATION (INCHES)
RECORD
 MAXIMUM        23.50   1983
 MINIMUM         5.69   1995
TOTALS          16.59             11.76    4.83     8.57
DAILY AVG.       0.18              0.13    0.05
DAYS >= .01        29              32.7    -3.7
DAYS >= .10        18              20.3    -2.3
DAYS >= .50         9               7.8     1.2
DAYS >= 1.00        4               3.2     0.8
GREATEST
 24 HR. TOTAL    5.36   MM
 STORM TOTAL       MM
 (MM/DD(HH))            MM

SNOWFALL (INCHES)
RECORDS
 TOTAL           24.1   1956
 24 HR TOTAL     13.9   03/03/1960 TO 03/03/1960
TOTALS            0.7               4.9    -4.2
 LIQUID EQUIV    0.07              0.50   -0.43
SINCE 7/1        53.0              26.9    26.1
 LIQUID 7/1      5.30
DAYS >= TRACE       8               2.3     5.7
DAYS >= 1.0         0               1.3    -1.3
GREATEST
 SNOW DEPTH         T   04/16
 24 HR TOTAL      0.4   03/03 TO 03/03
 STORM TOTAL      0.4
 (MM/DD(HH))            MM

DEGREE_DAYS
HEATING TOTAL    1359              1219     140
 SINCE 7/1         MM              4648      MM
COOLING TOTAL      50                66     -16
 SINCE 1/1         50                66     -16
..............................................................

WIND (MPH)
AVERAGE WIND SPEED              11.0
HIGHEST WIND SPEED/DIRECTION    38/320    DATE  04/23
HIGHEST GUST SPEED/DIRECTION    47/050    DATE  05/30

SKY COVER
POSSIBLE SUNSHINE (PERCENT)   MM
AVERAGE SKY COVER           0.70
NUMBER OF DAYS FAIR           12
NUMBER OF DAYS PC             42
NUMBER OF DAYS CLOUDY         38

AVERAGE RH (PERCENT)     54

WEATHER CONDITIONS. NUMBER OF DAYS WITH
THUNDERSTORM              0     MIXED PRECIP               1
HEAVY RAIN               13     RAIN                      15
LIGHT RAIN               39     FREEZING RAIN              0
LT FREEZING RAIN          0     HAIL                       0
HEAVY SNOW                0     SNOW                       3
LIGHT SNOW                6     SLEET                      2
FOG                      22     FOG W/VIS <= 1/4 MILE      5
HAZE                     13

-  INDICATES NEGATIVE NUMBERS.
R  INDICATES RECORD WAS SET OR TIED.
MM INDICATES DATA IS MISSING.
T  INDICATES TRACE AMOUNT.

$$
