000
CXUS51 KOKX 012031
CLSLGA

CLIMATE REPORT
NATIONAL WEATHER SERVICE NEW YORK NY
411 PM EDT MON JUN 1 2015

...................................

...THE LAGUARDIA NY CLIMATE SUMMARY FOR THE SEASON, FROM
3/1/2015 TO 5/31/2015...

CLIMATE NORMAL PERIOD 1981 TO 2010
CLIMATE RECORD PERIOD 1945 TO 2015

WEATHER         OBSERVED          NORMAL  DEPART  LAST YEAR`S
                 VALUE   DATE(S)  VALUE   FROM    VALUE
                                          NORMAL
.............................................................
TEMPERATURE (F)
RECORD
 HIGH              97   05/20/1996
 LOW                7   03/04/1943
HIGHEST            87   05/12        MM      MM
LOWEST             15   03/06        MM      MM
AVG. MAXIMUM     61.1              60.6     0.5
AVG. MINIMUM     44.4              44.3     0.1
MEAN             52.7              52.5     0.2
DAYS MAX >= 90      0               0.8    -0.8
DAYS MAX <= 32      2               0.8     1.2
DAYS MIN <= 32     17              10.8     6.2
DAYS MIN <= 0       0               0.0     0.0

PRECIPITATION (INCHES)
RECORD
 MAXIMUM        23.50   1983
 MINIMUM         5.69   1995
TOTALS           7.97             11.76   -3.79    16.59
DAILY AVG.       0.09              0.13   -0.04
DAYS >= .01        29              32.7    -3.7
DAYS >= .10        17              20.3    -3.3
DAYS >= .50         5               7.8    -2.8
DAYS >= 1.00        2               3.2    -1.2
GREATEST
 24 HR. TOTAL    1.28   MM
 STORM TOTAL       MM
 (MM/DD(HH))            MM

SNOWFALL (INCHES)
RECORDS
 TOTAL           24.1   1956
 24 HR TOTAL     13.9   03/03/1960 TO 03/03/1960
TOTALS           17.3               4.9    12.4
 LIQUID EQUIV    1.73              0.50    1.23
SINCE 7/1        53.8              26.9    26.9
 LIQUID 7/1      5.38
DAYS >= TRACE      10               2.3     7.7
DAYS >= 1.0         4               1.3     2.7
GREATEST
 SNOW DEPTH        11   03/06
 24 HR TOTAL      8.1   MM
 STORM TOTAL       MM
 (MM/DD(HH))            MM

DEGREE_DAYS
HEATING TOTAL    1228              1219       9
 SINCE 7/1         MM              4648      MM
COOLING TOTAL     122                66      56
 SINCE 1/1        122                66      56
..............................................................

WIND (MPH)
AVERAGE WIND SPEED              10.5
HIGHEST WIND SPEED/DIRECTION    38/310    DATE  03/17
HIGHEST GUST SPEED/DIRECTION    51/310    DATE  03/17

SKY COVER
POSSIBLE SUNSHINE (PERCENT)   MM
AVERAGE SKY COVER           0.60
NUMBER OF DAYS FAIR           15
NUMBER OF DAYS PC             43
NUMBER OF DAYS CLOUDY         34

AVERAGE RH (PERCENT)     57

WEATHER CONDITIONS. NUMBER OF DAYS WITH
THUNDERSTORM              0     MIXED PRECIP               0
HEAVY RAIN                2     RAIN                       9
LIGHT RAIN               35     FREEZING RAIN              1
LT FREEZING RAIN          3     HAIL                       0
HEAVY SNOW                3     SNOW                       5
LIGHT SNOW               10     SLEET                      2
FOG                      33     FOG W/VIS <= 1/4 MILE     11
HAZE                     20

-  INDICATES NEGATIVE NUMBERS.
R  INDICATES RECORD WAS SET OR TIED.
MM INDICATES DATA IS MISSING.
T  INDICATES TRACE AMOUNT.

$$
