000
CXUS51 KOKX 031118 CCA
CLSLGA

CLIMATE REPORT...CORRECTED
NATIONAL WEATHER SERVICE NEW YORK NY
617 AM EST TUE MAR 3 2015

...................................

...THE LAGUARDIA NY CLIMATE SUMMARY FOR THE SEASON, FROM
12/1/2014 TO 2/28/2015...

CLIMATE NORMAL PERIOD 1981 TO 2010
CLIMATE RECORD PERIOD 1945 TO 2015

WEATHER         OBSERVED          NORMAL  DEPART  LAST YEAR`S
                 VALUE   DATE(S)  VALUE   FROM    VALUE
                                          NORMAL
.............................................................
TEMPERATURE (F)
RECORD
 HIGH              95   01/12/2015
 LOW               -7   02/15/1943
HIGHEST            64   12/01        MM      MM
LOWEST              3   02/20        MM      MM
AVG. MAXIMUM     37.7              41.9    -4.2
AVG. MINIMUM     25.3              29.1    -3.8
MEAN             31.5              35.5    -4.0
DAYS MAX >= 90      0               0.0     0.0
DAYS MAX <= 32     26              13.6    12.4
DAYS MIN <= 32     65              53.4    11.6
DAYS MIN <= 0       0               0.1    -0.1

PRECIPITATION (INCHES)
RECORD
 MAXIMUM        17.86   1978-79
 MINIMUM         4.73   2001-02
TOTALS          13.28              9.49    3.79    11.75
DAILY AVG.       0.14              0.11    0.03
DAYS >= .01        36              30.4     5.6
DAYS >= .10        23              17.9     5.1
DAYS >= .50         9               6.6     2.4
DAYS >= 1.00        4               2.2     1.8
GREATEST
 24 HR. TOTAL    2.69   12/09 TO 12/10
 STORM TOTAL       MM
 (MM/DD(HH))            MM

SNOWFALL (INCHES)
RECORDS
 TOTAL           52.1   2014
 24 HR TOTAL     10.4   MM
TOTALS           36.1              21.7    14.4
 LIQUID EQUIV    3.61              2.20    1.41
SINCE 7/1        36.5              22.0    14.5
 LIQUID 7/1      3.65
DAYS >= TRACE      28              10.6    17.4
DAYS >= 1.0        10               4.9     5.1
GREATEST
 SNOW DEPTH         9   02/04
                        02/02
                        02/03
 24 HR TOTAL      6.5   02/01 TO 02/02
 STORM TOTAL       MM
 (MM/DD(HH))            MM

DEGREE_DAYS
HEATING TOTAL    2968              2654     314
 SINCE 7/1         MM              3429      MM
COOLING TOTAL       0                 0       0
 SINCE 1/1          0                 0       0
..............................................................

WIND (MPH)
AVERAGE WIND SPEED              12.2
HIGHEST WIND SPEED/DIRECTION    37/320    DATE  02/15
HIGHEST GUST SPEED/DIRECTION    49/300    DATE  01/05

SKY COVER
POSSIBLE SUNSHINE (PERCENT)   MM
AVERAGE SKY COVER           0.60
NUMBER OF DAYS FAIR           13
NUMBER OF DAYS PC             40
NUMBER OF DAYS CLOUDY         37

AVERAGE RH (PERCENT)     60

WEATHER CONDITIONS. NUMBER OF DAYS WITH
THUNDERSTORM              0     MIXED PRECIP               1
HEAVY RAIN                5     RAIN                       9
LIGHT RAIN               22     FREEZING RAIN              0
LT FREEZING RAIN          7     HAIL                       0
HEAVY SNOW                4     SNOW                       6
LIGHT SNOW               28     SLEET                      5
FOG                      33     FOG W/VIS <= 1/4 MILE      8
HAZE                     19

-  INDICATES NEGATIVE NUMBERS.
R  INDICATES RECORD WAS SET OR TIED.
MM INDICATES DATA IS MISSING.
T  INDICATES TRACE AMOUNT.

$$
