000
CXUS54 KFWD 010832
CF6LHB
PRELIMINARY LOCAL CLIMATOLOGICAL DATA (WS FORM: F-6)
STATION: HEARNE
MONTH: DECEMBER
YEAR: 2023
LATITUDE: 30 52 N
LONGITUDE: 96 36 W
TEMPERATURE IN F: :PCPN: SNOW: WIND :SUNSHINE: SKY :PK WND
================================================================================
1 2 3 4 5 6A 6B 7 8 9 10 11 12 13 14 15 16 17 18
12Z AVG MX 2MIN
DY MAX MIN AVG DEP HDD CDD WTR SNW DPTH SPD SPD DIR MIN PSBL S-S WX SPD DR
================================================================================
1 67 49 58 M 7 0 0.00 M M 4.2 17 340 M M 4 128 22 340
2 65 42 54 M 11 0 0.00 M M 2.4 10 310 M M 2 18 M M
3 74 39 57 M 8 0 0.00 M M 3.8 10 190 M M 0 18 M M
4 68 40 54 M 11 0 0.00 M M 2.9 9 350 M M 0 8 25 180
5 72 35 54 M 11 0 0.00 M M 1.0 5 350 M M 0 M M
6 69 34 52 M 13 0 0.00 M M 1.0 7 90 M M 0 8 M M
7 73 43 58 M 7 0 0.00 M M 8.1 16 170 M M 4 23 150
8 80 65 73 M 0 8 0.00 M M 10.7 21 190 M M 8 28 190
9 77 51 64 M 1 0 0.00 M M 10.8 20 340 M M 6 1 28 330
10 56 32 44 M 21 0 0.00 M M 7.5 17 340 M M 0 8 23 340
11 66 28 47 M 18 0 0.00 M M 3.0 8 130 M M 0 M M
12 69 37 53 M 12 0 0.00 M M 3.3 8 110 M M 2 M M
13 63 49 56 M 9 0 0.01 M M 4.4 8 80 M M 7 M M
14 73 48 61 M 4 0 0.00 M M 5.6 9 110 M M 5 16 100
15 68 55 62 M 3 0 0.04 M M 6.2 13 320 M M 9 1 17 130
16 62 36 49 M 16 0 0.00 M M 7.3 16 320 M M 1 1 22 350
17 71 32 52 M 13 0 0.00 M M 1.0 6 240 M M 0 M M
18 70 34 52 M 13 0 0.00 M M 3.7 10 360 M M 0 17 10
19 69 33 51 M 14 0 0.00 M M 3.1 10 160 M M 0 16 160
20 73 50 62 M 3 0 0.00 M M 6.1 12 140 M M 4 18 130
21 67 59 63 M 2 0 0.00 M M 4.7 10 170 M M 10 M M
22 69 59 64 M 1 0 0.07 M M 2.0 6 130 M M 10 12 M M
23 72 63 68 M 0 3 0.91 M M 6.4 16 150 M M 10 13 23 150
24 68 54 61 M 4 0 2.26 M M 4.7 14 320 M M 6 3 24 280
25 54 39 47 M 18 0 0.00 M M 9.2 18 320 M M 0 25 320
26 60 32 46 M 19 0 0.00 M M 3.5 9 180 M M 1 M M
27 59 33 46 M 19 0 0.00 M M 4.7 13 300 M M 0 18 310
28 56 35 46 M 19 0 M M M 3.2 13 330 M M 2 M M
29 58 32 45 M 20 0 0.00 M M 4.2 10 270 M M 0 8 17 250
30 67 29 48 M 17 0 0.00 M M 0.9 5 130 M M 0 18 M M
31 73 37 55 M 10 0 0.00 M M 3.0 14 200 M M 0 8 17 200
================================================================================
SM 2088 1304 324 11 3.29 M 142.3 M 91
================================================================================
AV 67.4 42.1 4.6 FASTST M M 3 MAX(MPH)
MISC ----> 21 190 # 28 190
================================================================================
NOTES:
# LAST OF SEVERAL OCCURRENCES
COLUMN 17 PEAK WIND IN M.P.H.
PRELIMINARY LOCAL CLIMATOLOGICAL DATA (WS FORM: F-6) , PAGE 2
STATION: HEARNE
MONTH: DECEMBER
YEAR: 2023
LATITUDE: 30 52 N
LONGITUDE: 96 36 W
[TEMPERATURE DATA] [PRECIPITATION DATA] SYMBOLS USED IN COLUMN 16
AVERAGE MONTHLY: 54.7 TOTAL FOR MONTH: 3.29 1 = FOG OR MIST
DPTR FM NORMAL: 0.0 DPTR FM NORMAL: M 2 = FOG REDUCING VISIBILITY
HIGHEST: 80 ON 8 GRTST 24HR 2.26 ON 24-24 TO 1/4 MILE OR LESS
LOWEST: 28 ON 11 3 = THUNDER
SNOW, ICE PELLETS, HAIL 4 = ICE PELLETS
TOTAL MONTH: M 5 = HAIL
GRTST 24HR M ON M 6 = FREEZING RAIN OR DRIZZLE
GRTST DEPTH: M ON M 7 = DUSTSTORM OR SANDSTORM:
VSBY 1/2 MILE OR LESS
8 = SMOKE OR HAZE
[NO. OF DAYS WITH] [WEATHER - DAYS WITH] 9 = BLOWING SNOW
X = TORNADO
MAX 32 OR BELOW: 0 0.01 INCH OR MORE: 5
MAX 90 OR ABOVE: 0 0.10 INCH OR MORE: 2
MIN 32 OR BELOW: 6 0.50 INCH OR MORE: 2
MIN 0 OR BELOW: 0 1.00 INCH OR MORE: 1
[HDD (BASE 65) ]
TOTAL THIS MO. 324 CLEAR (SCALE 0-3) 19
DPTR FM NORMAL M PTCLDY (SCALE 4-7) 8
TOTAL FM JUL 1 606 CLOUDY (SCALE 8-10) 4
DPTR FM NORMAL M
[CDD (BASE 65) ]
TOTAL THIS MO. 11
DPTR FM NORMAL M [PRESSURE DATA]
TOTAL FM JAN 1 3680 HIGHEST SLP M ON M
DPTR FM NORMAL M LOWEST SLP M ON M
[REMARKS]
#FINAL-12-23#