000
CXUS55 KPUB 011210
CF6LHX
PRELIMINARY LOCAL CLIMATOLOGICAL DATA (WS FORM: F-6)
STATION: LA JUNTA CO
MONTH: SEPTEMBER
YEAR: 2020
LATITUDE: 38 2 N
LONGITUDE: 103 31 W
TEMPERATURE IN F: :PCPN: SNOW: WIND :SUNSHINE: SKY :PK WND
================================================================================
1 2 3 4 5 6A 6B 7 8 9 10 11 12 13 14 15 16 17 18
12Z AVG MX 2MIN
DY MAX MIN AVG DEP HDD CDD WTR SNW DPTH SPD SPD DIR MIN PSBL S-S WX SPD DR
================================================================================
1 84 56 70 -3 0 5 0.00 0.0 0 7.1 15 50 M M 2 21 50
2 92 56 74 1 0 9 0.00 0.0 0 7.6 15 170 M M 0 20 140
3 86 55 71 -1 0 6 0.00 M M 10.5 22 30 M M 0 28 40
4 95 55 75 3 0 10 0.00 M M 7.3 15 90 M M 0 20 80
5 101 59 80 8 0 15 0.00 M M 9.2 18 210 M M 0 23 210
6 108 63 86 14 0 21 0.00 M M 11.1 21 330 M M 0 33 340
7 96 59 78 7 0 13 0.00 M M 12.0 40 40 M M 1 8 54 50
8 59 34 47 -24 18 0 0.28 M M 18.2 36 20 M M 10 18 47 40
9 42 33 38 -32 27 0 0.22 M M 7.7 13 30 M M 7 12 17 20
10 52 38 45 -25 20 0 0.18 M M 3.3 9 100 M M 8 1 11 100
11 76 41 59 -11 6 0 0.00 M M 5.1 10 200 M M 3 128 16 240
12 86 49 68 -1 0 3 0.00 M M 7.2 18 360 M M 0 25 10
13 87 46 67 -2 0 2 0.00 M M 6.1 12 160 M M 0 17 150
14 86 51 69 1 0 4 0.00 0.0 M 6.8 14 130 M M 0 19 140
15 87 48 68 0 0 3 0.00 0.0 M 5.5 13 280 M M 0 16 270
16 86 51 69 2 0 4 0.00 0.0 M 10.0 21 30 M M 0 8 29 10
17 86 50 68 1 0 3 0.00 M M 4.9 14 190 M M 0 18 24 170
18 89 49 69 3 0 4 0.00 M M 7.8 14 180 M M 0 19 170
19 94 55 75 9 0 10 0.00 M M 10.0 23 200 M M 0 33 200
20 90 53 72 7 0 7 0.00 M M 8.4 20 210 M M 0 24 220
21 89 55 72 7 0 7 0.00 M M 6.4 15 230 M M 0 20 240
22 89 51 70 6 0 5 0.00 M M 5.9 14 140 M M 0 21 150
23 92 51 72 8 0 7 0.00 M M 6.9 14 20 M M 0 21 20
24 92 56 74 10 0 9 0.00 0.0 0 6.9 15 270 M M 0 8 19 280
25 99 56 78 15 0 13 0.00 0.0 0 8.2 20 270 M M 0 24 260
26 98 60 79 17 0 14 0.00 0.0 0 12.1 22 20 M M 0 8 31 10
27 73 50 62 0 3 0 0.00 0.0 0 12.3 31 30 M M 4 39 30
28 69 44 57 -5 8 0 0.00 M M 10.1 21 350 M M 2 28 290
29 84 41 63 2 2 0 0.00 M M 9.4 18 280 M M 0 8 24 280
30 83 50 67 6 0 2 0.00 M M 8.7 16 60 M M 0 24 70
================================================================================
SM 2550 1515 84 176 0.68 0.0 252.7 M 37
================================================================================
AV 85.0 50.5 8.4 FASTST M M 1 MAX(MPH)
MISC ----> 40 40 54 50
================================================================================
NOTES:
# LAST OF SEVERAL OCCURRENCES
COLUMN 17 PEAK WIND IN M.P.H.
PRELIMINARY LOCAL CLIMATOLOGICAL DATA (WS FORM: F-6) , PAGE 2
STATION: LA JUNTA CO
MONTH: SEPTEMBER
YEAR: 2020
LATITUDE: 38 2 N
LONGITUDE: 103 31 W
[TEMPERATURE DATA] [PRECIPITATION DATA] SYMBOLS USED IN COLUMN 16
AVERAGE MONTHLY: 67.8 TOTAL FOR MONTH: 0.68 1 = FOG OR MIST
DPTR FM NORMAL: 0.4 DPTR FM NORMAL: -0.15 2 = FOG REDUCING VISIBILITY
HIGHEST: 108 ON 6 GRTST 24HR 0.40 ON 8- 9 TO 1/4 MILE OR LESS
LOWEST: 33 ON 9 3 = THUNDER
SNOW, ICE PELLETS, HAIL 4 = ICE PELLETS
TOTAL MONTH: 0.0 INCH 5 = HAIL
GRTST 24HR 0.0 6 = FREEZING RAIN OR DRIZZLE
GRTST DEPTH: 0 7 = DUSTSTORM OR SANDSTORM:
VSBY 1/2 MILE OR LESS
8 = SMOKE OR HAZE
[NO. OF DAYS WITH] [WEATHER - DAYS WITH] 9 = BLOWING SNOW
X = TORNADO
MAX 32 OR BELOW: 0 0.01 INCH OR MORE: 3
MAX 90 OR ABOVE: 11 0.10 INCH OR MORE: 3
MIN 32 OR BELOW: 0 0.50 INCH OR MORE: 0
MIN 0 OR BELOW: 0 1.00 INCH OR MORE: 0
[HDD (BASE 65) ]
TOTAL THIS MO. 84 CLEAR (SCALE 0-3) 26
DPTR FM NORMAL 15 PTCLDY (SCALE 4-7) 3
TOTAL FM JUL 1 84 CLOUDY (SCALE 8-10) 1
DPTR FM NORMAL 11
[CDD (BASE 65) ]
TOTAL THIS MO. 176
DPTR FM NORMAL 38 [PRESSURE DATA]
TOTAL FM JAN 1 1648 HIGHEST SLP 30.47 ON 9
DPTR FM NORMAL 432 LOWEST SLP 29.42 ON 7
[REMARKS]
#FINAL-09-20#