000
CXUS55 KBOU 011000
CF6LIC
PRELIMINARY LOCAL CLIMATOLOGICAL DATA (WS FORM: F-6)
STATION: LIMON CO
MONTH: NOVEMBER
YEAR: 2020
LATITUDE: 39 10 N
LONGITUDE: 103 42 W
TEMPERATURE IN F: :PCPN: SNOW: WIND :SUNSHINE: SKY :PK WND
================================================================================
1 2 3 4 5 6A 6B 7 8 9 10 11 12 13 14 15 16 17 18
12Z AVG MX 2MIN
DY MAX MIN AVG DEP HDD CDD WTR SNW DPTH SPD SPD DIR MIN PSBL S-S WX SPD DR
================================================================================
1 67 20 44 M 21 0 0.00 M M 6.9 16 200 M M 0 24 200
2 75 23 49 M 16 0 0.00 M M 5.3 10 350 M M 0 13 150
3 78 29 54 M 11 0 0.00 M M 5.8 13 150 M M 0 8 15 120
4 77 41 59 M 6 0 0.00 M M 9.3 20 330 M M 0 27 330
5 74 30 52 M 13 0 0.00 M M 7.9 18 180 M M 0 27 170
6 77 32 55 M 10 0 0.00 M M 7.8 23 190 M M 0 32 170
7 76 47 62 M 3 0 0.00 M M 16.2 30 160 M M 0 42 180
8 63 30 47 M 18 0 0.00 M M 16.7 36 200 M M 0 49 220
9 39 25 32 M 33 0 0.02 M M 10.8 21 10 M M 7 1 24 10
10 44 11 28 M 37 0 0.02 M M 6.6 18 130 M M 2 1 27 170
11 46 6 26 M 39 0 0.00 M M 7.5 23 150 M M 0 31 150
12 42 9 26 M 39 0 0.00 M M 6.3 17 20 M M 0 22 20
13 62 4 33 M 32 0 0.00 M M 7.2 22 190 M M 0 30 180
14 53 16 35 M 30 0 T M M 17.7 49 320 M M 1 8 65 320
15 58 5 32 M 33 0 0.00 M M 6.3 21 350 M M 0 27 340
16 65 18 42 M 23 0 0.00 M M 4.6 15 160 M M 0 23 160
17 72 20 46 M 19 0 0.00 M M 6.8 18 160 M M 0 24 170
18 73 31 52 M 13 0 0.00 M M 9.6 21 280 M M 0 29 220
19 66 29 48 M 17 0 0.00 M M 11.9 24 40 M M 0 32 40
20 53 20 37 M 28 0 0.00 M M 6.8 28 30 M M 0 36 30
21 51 24 38 M 27 0 0.00 M M 8.8 24 170 M M 2 32 160
22 46 16 31 M 34 0 0.00 M M 11.9 23 160 M M 0 32 160
23 65 29 47 M 18 0 0.00 M M 11.0 21 200 M M 0 28 190
24 39 14 27 M 38 0 0.03 M M 15.2 28 340 M M 5 1 35 340
25 55 8 32 M 33 0 0.00 M M 7.2 18 320 M M 0 23 160
26 48 22 35 M 30 0 0.00 M M 8.5 20 10 M M 2 25 10
27 45 11 28 M 37 0 0.00 M M 6.5 16 200 M M 2 23 210
28 57 3 30 M 35 0 0.00 M M 5.8 18 160 M M 0 34 160
29 39 4 22 M 43 0 0.00 M M 14.1 32 350 M M 0 44 350
30 60 1 31 M 34 0 0.00 M M 4.6 10 10 M M 0 13 360
================================================================================
SM 1765 578 770 0 0.07 M 271.6 M 21
================================================================================
AV 58.8 19.3 9.1 FASTST M M 1 MAX(MPH)
MISC ----> 49 320 65 320
================================================================================
NOTES:
# LAST OF SEVERAL OCCURRENCES
COLUMN 17 PEAK WIND IN M.P.H.
PRELIMINARY LOCAL CLIMATOLOGICAL DATA (WS FORM: F-6) , PAGE 2
STATION: LIMON CO
MONTH: NOVEMBER
YEAR: 2020
LATITUDE: 39 10 N
LONGITUDE: 103 42 W
[TEMPERATURE DATA] [PRECIPITATION DATA] SYMBOLS USED IN COLUMN 16
AVERAGE MONTHLY: 39.1 TOTAL FOR MONTH: 0.07 1 = FOG OR MIST
DPTR FM NORMAL: 4.3 DPTR FM NORMAL: -0.53 2 = FOG REDUCING VISIBILITY
HIGHEST: 78 ON 3 GRTST 24HR 0.04 ON 9-10 TO 1/4 MILE OR LESS
LOWEST: 1 ON 30 3 = THUNDER
SNOW, ICE PELLETS, HAIL 4 = ICE PELLETS
TOTAL MONTH: M 5 = HAIL
GRTST 24HR M ON M 6 = FREEZING RAIN OR DRIZZLE
GRTST DEPTH: M ON M 7 = DUSTSTORM OR SANDSTORM:
VSBY 1/2 MILE OR LESS
8 = SMOKE OR HAZE
[NO. OF DAYS WITH] [WEATHER - DAYS WITH] 9 = BLOWING SNOW
X = TORNADO
MAX 32 OR BELOW: 0 0.01 INCH OR MORE: 3
MAX 90 OR ABOVE: 0 0.10 INCH OR MORE: 0
MIN 32 OR BELOW: 28 0.50 INCH OR MORE: 0
MIN 0 OR BELOW: 0 1.00 INCH OR MORE: 0
[HDD (BASE 65) ]
TOTAL THIS MO. 770 CLEAR (SCALE 0-3) 28
DPTR FM NORMAL M PTCLDY (SCALE 4-7) 2
TOTAL FM JUL 1 1541 CLOUDY (SCALE 8-10) 0
DPTR FM NORMAL 1541
[CDD (BASE 65) ]
TOTAL THIS MO. 0
DPTR FM NORMAL M [PRESSURE DATA]
TOTAL FM JAN 1 636 HIGHEST SLP 30.59 ON 29
DPTR FM NORMAL 493 LOWEST SLP 29.22 ON 8
[REMARKS]
#FINAL-11-20#