000
CXHW51 PHFO 011250
CF6LIH
PRELIMINARY LOCAL CLIMATOLOGICAL DATA (WS FORM: F-6)
STATION: LIHUE HI
MONTH: SEPTEMBER
YEAR: 2020
LATITUDE: 21 58 N
LONGITUDE: 159 21 W
TEMPERATURE IN F: :PCPN: SNOW: WIND :SUNSHINE: SKY :PK WND
================================================================================
1 2 3 4 5 6A 6B 7 8 9 10 11 12 13 14 15 16 17 18
12Z AVG MX 2MIN
DY MAX MIN AVG DEP HDD CDD WTR SNW DPTH SPD SPD DIR MIN PSBL S-S WX SPD DR
================================================================================
1 87 77 82 2 0 17 T 0.0 M 15.8 23 50 M M M 27 60
2 86 76 81 1 0 16 T 0.0 M 12.0 24 50 M M M 29 50
3 87 78 83 3 0 18 T 0.0 M 10.8 15 80 M M M 18 70
4 86 74 80 0 0 15 0.54 0.0 M 10.1 16 110 M M M 1 23 240
5 86 78 82 2 0 17 0.00 0.0 M 14.6 18 70 M M M 23 80
6 86 77 82 2 0 17 T 0.0 M 14.1 24 60 M M M 29 70
7 87 78 83 3 0 18 T 0.0 M 12.1 18 70 M M M 22 70
8 87 78 83 3 0 18 T 0.0 M 15.0 22 80 M M M 27 80
9 88 79 84 4 0 19 T 0.0 M 14.3 20 70 M M M 24 70
10 88 79 84 4 0 19 T 0.0 M 14.7 18 60 M M M 23 50
11 88 77 83 3 0 18 T 0.0 M 13.9 21 90 M M M 26 80
12 88 74 81 1 0 16 0.01 0.0 M 9.8 16 20 M M M 1 21 50
13 87 73 80 0 0 15 0.02 0.0 M 8.3 15 110 M M M 18 90
14 88 74 81 1 0 16 0.05 0.0 M 9.5 20 90 M M M 24 90
15 88 76 82 2 0 17 0.00 0.0 M 8.6 13 70 M M M 16 50
16 87 74 81 1 0 16 0.00 0.0 M 9.0 13 50 M M M 15 90
17 89 80 85 5 0 20 T 0.0 M 12.5 18 70 M M M 22 70
18 89 80 85 6 0 20 0.00 0.0 M 13.0 18 80 M M M 23 40
19 89 76 83 4 0 18 0.27 0.0 M 13.3 24 70 M M M 18 29 70
20 85 74 80 1 0 15 0.35 0.0 M 12.2 25 40 M M M 1 29 40
21 87 74 81 2 0 16 T 0.0 M 12.2 20 40 M M M 22 50
22 86 76 81 2 0 16 T 0.0 M 13.8 20 70 M M M 26 50
23 88 79 84 5 0 19 0.01 0.0 M 13.7 18 70 M M M 22 80
24 87 80 84 5 0 19 0.00 0.0 M 14.9 20 70 M M M 23 70
25 M M M M M M M M M M M M M M M M M
26 87 79 83 4 0 18 0.00 0.0 M 12.2 16 70 M M M 19 70
27 87 79 83 4 0 18 T 0.0 M 11.6 18 80 M M M 22 80
28 87 76 82 3 0 17 0.01 0.0 M 8.5 17 80 M M M 19 80
29 87 72 80 1 0 15 0.00 0.0 M 7.3 10 40 M M M 13 80
30 87 70 79 0 0 14 T 0.0 M 7.6 10 280 M M M 13 80
================================================================================
SM 2529 2217 0 497 1.26 0.0 345.4 M M
================================================================================
AV 87.2 76.5 11.9 FASTST M M 0 MAX(MPH)
MISC ----> # 25 40 # 29 50
================================================================================
NOTES:
# LAST OF SEVERAL OCCURRENCES
COLUMN 17 PEAK WIND IN M.P.H.
PRELIMINARY LOCAL CLIMATOLOGICAL DATA (WS FORM: F-6) , PAGE 2
STATION: LIHUE HI
MONTH: SEPTEMBER
YEAR: 2020
LATITUDE: 21 58 N
LONGITUDE: 159 21 W
[TEMPERATURE DATA] [PRECIPITATION DATA] SYMBOLS USED IN COLUMN 16
AVERAGE MONTHLY: 81.8 TOTAL FOR MONTH: 1.26 1 = FOG OR MIST
DPTR FM NORMAL: 2.4 DPTR FM NORMAL: -0.86 2 = FOG REDUCING VISIBILITY
HIGHEST: 89 ON 19,18 GRTST 24HR 0.54 ON 4- 4 TO 1/4 MILE OR LESS
LOWEST: 70 ON 30 3 = THUNDER
SNOW, ICE PELLETS, HAIL 4 = ICE PELLETS
TOTAL MONTH: 0.0 INCH 5 = HAIL
GRTST 24HR 0.0 6 = FREEZING RAIN OR DRIZZLE
GRTST DEPTH: M ON M 7 = DUSTSTORM OR SANDSTORM:
VSBY 1/2 MILE OR LESS
8 = SMOKE OR HAZE
[NO. OF DAYS WITH] [WEATHER - DAYS WITH] 9 = BLOWING SNOW
X = TORNADO
MAX 32 OR BELOW: 0 0.01 INCH OR MORE: 8
MAX 90 OR ABOVE: 0 0.10 INCH OR MORE: 3
MIN 32 OR BELOW: 0 0.50 INCH OR MORE: 1
MIN 0 OR BELOW: 0 1.00 INCH OR MORE: 0
[HDD (BASE 65) ]
TOTAL THIS MO. 0 CLEAR (SCALE 0-3) 0
DPTR FM NORMAL 0 PTCLDY (SCALE 4-7) 0
TOTAL FM JUL 1 0 CLOUDY (SCALE 8-10) 0
DPTR FM NORMAL 0
[CDD (BASE 65) ]
TOTAL THIS MO. 497
DPTR FM NORMAL 64 [PRESSURE DATA]
TOTAL FM JAN 1 3230 HIGHEST SLP 30.14 ON 24
DPTR FM NORMAL 271 LOWEST SLP 29.87 ON 29
[REMARKS]
#FINAL-09-20#