000
CDUS44 KLZK 182203
CLILIT


CLIMATE REPORT
NATIONAL WEATHER SERVICE LITTLE ROCK AR
401 PM CST THU JAN 18 2018


...................................

...THE LITTLE ROCK ADAMS FIELD CLIMATE SUMMARY FOR JANUARY 18 2018...
VALID TODAY AS OF 0400 PM LOCAL TIME.

CLIMATE NORMAL PERIOD 1981 TO 2010
CLIMATE RECORD PERIOD 1874 TO 2018


WEATHER ITEM   OBSERVED TIME   RECORD YEAR NORMAL DEPARTURE LAST
                VALUE   (LST)  VALUE       VALUE  FROM      YEAR
                                                  NORMAL
..................................................................
TEMPERATURE (F)
 TODAY
  MAXIMUM         41    347 PM  75    1907  50     -9       49
  MINIMUM         12    743 AM  -4    1930  31    -19       43
  AVERAGE         27                        41    -14       46

PRECIPITATION (IN)
  TODAY            0.00          1.65 1892   0.11  -0.11     0.05
  MONTH TO DATE    1.00                      2.12  -1.12     0.85
  SINCE DEC 1      8.74                      7.09   1.65     5.24
  SINCE JAN 1      1.00                      2.12  -1.12     0.85

SNOWFALL (IN)
  TODAY            0.0          11.2  1893   0.0    0.0      0.0
  MONTH TO DATE    1.7                       0.9    0.8      0.2
  SINCE DEC 1      1.7                       1.1    0.6      0.2
  SINCE JUL 1      1.7                       1.1    0.6      0.2
  SNOW DEPTH       0

DEGREE DAYS
 HEATING
  TODAY           38                        24     14       19
  MONTH TO DATE  609                       432    177      376
  SINCE DEC 1   1282                      1115    167     1043
  SINCE JUL 1   1748                      1629    119     1382

 COOLING
  TODAY            0                         0      0        0
  MONTH TO DATE    0                         0      0        0
  SINCE DEC 1      0                         2     -2        2
  SINCE JAN 1      0                         0      0        0
..................................................................


WIND (MPH)
  HIGHEST WIND SPEED    15   HIGHEST WIND DIRECTION    SW (220)
  HIGHEST GUST SPEED    19   HIGHEST GUST DIRECTION    SW (220)
  AVERAGE WIND SPEED     5.6


SKY COVER
  POSSIBLE SUNSHINE  MM
  AVERAGE SKY COVER 0.0


WEATHER CONDITIONS
 THE FOLLOWING WEATHER WAS RECORDED TODAY.
  NO SIGNIFICANT WEATHER WAS OBSERVED.


RELATIVE HUMIDITY (PERCENT)
 HIGHEST    92           700 AM
 LOWEST     30           300 PM
 AVERAGE    61

..........................................................


THE LITTLE ROCK ADAMS FIELD CLIMATE NORMALS FOR TOMORROW
                         NORMAL    RECORD    YEAR
 MAXIMUM TEMPERATURE (F)   51        76      1951
 MINIMUM TEMPERATURE (F)   31         0      1940


SUNRISE AND SUNSET
JANUARY 18 2018.......SUNRISE   715 AM CST   SUNSET   524 PM CST
JANUARY 19 2018.......SUNRISE   715 AM CST   SUNSET   525 PM CST


-  INDICATES NEGATIVE NUMBERS.
R  INDICATES RECORD WAS SET OR TIED.
MM INDICATES DATA IS MISSING.
T  INDICATES TRACE AMOUNT.




$$
