000
CDUS44 KLZK 230639
CLILIT


CLIMATE REPORT
NATIONAL WEATHER SERVICE LITTLE ROCK AR
138 AM CDT MON OCT 23 2017


...................................

...THE LITTLE ROCK ADAMS FIELD CLIMATE SUMMARY FOR OCTOBER 22 2017...

CLIMATE NORMAL PERIOD 1981 TO 2010
CLIMATE RECORD PERIOD 1874 TO 2017


WEATHER ITEM   OBSERVED TIME   RECORD YEAR NORMAL DEPARTURE LAST
                VALUE   (LST)  VALUE       VALUE  FROM      YEAR
                                                  NORMAL
..................................................................
TEMPERATURE (F)
 YESTERDAY
  MAXIMUM         74    200 AM  89    1963  73      1       72
  MINIMUM         53   1159 PM  32    1898  51      2       43
  AVERAGE         64                        62      2       58

PRECIPITATION (IN)
  YESTERDAY        0.49          2.21 1957   0.18   0.31     0.00
  MONTH TO DATE    0.99                      3.42  -2.43     1.91
  SINCE SEP 1      1.44                      6.60  -5.16     3.22
  SINCE JAN 1     38.73                     38.01   0.72    49.17

SNOWFALL (IN)
  YESTERDAY        0.0          MM      MM   0.0    0.0      0.0
  MONTH TO DATE    0.0                       0.0    0.0      0.0
  SINCE SEP 1      0.0                       0.0    0.0      0.0
  SINCE JUL 1      0.0                       0.0    0.0      0.0
  SNOW DEPTH       0

DEGREE DAYS
 HEATING
  YESTERDAY        1                         5     -4        7
  MONTH TO DATE   29                        65    -36       28
  SINCE SEP 1     30                        76    -46       28
  SINCE JUL 1     30                        76    -46       28

 COOLING
  YESTERDAY        0                         2     -2        0
  MONTH TO DATE  122                        69     53      105
  SINCE SEP 1    426                       381     45      556
  SINCE JAN 1   1994                      2182   -188     2609
..................................................................


WIND (MPH)
  HIGHEST WIND SPEED    31   HIGHEST WIND DIRECTION     W (280)
  HIGHEST GUST SPEED    41   HIGHEST GUST DIRECTION     W (280)
  AVERAGE WIND SPEED     9.9


SKY COVER
  POSSIBLE SUNSHINE  MM
  AVERAGE SKY COVER 1.0


WEATHER CONDITIONS
 THE FOLLOWING WEATHER WAS RECORDED YESTERDAY.
  THUNDERSTORM
  HEAVY RAIN
  RAIN
  LIGHT RAIN
  FOG


RELATIVE HUMIDITY (PERCENT)
 HIGHEST   100           600 AM
 LOWEST     77          1100 PM
 AVERAGE    89

..........................................................


THE LITTLE ROCK ADAMS FIELD CLIMATE NORMALS FOR TODAY
                         NORMAL    RECORD    YEAR
 MAXIMUM TEMPERATURE (F)   73        92      1939
 MINIMUM TEMPERATURE (F)   50        31      1952
                                             1937


SUNRISE AND SUNSET
OCTOBER 23 2017.......SUNRISE   722 AM CDT   SUNSET   624 PM CDT
OCTOBER 24 2017.......SUNRISE   723 AM CDT   SUNSET   623 PM CDT


-  INDICATES NEGATIVE NUMBERS.
R  INDICATES RECORD WAS SET OR TIED.
MM INDICATES DATA IS MISSING.
T  INDICATES TRACE AMOUNT.




$$
