000
CXUS56 KMFR 010930
CF6LMT
PRELIMINARY LOCAL CLIMATOLOGICAL DATA (WS FORM: F-6)
STATION: KLAMATH FALLS OR
MONTH: OCTOBER
YEAR: 2021
LATITUDE: 42 9 N
LONGITUDE: 121 44 W
TEMPERATURE IN F: :PCPN: SNOW: WIND :SUNSHINE: SKY :PK WND
================================================================================
1 2 3 4 5 6A 6B 7 8 9 10 11 12 13 14 15 16 17 18
12Z AVG MX 2MIN
DY MAX MIN AVG DEP HDD CDD WTR SNW DPTH SPD SPD DIR MIN PSBL S-S WX SPD DR
================================================================================
1 74 34 54 1 11 0 0.00 M M 3.9 14 320 M M 0 18 340
2 79 36 58 5 7 0 0.00 M M 1.9 12 330 M M 0 13 330
3 81 35 58 6 7 0 0.00 M M 1.7 8 90 M M 0 12 120
4 80 36 58 6 7 0 0.00 M M 4.9 17 220 M M 0 22 220
5 72 36 54 2 11 0 0.00 M M 7.1 23 190 M M 1 29 190
6 58 33 46 -5 19 0 0.01 M M 4.4 16 330 M M 7 20 340
7 62 31 47 -4 18 0 0.00 M M 4.3 14 340 M M 2 8 17 330
8 58 22 40 -10 25 0 0.00 M M 6.2 18 270 M M 4 12 25 250
9 62 23 43 -7 22 0 0.00 M M 2.3 13 270 M M 0 17 270
10 59 26 43 -7 22 0 T M M 10.0 26 330 M M 2 33 310
11 49 28 39 -10 26 0 T M M 13.9 32 320 M M 4 8 42 300
12 53 17 35 -14 30 0 0.00 M M 5.1 15 260 M M 2 19 260
13 54 25 40 -8 25 0 T M M 7.3 22 320 M M 4 8 29 330
14 56 17 37 -11 28 0 0.00 M M 1.6 8 150 M M 0 1 11 220
15 69 20 45 -3 20 0 0.00 M M 2.2 7 120 M M 0 10 130
16 76 24 50 3 15 0 0.00 M M 2.7 13 160 M M 0 14 160
17 62 38 50 3 15 0 0.13 M M 14.8 32 180 M M 4 57 170
18 51 27 39 -8 26 0 0.04 M M 6.3 14 270 M M 6 17 280
19 54 27 41 -5 24 0 T M M 10.8 36 200 M M 3 1 54 170
20 54 38 46 0 19 0 T M M 13.0 22 160 M M 7 29 180
21 64 40 52 6 13 0 T M M 18.2 38 170 M M 5 47 170
22 58 41 50 5 15 0 0.93 M M 7.4 30 180 M M 9 18 43 180
23 48 39 44 -1 21 0 0.26 M M 9.2 21 150 M M 10 1 29 150
24 51 39 45 1 20 0 0.63 M M 15.5 36 180 M M 9 1 54 180
25 48 33 41 -3 24 0 T M M 6.9 18 250 M M 8 26 260
26 52 35 44 0 21 0 0.01 M M 6.9 18 260 M M 10 8 22 270
27 60 46 53 9 12 0 T M M 9.6 21 250 M M 7 1 27 260
28 66 34 50 7 15 0 0.00 M M 1.4 7 220 M M 3 128 11 90
29 64 34 49 6 16 0 0.00 M M 2.6 10 330 M M 3 18 14 300
30 54 34 44 2 21 0 0.30 M M 5.0 17 320 M M 6 128 21 330
31 56 32 44 2 21 0 0.00 M M 3.6 15 340 M M 6 12 17 140
================================================================================
SM 1884 980 576 0 2.31 M 210.7 M 122
================================================================================
AV 60.8 31.6 6.8 FASTST M M 4 MAX(MPH)
MISC ----> 38 170 57 170
================================================================================
NOTES:
# LAST OF SEVERAL OCCURRENCES
COLUMN 17 PEAK WIND IN M.P.H.
PRELIMINARY LOCAL CLIMATOLOGICAL DATA (WS FORM: F-6) , PAGE 2
STATION: KLAMATH FALLS OR
MONTH: OCTOBER
YEAR: 2021
LATITUDE: 42 9 N
LONGITUDE: 121 44 W
[TEMPERATURE DATA] [PRECIPITATION DATA] SYMBOLS USED IN COLUMN 16
AVERAGE MONTHLY: 46.2 TOTAL FOR MONTH: 2.31 1 = FOG OR MIST
DPTR FM NORMAL: -1.2 DPTR FM NORMAL: 1.57 2 = FOG REDUCING VISIBILITY
HIGHEST: 81 ON 3 GRTST 24HR 0.93 ON 22-22 TO 1/4 MILE OR LESS
LOWEST: 17 ON 14,12 3 = THUNDER
SNOW, ICE PELLETS, HAIL 4 = ICE PELLETS
TOTAL MONTH: M 5 = HAIL
GRTST 24HR M ON M 6 = FREEZING RAIN OR DRIZZLE
GRTST DEPTH: M ON M 7 = DUSTSTORM OR SANDSTORM:
VSBY 1/2 MILE OR LESS
8 = SMOKE OR HAZE
[NO. OF DAYS WITH] [WEATHER - DAYS WITH] 9 = BLOWING SNOW
X = TORNADO
MAX 32 OR BELOW: 0 0.01 INCH OR MORE: 8
MAX 90 OR ABOVE: 0 0.10 INCH OR MORE: 5
MIN 32 OR BELOW: 13 0.50 INCH OR MORE: 2
MIN 0 OR BELOW: 0 1.00 INCH OR MORE: 0
[HDD (BASE 65) ]
TOTAL THIS MO. 576 CLEAR (SCALE 0-3) 14
DPTR FM NORMAL 32 PTCLDY (SCALE 4-7) 13
TOTAL FM JUL 1 860 CLOUDY (SCALE 8-10) 4
DPTR FM NORMAL 6
[CDD (BASE 65) ]
TOTAL THIS MO. 0
DPTR FM NORMAL 0 [PRESSURE DATA]
TOTAL FM JAN 1 435 HIGHEST SLP M ON M
DPTR FM NORMAL 219 LOWEST SLP 29.26 ON 24
[REMARKS]
#FINAL-10-21#