000
CXUS56 KMFR 011610
CF6LMT
PRELIMINARY LOCAL CLIMATOLOGICAL DATA (WS FORM: F-6)
STATION: KLAMATH FALLS OR
MONTH: MARCH
YEAR: 2021
LATITUDE: 42 9 N
LONGITUDE: 121 44 W
TEMPERATURE IN F: :PCPN: SNOW: WIND :SUNSHINE: SKY :PK WND
================================================================================
1 2 3 4 5 6A 6B 7 8 9 10 11 12 13 14 15 16 17 18
12Z AVG MX 2MIN
DY MAX MIN AVG DEP HDD CDD WTR SNW DPTH SPD SPD DIR MIN PSBL S-S WX SPD DR
================================================================================
1 54 19 37 0 28 0 0.00 M M 7.2 23 190 M M 0 27 190
2 57 17 37 0 28 0 0.00 M M 2.3 10 240 M M 0 15 180
3 61 16 39 2 26 0 0.00 M M 4.1 16 280 M M 0 19 280
4 55 20 38 1 27 0 0.00 M M 18.4 35 190 M M 0 40 190
5 56 28 42 4 23 0 T M M 21.6 38 170 M M 0 47 160
6 45 28 37 -1 28 0 T M M 8.7 18 260 M M 7 1 23 240
7 47 31 39 1 26 0 0.00 M M 7.8 15 330 M M 5 18 240
8 45 26 36 -2 29 0 T M M 11.3 25 230 M M 5 35 210
9 42 23 33 -5 32 0 T M M 11.7 24 180 M M 5 29 180
10 41 21 31 -7 34 0 0.02 M M 4.8 16 330 M M 8 1 20 320
11 50 17 34 -4 31 0 0.00 M M 6.0 21 20 M M 3 1 24 10
12 53 18 36 -2 29 0 0.00 M M 4.4 12 340 M M 0 17 330
13 61 15 38 0 27 0 0.00 M M 2.9 13 270 M M 0 15 270
14 45 22 34 -4 31 0 0.08 M M 11.7 32 190 M M 6 1 40 190
15 39 22 31 -7 34 0 0.03 M M 16.5 28 340 M M 6 18 34 330
16 43 14 29 -10 36 0 0.00 M M 3.9 12 170 M M 2 1 14 150
17 52 18 35 -4 30 0 0.00 M M 8.4 20 170 M M 0 24 170
18 51 36 44 5 21 0 T M M 17.9 37 170 M M 7 43 170
19 49 33 41 2 24 0 T M M 8.3 20 280 M M 8 23 290
20 45 21 33 -6 32 0 0.00 M M 7.1 22 280 M M 6 27 280
21 52 14 33 -6 32 0 T M M 6.1 20 250 M M 2 12 24 270
22 47 26 37 -2 28 0 0.02 M M 11.3 29 300 M M 6 1 39 310
23 52 20 36 -3 29 0 0.00 M M 9.7 24 50 M M 0 31 10
24 51 20 36 -3 29 0 0.00 M M 6.2 23 280 M M 4 8 28 270
25 47 25 36 -3 29 0 T M M 13.1 23 330 M M 5 1 31 330
26 58 17 38 -1 27 0 0.00 M M 5.2 16 330 M M 0 1 20 320
27 68 18 43 3 22 0 0.00 M M 2.6 13 250 M M 0 1 16 240
28 66 19 43 3 22 0 0.00 M M 12.2 35 260 M M 1 40 260
29 48 21 35 -5 30 0 0.00 M M 10.6 22 300 M M 1 29 310
30 57 14 36 -4 29 0 0.00 M M 3.6 13 70 M M 0 8 15 70
31 71 20 46 6 19 0 0.00 M M 3.9 16 150 M M 0 8 20 140
================================================================================
SM 1608 659 872 0 0.15 M 269.5 M 87
================================================================================
AV 51.9 21.3 8.7 FASTST M M 3 MAX(MPH)
MISC ----> 38 170 47 160
================================================================================
NOTES:
# LAST OF SEVERAL OCCURRENCES
COLUMN 17 PEAK WIND IN M.P.H.
PRELIMINARY LOCAL CLIMATOLOGICAL DATA (WS FORM: F-6) , PAGE 2
STATION: KLAMATH FALLS OR
MONTH: MARCH
YEAR: 2021
LATITUDE: 42 9 N
LONGITUDE: 121 44 W
[TEMPERATURE DATA] [PRECIPITATION DATA] SYMBOLS USED IN COLUMN 16
AVERAGE MONTHLY: 36.6 TOTAL FOR MONTH: 0.15 1 = FOG OR MIST
DPTR FM NORMAL: -1.9 DPTR FM NORMAL: -1.12 2 = FOG REDUCING VISIBILITY
HIGHEST: 71 ON 31 GRTST 24HR 0.11 ON 14-15 TO 1/4 MILE OR LESS
LOWEST: 14 ON 30,21 3 = THUNDER
SNOW, ICE PELLETS, HAIL 4 = ICE PELLETS
TOTAL MONTH: M 5 = HAIL
GRTST 24HR M ON M 6 = FREEZING RAIN OR DRIZZLE
GRTST DEPTH: M ON M 7 = DUSTSTORM OR SANDSTORM:
VSBY 1/2 MILE OR LESS
8 = SMOKE OR HAZE
[NO. OF DAYS WITH] [WEATHER - DAYS WITH] 9 = BLOWING SNOW
X = TORNADO
MAX 32 OR BELOW: 0 0.01 INCH OR MORE: 4
MAX 90 OR ABOVE: 0 0.10 INCH OR MORE: 0
MIN 32 OR BELOW: 29 0.50 INCH OR MORE: 0
MIN 0 OR BELOW: 0 1.00 INCH OR MORE: 0
[HDD (BASE 65) ]
TOTAL THIS MO. 872 CLEAR (SCALE 0-3) 18
DPTR FM NORMAL 51 PTCLDY (SCALE 4-7) 12
TOTAL FM JUL 1 5195 CLOUDY (SCALE 8-10) 1
DPTR FM NORMAL -468
[CDD (BASE 65) ]
TOTAL THIS MO. 0
DPTR FM NORMAL 0 [PRESSURE DATA]
TOTAL FM JAN 1 0 HIGHEST SLP 30.39 ON 27
DPTR FM NORMAL 0 LOWEST SLP 29.71 ON 3
[REMARKS]
#FINAL-03-21#