000
CXUS56 KMFR 011710
CF6LMT
PRELIMINARY LOCAL CLIMATOLOGICAL DATA (WS FORM: F-6)
STATION: KLAMATH FALLS OR
MONTH: JANUARY
YEAR: 2021
LATITUDE: 42 9 N
LONGITUDE: 121 44 W
TEMPERATURE IN F: :PCPN: SNOW: WIND :SUNSHINE: SKY :PK WND
================================================================================
1 2 3 4 5 6A 6B 7 8 9 10 11 12 13 14 15 16 17 18
12Z AVG MX 2MIN
DY MAX MIN AVG DEP HDD CDD WTR SNW DPTH SPD SPD DIR MIN PSBL S-S WX SPD DR
================================================================================
1 38 24 31 2 34 0 0.04 M M 3.8 22 270 M M 6 18 26 270
2 38 27 33 4 32 0 T M M 6.1 13 170 M M 7 16 170
3 46 35 41 12 24 0 T M M 6.7 15 160 M M 9 20 160
4 43 30 37 8 28 0 0.14 M M 13.8 29 170 M M 8 18 39 160
5 41 24 33 3 32 0 0.00 M M 2.0 10 80 M M 5 12 70
6 M M M M M M M M M 10.2 26 190 M M 7 1 32 190
7 40 31 36 6 29 0 0.00 M M 4.2 8 330 M M 3 9 330
8 39 22 31 1 34 0 0.21 M M 6.0 21 290 M M 6 1 26 300
9 36 21 29 -1 36 0 0.00 M M 4.7 10 340 M M 5 12 13 90
10 42 26 34 4 31 0 0.01 M M 3.4 13 330 M M 5 1 15 340
11 35 29 32 2 33 0 0.00 M M 2.6 9 330 M M 9 12 10 330
12 48 35 42 12 23 0 T M M 13.5 25 180 M M 10 30 170
13 54 30 42 12 23 0 0.12 M M 8.4 24 150 M M 4 1 37 140
14 52 27 40 10 25 0 0.00 M M 2.0 10 340 M M 1 12 12 340
15 45 25 35 5 30 0 T M M 2.2 8 320 M M 3 12 8 300
16 39 30 35 5 30 0 0.00 M M 2.2 12 310 M M 10 12 12 310
17 44 28 36 6 29 0 0.00 M M 3.7 13 20 M M 6 12 15 50
18 49 19 34 4 31 0 0.00 M M 4.8 15 330 M M 0 16 330
19 46 20 33 3 32 0 0.00 M M 8.4 23 50 M M 0 28 50
20 46 14 30 0 35 0 0.00 M M 1.7 6 130 M M 0 8 140
21 46 27 37 7 28 0 0.00 M M 4.1 16 160 M M 8 19 160
22 40 26 33 3 32 0 0.00 M M 8.5 16 310 M M 8 20 150
23 43 16 30 -1 35 0 0.00 M M 6.0 17 330 M M 3 20 330
24 32 16 24 -7 41 0 0.02 M M 4.3 15 320 M M 6 1 19 310
25 33 13 23 -8 42 0 0.00 M M 6.7 16 320 M M 3 19 320
26 31 8 20 -11 45 0 0.00 M M 12.8 30 160 M M 5 38 170
27 42 26 34 3 31 0 0.00 M M 18.9 36 190 M M 7 45 190
28 40 25 33 2 32 0 0.03 M M 8.0 17 150 M M 8 1 22 150
29 40 25 33 2 32 0 T M M 4.3 14 200 M M 8 1 17 200
30 46 31 39 7 26 0 0.00 M M 11.3 24 190 M M 9 29 200
31 46 33 40 8 25 0 T M M 13.4 25 160 M M 6 33 160
================================================================================
SM 1260 743 940 0 0.57 M 208.7 M 175
================================================================================
AV 42.0 24.8 6.7 FASTST M M 6 MAX(MPH)
MISC ----> 36 190 45 190
================================================================================
NOTES:
# LAST OF SEVERAL OCCURRENCES
COLUMN 17 PEAK WIND IN M.P.H.
PRELIMINARY LOCAL CLIMATOLOGICAL DATA (WS FORM: F-6) , PAGE 2
STATION: KLAMATH FALLS OR
MONTH: JANUARY
YEAR: 2021
LATITUDE: 42 9 N
LONGITUDE: 121 44 W
[TEMPERATURE DATA] [PRECIPITATION DATA] SYMBOLS USED IN COLUMN 16
AVERAGE MONTHLY: 33.4 TOTAL FOR MONTH: 0.57 1 = FOG OR MIST
DPTR FM NORMAL: 3.2 DPTR FM NORMAL: -1.28 2 = FOG REDUCING VISIBILITY
HIGHEST: 54 ON 13 GRTST 24HR 2.96 ON 8- 8 TO 1/4 MILE OR LESS
LOWEST: 8 ON 26 3 = THUNDER
SNOW, ICE PELLETS, HAIL 4 = ICE PELLETS
TOTAL MONTH: M 5 = HAIL
GRTST 24HR M ON M 6 = FREEZING RAIN OR DRIZZLE
GRTST DEPTH: M ON M 7 = DUSTSTORM OR SANDSTORM:
VSBY 1/2 MILE OR LESS
8 = SMOKE OR HAZE
[NO. OF DAYS WITH] [WEATHER - DAYS WITH] 9 = BLOWING SNOW
X = TORNADO
MAX 32 OR BELOW: 2 0.01 INCH OR MORE: 7
MAX 90 OR ABOVE: 0 0.10 INCH OR MORE: 3
MIN 32 OR BELOW: 27 0.50 INCH OR MORE: 0
MIN 0 OR BELOW: 0 1.00 INCH OR MORE: 0
[HDD (BASE 65) ]
TOTAL THIS MO. 940 CLEAR (SCALE 0-3) 6
DPTR FM NORMAL -139 PTCLDY (SCALE 4-7) 19
TOTAL FM JUL 1 3496 CLOUDY (SCALE 8-10) 6
DPTR FM NORMAL -485
[CDD (BASE 65) ]
TOTAL THIS MO. 0
DPTR FM NORMAL 0 [PRESSURE DATA]
TOTAL FM JAN 1 0 HIGHEST SLP 30.57 ON 14
DPTR FM NORMAL 0 LOWEST SLP 29.47 ON 27
[REMARKS]
#FINAL-01-21#