000
CXUS55 KRIW 011010
CF6LND
PRELIMINARY LOCAL CLIMATOLOGICAL DATA (WS FORM: F-6)
STATION: LANDER WY
MONTH: APRIL
YEAR: 2021
LATITUDE: 42 49 N
LONGITUDE: 108 44 W
TEMPERATURE IN F: :PCPN: SNOW: WIND :SUNSHINE: SKY :PK WND
================================================================================
1 2 3 4 5 6A 6B 7 8 9 10 11 12 13 14 15 16 17 18
12Z AVG MX 2MIN
DY MAX MIN AVG DEP HDD CDD WTR SNW DPTH SPD SPD DIR MIN PSBL S-S WX SPD DR
================================================================================
1 67 26 47 7 18 0 0.00 0.0 0 5.4 21 280 M M 0 29 270
2 71 33 52 12 13 0 0.00 0.0 0 5.5 18 290 M M 0 27 290
3 75 37 56 16 9 0 0.00 0.0 0 5.6 20 260 M M 0 27 260
4 76 39 58 17 7 0 0.00 0.0 0 8.0 28 280 M M 0 36 280
5 73 37 55 14 10 0 0.22 0.0 0 10.2 29 210 M M 2 1 45 200
6 39 32 36 -5 29 0 0.67 0.1 0 5.2 12 310 M M 10 1 15 360
7 56 34 45 3 20 0 0.00 0.0 0 4.7 15 240 M M 3 21 130
8 61 31 46 4 19 0 0.01 T 0 10.5 30 320 M M 1 1 42 300
9 49 26 38 -4 27 0 0.08 1.0 1 3.8 15 360 M M 3 12 20 10
10 64 28 46 4 19 0 0.00 0.0 0 8.6 29 310 M M 0 39 290
11 49 27 38 -4 27 0 0.04 T T 6.9 20 20 M M 8 18 26 10
12 34 23 29 -14 36 0 0.28 4.7 5 5.8 16 30 M M 10 1 22 20
13 33 24 29 -14 36 0 T T 1 7.1 15 30 M M 10 21 30
14 27 22 25 -18 40 0 0.43 4.4 2 5.1 12 320 M M 10 12 14 330
15 32 23 28 -16 37 0 0.17 4.8 9 5.6 13 30 M M 10 1 15 20
16 35 25 30 -14 35 0 0.08 0.5 4 5.2 15 30 M M 10 1 19 30
17 51 25 38 -6 27 0 0.00 0.0 2 7.2 17 360 M M 5 22 330
18 61 31 46 2 19 0 0.00 0.0 0 4.7 17 150 M M 1 24 160
19 42 15 29 -16 36 0 0.14 4.6 0 9.2 26 30 M M 9 12 32 30
20 33 10 22 -23 43 0 0.00 0.0 4 3.5 12 240 M M 5 15 230
21 46 24 35 -10 30 0 0.00 0.0 0 5.3 15 140 M M 3 19 220
22 60 25 43 -3 22 0 0.00 0.0 0 5.0 17 20 M M 1 22 20
23 49 29 39 -7 26 0 0.00 0.0 0 5.3 15 320 M M 6 18 320
24 61 26 44 -2 21 0 0.00 0.0 0 6.8 28 260 M M 1 40 230
25 60 37 49 2 16 0 T 0.0 0 5.8 28 240 M M 7 43 220
26 63 37 50 3 15 0 T 0.0 0 7.8 37 210 M M 5 56 210
27 49 34 42 -5 23 0 0.32 T 0 5.0 13 280 M M 8 1 19 310
28 67 31 49 1 16 0 0.00 0.0 0 7.4 22 340 M M 0 29 320
29 73 37 55 7 10 0 0.00 0.0 0 4.5 21 340 M M 0 28 320
30 81 43 62 14 3 0 0.00 0.0 0 4.6 16 230 M M 0 22 230
================================================================================
SM 1637 871 689 0 2.44 20.1 185.3 M 128
================================================================================
AV 54.6 29.0 6.2 FASTST M M 4 MAX(MPH)
MISC ----> 37 210 56 210
================================================================================
NOTES:
# LAST OF SEVERAL OCCURRENCES
COLUMN 17 PEAK WIND IN M.P.H.
PRELIMINARY LOCAL CLIMATOLOGICAL DATA (WS FORM: F-6) , PAGE 2
STATION: LANDER WY
MONTH: APRIL
YEAR: 2021
LATITUDE: 42 49 N
LONGITUDE: 108 44 W
[TEMPERATURE DATA] [PRECIPITATION DATA] SYMBOLS USED IN COLUMN 16
AVERAGE MONTHLY: 41.8 TOTAL FOR MONTH: 2.44 1 = FOG OR MIST
DPTR FM NORMAL: -2.1 DPTR FM NORMAL: 0.57 2 = FOG REDUCING VISIBILITY
HIGHEST: 81 ON 30 GRTST 24HR 0.72 ON 5- 6 TO 1/4 MILE OR LESS
LOWEST: 10 ON 20 3 = THUNDER
SNOW, ICE PELLETS, HAIL 4 = ICE PELLETS
TOTAL MONTH: 20.1 INCHES 5 = HAIL
GRTST 24HR 4.8 ON 15-15 6 = FREEZING RAIN OR DRIZZLE
GRTST DEPTH: 9 ON 15 7 = DUSTSTORM OR SANDSTORM:
VSBY 1/2 MILE OR LESS
8 = SMOKE OR HAZE
[NO. OF DAYS WITH] [WEATHER - DAYS WITH] 9 = BLOWING SNOW
X = TORNADO
MAX 32 OR BELOW: 2 0.01 INCH OR MORE: 11
MAX 90 OR ABOVE: 0 0.10 INCH OR MORE: 7
MIN 32 OR BELOW: 20 0.50 INCH OR MORE: 1
MIN 0 OR BELOW: 0 1.00 INCH OR MORE: 0
[HDD (BASE 65) ]
TOTAL THIS MO. 689 CLEAR (SCALE 0-3) 15
DPTR FM NORMAL 54 PTCLDY (SCALE 4-7) 7
TOTAL FM JUL 1 7062 CLOUDY (SCALE 8-10) 8
DPTR FM NORMAL -191
[CDD (BASE 65) ]
TOTAL THIS MO. 0
DPTR FM NORMAL 0 [PRESSURE DATA]
TOTAL FM JAN 1 0 HIGHEST SLP 30.43 ON 20
DPTR FM NORMAL 0 LOWEST SLP 29.40 ON 26
[REMARKS]
#FINAL-04-21#