000
CXUS53 KOAX 011000
CF6LNK
PRELIMINARY LOCAL CLIMATOLOGICAL DATA (WS FORM: F-6)
STATION: LINCOLN NE
MONTH: AUGUST
YEAR: 2020
LATITUDE: 40 50 N
LONGITUDE: 96 45 W
TEMPERATURE IN F: :PCPN: SNOW: WIND :SUNSHINE: SKY :PK WND
================================================================================
1 2 3 4 5 6A 6B 7 8 9 10 11 12 13 14 15 16 17 18
12Z AVG MX 2MIN
DY MAX MIN AVG DEP HDD CDD WTR SNW DPTH SPD SPD DIR MIN PSBL S-S WX SPD DR
================================================================================
1 85 57 71 -6 0 6 T 0.0 0 6.4 20 340 M M 2 3 26 340
2 82 59 71 -6 0 6 0.00 0.0 0 11.4 22 360 M M 1 29 340
3 76 54 65 -12 0 0 0.00 0.0 0 5.3 14 50 M M 4 20 80
4 75 49 62 -15 3 0 0.00 0.0 0 5.8 13 140 M M 1 17 160
5 81 61 71 -6 0 6 0.40 0.0 0 10.8 20 170 M M 6 13 27 180
6 88 65 77 0 0 12 0.25 0.0 0 11.5 18 170 M M 2 13 24 170
7 85 71 78 1 0 13 0.00 0.0 0 13.6 24 170 M M 5 30 180
8 89 73 81 4 0 16 0.00 0.0 0 13.0 22 160 M M 4 30 180
9 91 75 83 7 0 18 0.19 0.0 0 10.4 29 130 M M 1 13 36 210
10 86 67 77 1 0 12 T 0.0 0 9.5 47 350 M M 0 8 62 340
11 88 64 76 0 0 11 0.00 0.0 0 7.6 18 130 M M 3 24 130
12 85 71 78 2 0 13 0.00 0.0 0 10.1 24 170 M M 1 31 170
13 91 69 80 4 0 15 0.00 0.0 0 9.2 20 160 M M 1 24 170
14 90 69 80 4 0 15 T 0.0 0 8.6 18 150 M M 2 24 170
15 87 59 73 -3 0 8 0.00 0.0 0 6.5 15 50 M M 1 19 50
16 88 61 75 -1 0 10 0.38 0.0 0 6.7 39 30 M M 1 13 50 20
17 85 59 72 -4 0 7 0.00 0.0 0 5.2 14 10 M M 0 20 20
18 83 56 70 -5 0 5 0.00 0.0 0 4.1 9 130 M M 0 14 140
19 85 56 71 -4 0 6 0.00 0.0 0 7.3 15 180 M M 0 25 180
20 87 61 74 -1 0 9 0.00 0.0 0 10.5 18 190 M M 0 24 170
21 91 63 77 2 0 12 0.00 0.0 0 9.0 16 200 M M 0 22 190
22 91 65 78 3 0 13 0.00 0.0 0 7.7 17 220 M M 0 21 220
23 94 67 81 7 0 16 0.00 0.0 0 6.4 14 200 M M 1 17 200
24 95 68 82 8 0 17 0.00 0.0 0 8.0 20 190 M M 0 26 190
25 95 66 81 7 0 16 0.00 0.0 0 10.4 21 180 M M 0 27 180
26 94 63 79 5 0 14 0.00 0.0 0 11.2 25 200 M M 0 33 200
27 95 70 83 10 0 18 0.00 0.0 0 9.3 17 180 M M 0 26 180
28 95 69 82 9 0 17 T 0.0 0 8.8 21 20 M M 1 26 20
29 82 55 69 -4 0 4 0.00 0.0 0 7.1 17 40 M M 0 26 40
30 85 50 68 -5 0 3 0.00 0.0 0 9.2 21 170 M M 1 28 150
31 79 57 68 -4 0 3 0.05 0.0 0 12.2 30 350 M M 2 3 37 350
================================================================================
SM 2703 1949 3 321 1.27 0.0 272.8 M 40
================================================================================
AV 87.2 62.9 8.8 FASTST M M 1 MAX(MPH)
MISC ----> # 47 350 # 62 340
================================================================================
NOTES:
# LAST OF SEVERAL OCCURRENCES
COLUMN 17 PEAK WIND IN M.P.H.
PRELIMINARY LOCAL CLIMATOLOGICAL DATA (WS FORM: F-6) , PAGE 2
STATION: LINCOLN NE
MONTH: AUGUST
YEAR: 2020
LATITUDE: 40 50 N
LONGITUDE: 96 45 W
[TEMPERATURE DATA] [PRECIPITATION DATA] SYMBOLS USED IN COLUMN 16
AVERAGE MONTHLY: 75.0 TOTAL FOR MONTH: 1.27 1 = FOG OR MIST
DPTR FM NORMAL: -0.3 DPTR FM NORMAL: -2.22 2 = FOG REDUCING VISIBILITY
HIGHEST: 95 ON 28,27 GRTST 24HR 0.40 ON 5- 5 TO 1/4 MILE OR LESS
LOWEST: 49 ON 4 3 = THUNDER
SNOW, ICE PELLETS, HAIL 4 = ICE PELLETS
TOTAL MONTH: 0.0 INCH 5 = HAIL
GRTST 24HR 0.0 6 = FREEZING RAIN OR DRIZZLE
GRTST DEPTH: 0 7 = DUSTSTORM OR SANDSTORM:
VSBY 1/2 MILE OR LESS
8 = SMOKE OR HAZE
[NO. OF DAYS WITH] [WEATHER - DAYS WITH] 9 = BLOWING SNOW
X = TORNADO
MAX 32 OR BELOW: 0 0.01 INCH OR MORE: 5
MAX 90 OR ABOVE: 11 0.10 INCH OR MORE: 4
MIN 32 OR BELOW: 0 0.50 INCH OR MORE: 0
MIN 0 OR BELOW: 0 1.00 INCH OR MORE: 0
[HDD (BASE 65) ]
TOTAL THIS MO. 3 CLEAR (SCALE 0-3) 27
DPTR FM NORMAL -2 PTCLDY (SCALE 4-7) 4
TOTAL FM JUL 1 3 CLOUDY (SCALE 8-10) 0
DPTR FM NORMAL -3
[CDD (BASE 65) ]
TOTAL THIS MO. 321
DPTR FM NORMAL -3 [PRESSURE DATA]
TOTAL FM JAN 1 1160 HIGHEST SLP 30.20 ON 17
DPTR FM NORMAL 125 LOWEST SLP 29.61 ON 30
[REMARKS]
#FINAL-08-20#