000
CXUS53 KLMK 010710
CF6LOU
PRELIMINARY LOCAL CLIMATOLOGICAL DATA (WS FORM: F-6)
STATION: LOUISVILLE BOWMAN KY
MONTH: AUGUST
YEAR: 2023
LATITUDE: 38 13 N
LONGITUDE: 85 39 W
TEMPERATURE IN F: :PCPN: SNOW: WIND :SUNSHINE: SKY :PK WND
================================================================================
1 2 3 4 5 6A 6B 7 8 9 10 11 12 13 14 15 16 17 18
12Z AVG MX 2MIN
DY MAX MIN AVG DEP HDD CDD WTR SNW DPTH SPD SPD DIR MIN PSBL S-S WX SPD DR
================================================================================
1 84 58 71 -8 0 6 0.00 M M 3.3 14 60 M M 0 8 18 110
2 79 62 71 -8 0 6 T M M 3.3 10 90 M M 2 15 100
3 84 68 76 -3 0 11 0.60 M M 2.5 9 320 M M 7 1 16 330
4 89 65 77 -2 0 12 0.00 M M 0.9 8 60 M M 2 12 12 320
5 87 69 78 -1 0 13 0.00 M M 7.7 18 160 M M 3 1 24 160
6 87 75 81 3 0 16 0.00 M M 8.3 17 220 M M 5 3 22 240
7 83 67 75 -3 0 10 0.80 M M 10.0 26 300 M M 8 138 36 280
8 82 64 73 -5 0 8 0.00 M M 4.8 14 230 M M 3 1 19 250
9 82 67 75 -3 0 10 0.17 M M 8.0 25 190 M M 4 1 35 180
10 83 68 76 -2 0 11 0.11 M M 5.3 13 280 M M 7 1 17 280
11 87 66 77 -1 0 12 0.00 M M 4.6 14 240 M M 1 21 250
12 90 71 81 3 0 16 0.34 M M 7.1 20 210 M M 1 13 33 280
13 89 71 80 2 0 15 0.03 M M 4.5 10 10 M M 3 13 10
14 83 70 77 -1 0 12 0.51 M M 8.0 17 270 M M 8 13 27 280
15 76 63 70 -8 0 5 0.02 M M 6.8 14 280 M M 7 1 21 290
16 80 63 72 -6 0 7 0.00 M M 2.2 9 260 M M 5 14 250
17 82 61 72 -6 0 7 T M M 7.9 23 200 M M 2 1 30 200
18 79 62 71 -7 0 6 0.00 M M 3.8 10 10 M M 0 15 310
19 82 56 69 -9 0 4 0.00 M M 4.1 9 130 M M 0 1 14 140
20 91 63 77 -1 0 12 0.00 M M 4.7 13 250 M M 0 20 190
21 93 72 83 6 0 18 0.00 M M 1.6 7 20 M M 3 13 360
22 93 73 83 6 0 18 0.00 M M 4.8 12 50 M M 4 18 19 30
23 94 69 82 5 0 17 0.00 M M 3.2 10 280 M M 0 13 280
24 93 74 84 7 0 19 0.00 M M 7.0 17 220 M M 2 8 24 220
25 98 72 85 8 0 20 1.40 M M 6.7 40 10 M M 2 138 67 10
26 88 71 80 4 0 15 0.21 M M 6.3 17 290 M M 3 13 29 280
27 81 69 75 -1 0 10 0.00 M M 8.3 16 40 M M 3 22 40
28 83 62 73 -3 0 8 0.00 M M 6.3 13 20 M M 1 20 30
29 82 59 71 -5 0 6 0.00 M M 3.9 12 20 M M 0 17 320
30 79 60 70 -6 0 5 0.00 M M 7.4 15 20 M M 0 22 20
31 79 56 68 -7 0 3 0.00 M M 7.9 16 80 M M 1 23 60
================================================================================
SM 2642 2046 0 338 4.19 M 171.2 M 87
================================================================================
AV 85.2 66.0 5.5 FASTST M M 3 MAX(MPH)
MISC ----> 40 10 67 10
================================================================================
NOTES:
# LAST OF SEVERAL OCCURRENCES
COLUMN 17 PEAK WIND IN M.P.H.
PRELIMINARY LOCAL CLIMATOLOGICAL DATA (WS FORM: F-6) , PAGE 2
STATION: LOUISVILLE BOWMAN KY
MONTH: AUGUST
YEAR: 2023
LATITUDE: 38 13 N
LONGITUDE: 85 39 W
[TEMPERATURE DATA] [PRECIPITATION DATA] SYMBOLS USED IN COLUMN 16
AVERAGE MONTHLY: 75.6 TOTAL FOR MONTH: 4.19 1 = FOG OR MIST
DPTR FM NORMAL: -2.0 DPTR FM NORMAL: 0.66 2 = FOG REDUCING VISIBILITY
HIGHEST: 98 ON 25 GRTST 24HR 1.61 ON 25-26 TO 1/4 MILE OR LESS
LOWEST: 56 ON 31,19 3 = THUNDER
SNOW, ICE PELLETS, HAIL 4 = ICE PELLETS
TOTAL MONTH: M 5 = HAIL
GRTST 24HR M ON M 6 = FREEZING RAIN OR DRIZZLE
GRTST DEPTH: M ON M 7 = DUSTSTORM OR SANDSTORM:
VSBY 1/2 MILE OR LESS
8 = SMOKE OR HAZE
[NO. OF DAYS WITH] [WEATHER - DAYS WITH] 9 = BLOWING SNOW
X = TORNADO
MAX 32 OR BELOW: 0 0.01 INCH OR MORE: 10
MAX 90 OR ABOVE: 7 0.10 INCH OR MORE: 8
MIN 32 OR BELOW: 0 0.50 INCH OR MORE: 4
MIN 0 OR BELOW: 0 1.00 INCH OR MORE: 1
[HDD (BASE 65) ]
TOTAL THIS MO. 0 CLEAR (SCALE 0-3) 18
DPTR FM NORMAL 0 PTCLDY (SCALE 4-7) 13
TOTAL FM JUL 1 0 CLOUDY (SCALE 8-10) 0
DPTR FM NORMAL 0
[CDD (BASE 65) ]
TOTAL THIS MO. 338
DPTR FM NORMAL -53 [PRESSURE DATA]
TOTAL FM JAN 1 1038 HIGHEST SLP M ON M
DPTR FM NORMAL -271 LOWEST SLP 29.70 ON 10
[REMARKS]
#FINAL-08-23#