000
CXUS54 KCRP 100211
CF6LRD
PRELIMINARY LOCAL CLIMATOLOGICAL DATA (WS FORM: F-6)
STATION: LAREDO
MONTH: JANUARY
YEAR: 2022
LATITUDE: 27 31 N
LONGITUDE: 99 28 W
TEMPERATURE IN F: :PCPN: SNOW: WIND :SUNSHINE: SKY :PK WND
================================================================================
1 2 3 4 5 6A 6B 7 8 9 10 11 12 13 14 15 16 17 18
12Z AVG MX 2MIN
DY MAX MIN AVG DEP HDD CDD WTR SNW DPTH SPD SPD DIR MIN PSBL S-S WX SPD DR
================================================================================
1 94 64 79 23 0 14 0.00 0.0 0 M M M M M 1 1 M M
2 74 33 54 -2 11 0 0.00 0.0 0 M M M M M 0 8 M M
3 63 29 46 -10 19 0 0.00 0.0 0 M M M M M 0 M M
4 72 39 56 0 9 0 0.00 0.0 0 M M M M M 0 M M
5 82 40 61 5 4 0 0.00 0.0 0 M M M M M 1 12 M M
6 86 45 66 10 0 1 0.00 0.0 0 M M M M M 1 M M
7 51 41 46 -10 19 0 T 0.0 0 M M M M M 10 1 M M
8 68 44 56 0 9 0 T 0.0 0 M M M M M 7 1 M M
9 70 56 63 7 2 0 0.05 0.0 0 M M M M M 10 1 M M
10 63 48 56 0 9 0 0.00 0.0 0 M M M M M 7 M M
11 59 46 53 -3 12 0 0.00 0.0 0 M M M M M 8 8 M M
12 64 51 58 1 7 0 0.00 0.0 0 M M M M M 6 M M
13 78 40 59 2 6 0 0.00 0.0 0 M M M M M 2 12 M M
14 85 43 64 7 1 0 0.00 0.0 0 M M M M M 0 M M
15 64 49 57 0 8 0 0.00 0.0 0 M M M M M 0 M M
16 70 34 52 -5 13 0 0.00 0.0 0 M M M M M 0 M M
17 77 37 57 0 8 0 0.00 0.0 0 M M M M M 0 M M
18 80 48 64 6 1 0 0.00 0.0 0 M M M M M 0 M M
19 85 54 70 12 0 5 0.00 0.0 0 M M M M M 1 12 M M
20 65 40 53 -5 12 0 0.00 0.0 0 M M M M M 8 M M
21 51 38 45 -13 20 0 0.00 0.0 0 M M M M M 9 M M
22 51 42 47 -11 18 0 0.00 0.0 0 M M M M M 10 M M
23 59 48 54 -4 11 0 0.00 0.0 0 M M M M M 10 M M
24 56 45 51 -8 14 0 0.05 0.0 0 M M M M M 7 1 M M
25 71 38 55 -4 10 0 0.00 0.0 0 M M M M M 4 12 M M
26 63 52 58 -1 7 0 0.00 0.0 0 M M M M M 10 M M
27 61 50 56 -3 9 0 0.05 0.0 0 M M M M M 10 1 M M
28 58 46 52 -7 13 0 0.08 0.0 0 M M M M M 7 1 M M
29 66 42 54 -6 11 0 0.00 0.0 0 M M M M M 2 M M
30 73 43 58 -2 7 0 0.00 0.0 0 M M M M M 0 M M
31 79 54 67 7 0 2 0.00 0.0 0 M M M M M 3 12 M M
================================================================================
SM 2138 1379 270 22 0.23 0.0 M M 134
================================================================================
AV 69.0 44.5 M FASTST M M 4 MAX(MPH)
MISC ----> M M M M
================================================================================
NOTES:
# LAST OF SEVERAL OCCURRENCES
COLUMN 17 PEAK WIND IN M.P.H.
PRELIMINARY LOCAL CLIMATOLOGICAL DATA (WS FORM: F-6) , PAGE 2
STATION: LAREDO
MONTH: JANUARY
YEAR: 2022
LATITUDE: 27 31 N
LONGITUDE: 99 28 W
[TEMPERATURE DATA] [PRECIPITATION DATA] SYMBOLS USED IN COLUMN 16
AVERAGE MONTHLY: 56.7 TOTAL FOR MONTH: 0.23 1 = FOG OR MIST
DPTR FM NORMAL: -0.8 DPTR FM NORMAL: -0.67 2 = FOG REDUCING VISIBILITY
HIGHEST: 94 ON 1 GRTST 24HR 0.93 ON 24-24 TO 1/4 MILE OR LESS
LOWEST: 29 ON 3 3 = THUNDER
SNOW, ICE PELLETS, HAIL 4 = ICE PELLETS
TOTAL MONTH: 0.0 INCH 5 = HAIL
GRTST 24HR 0.0 6 = FREEZING RAIN OR DRIZZLE
GRTST DEPTH: 0 7 = DUSTSTORM OR SANDSTORM:
VSBY 1/2 MILE OR LESS
8 = SMOKE OR HAZE
[NO. OF DAYS WITH] [WEATHER - DAYS WITH] 9 = BLOWING SNOW
X = TORNADO
MAX 32 OR BELOW: 0 0.01 INCH OR MORE: 4
MAX 90 OR ABOVE: 1 0.10 INCH OR MORE: 0
MIN 32 OR BELOW: 1 0.50 INCH OR MORE: 0
MIN 0 OR BELOW: 0 1.00 INCH OR MORE: 0
[HDD (BASE 65) ]
TOTAL THIS MO. 270 CLEAR (SCALE 0-3) 15
DPTR FM NORMAL 8 PTCLDY (SCALE 4-7) 9
TOTAL FM JUL 1 355 CLOUDY (SCALE 8-10) 7
DPTR FM NORMAL -253
[CDD (BASE 65) ]
TOTAL THIS MO. 22
DPTR FM NORMAL -6 [PRESSURE DATA]
TOTAL FM JAN 1 22 HIGHEST SLP 30.64 ON 10
DPTR FM NORMAL -6 LOWEST SLP 29.57 ON 1
[REMARKS]
#FINAL-01-22#