000
CDUS44 KCRP 290838
CLILRD

CLIMATE REPORT
NATIONAL WEATHER SERVICE CORPUS CHRISTI TX
332 AM CDT SAT APR 29 2017


...................................

...THE LAREDO CLIMATE SUMMARY FOR APRIL 28 2017...

CLIMATE NORMAL PERIOD 1981 TO 2010
CLIMATE RECORD PERIOD 1900 TO 2017


WEATHER ITEM   OBSERVED TIME   RECORD YEAR NORMAL DEPARTURE LAST
                VALUE   (LST)  VALUE       VALUE  FROM      YEAR
                                                  NORMAL
..................................................................
TEMPERATURE (F)
 YESTERDAY
  MAXIMUM        101        MM 112    1937  90     11       96
  MINIMUM         72        MM  44    1997  68      4       71
  AVERAGE         87                        79      8       84

PRECIPITATION (IN)
  YESTERDAY        0.00          2.01 1905   0.06  -0.06     0.00
  MONTH TO DATE    1.48                      1.29   0.19     1.91
  SINCE MAR 1      3.82                      2.41   1.41     5.88
  SINCE JAN 1      4.79                      4.25   0.54     7.77

SNOWFALL (IN)
  YESTERDAY        0.0
  MONTH TO DATE    0.0
  SINCE MAR 1      0.0
  SINCE JUL 1      0.0

DEGREE DAYS
 HEATING
  YESTERDAY        0                         0      0        0
  MONTH TO DATE    0                        12    -12        0
  SINCE MAR 1     16                        81    -65       18
  SINCE JUL 1    396                       925   -529      594

 COOLING
  YESTERDAY       22                        14      8       19
  MONTH TO DATE  361                       314     47      344
  SINCE MAR 1    637                       487    150      601
  SINCE JAN 1    943                       572    371      719
..................................................................


WIND (MPH)
  HIGHEST WIND SPEED    18   HIGHEST WIND DIRECTION    SE (120)
  HIGHEST GUST SPEED    31   HIGHEST GUST DIRECTION    SE (140)
  AVERAGE WIND SPEED     9.1


SKY COVER
  POSSIBLE SUNSHINE  MM
  AVERAGE SKY COVER 0.3


WEATHER CONDITIONS
 THE FOLLOWING WEATHER WAS RECORDED YESTERDAY.
  FOG


RELATIVE HUMIDITY (PERCENT)
 HIGHEST    93           500 AM
 LOWEST     29           500 PM

..........................................................


THE LAREDO CLIMATE NORMALS FOR TODAY
                         NORMAL    RECORD    YEAR
 MAXIMUM TEMPERATURE (F)   90       110      1909
 MINIMUM TEMPERATURE (F)   68        37      1925


SUNRISE AND SUNSET
APRIL 29 2017.........SUNRISE   700 AM CDT   SUNSET   811 PM CDT
APRIL 30 2017.........SUNRISE   659 AM CDT   SUNSET   811 PM CDT


-  INDICATES NEGATIVE NUMBERS.
R  INDICATES RECORD WAS SET OR TIED.
MM INDICATES DATA IS MISSING.
T  INDICATES TRACE AMOUNT.




$$
