000
CDUS44 KCRP 200657
CLILRD

CLIMATE REPORT
NATIONAL WEATHER SERVICE CORPUS CHRISTI TX
156 AM CDT MON OCT 20 2014


...THE LAREDO CLIMATE SUMMARY FOR OCTOBER 19 2014...

CLIMATE NORMAL PERIOD 1981 TO 2010
CLIMATE RECORD PERIOD 1900 TO 2014


WEATHER ITEM   OBSERVED TIME   RECORD YEAR NORMAL DEPARTURE LAST
                VALUE   (LST)  VALUE       VALUE  FROM      YEAR
                                                  NORMAL
..................................................................
TEMPERATURE (F)
 YESTERDAY
  MAXIMUM         85    423 PM  99    2004  86     -1       74
  MINIMUM         71   1155 PM  41    1917  65      6       63
  AVERAGE         78                        75      3       69

PRECIPITATION (IN)
  YESTERDAY        T             1.03 1942   0.07  -0.07     0.00
  MONTH TO DATE    T                         1.52  -1.52     3.61
  SINCE SEP 1      5.80                      4.45   1.35     6.96
  SINCE JAN 1     13.38                     17.44  -4.06    19.83

SNOWFALL (IN)
  YESTERDAY        0.0
  MONTH TO DATE    0.0
  SINCE SEP 1      0.0
  SINCE JUL 1      0.0

DEGREE DAYS
 HEATING
  YESTERDAY        0                         0      0        0
  MONTH TO DATE    0                         0      0        0
  SINCE SEP 1      0                         1     -1        0
  SINCE JUL 1      0                         1     -1        0

 COOLING
  YESTERDAY       13                        11      2        4
  MONTH TO DATE  291                       237     54      262
  SINCE SEP 1    837                       779     58      822
  SINCE JAN 1   4270                      4022    248     4227
..................................................................


WIND (MPH)
  HIGHEST WIND SPEED    17   HIGHEST WIND DIRECTION     E (110)
  HIGHEST GUST SPEED    20   HIGHEST GUST DIRECTION     E (110)
  AVERAGE WIND SPEED     9.6


SKY COVER
  POSSIBLE SUNSHINE  MM
  AVERAGE SKY COVER 0.5


WEATHER CONDITIONS
 THE FOLLOWING WEATHER WAS RECORDED YESTERDAY.
  LIGHT RAIN


RELATIVE HUMIDITY (PERCENT)
 HIGHEST    93           600 AM
 LOWEST     55           400 PM

..........................................................


THE LAREDO CLIMATE NORMALS FOR TODAY
                         NORMAL    RECORD    YEAR
 MAXIMUM TEMPERATURE (F)   86        96      1994
 MINIMUM TEMPERATURE (F)   64        40      1989


SUNRISE AND SUNSET
OCTOBER 20 2014.......SUNRISE   741 AM CDT   SUNSET   704 PM CDT
OCTOBER 21 2014.......SUNRISE   741 AM CDT   SUNSET   703 PM CDT


-  INDICATES NEGATIVE NUMBERS.
R  INDICATES RECORD WAS SET OR TIED.
MM INDICATES DATA IS MISSING.
T  INDICATES TRACE AMOUNT.

$$

TMT
