000
CDUS44 KCRP 220922
CLILRD

CLIMATE REPORT
NATIONAL WEATHER SERVICE CORPUS CHRISTI TX
422 AM CDT MON SEP 22 2014


...................................

...THE LAREDO CLIMATE SUMMARY FOR SEPTEMBER 21 2014...

CLIMATE NORMAL PERIOD 1981 TO 2010
CLIMATE RECORD PERIOD 1900 TO 2014


WEATHER ITEM   OBSERVED TIME   RECORD YEAR NORMAL DEPARTURE LAST
                VALUE   (LST)  VALUE       VALUE  FROM      YEAR
                                                  NORMAL
..................................................................
TEMPERATURE (F)
 YESTERDAY
  MAXIMUM         89    452 PM 110    1926  92     -3       86
  MINIMUM         76    742 AM  57    1983  71      5       72
  AVERAGE         83                        82      1       79

PRECIPITATION (IN)
  YESTERDAY        0.28          1.82 1995   0.09   0.19      T
  MONTH TO DATE    2.30                      2.15   0.15     1.59
  SINCE SEP 1      2.30                      2.15   0.15     1.59
  SINCE JAN 1      9.88                     15.14  -5.26    14.46

SNOWFALL (IN)
  YESTERDAY        0.0
  MONTH TO DATE    0.0
  SINCE SEP 1      0.0
  SINCE JUL 1      0.0

DEGREE DAYS
 HEATING
  YESTERDAY        0                         0      0        0
  MONTH TO DATE    0                         0      0        0
  SINCE SEP 1      0                         0      0        0
  SINCE JUL 1      0                         0      0        0

 COOLING
  YESTERDAY       18                        17      1       14
  MONTH TO DATE  418                       402     16      405
  SINCE SEP 1    418                       402     16      405
  SINCE JAN 1   3851                      3645    206     3810
..................................................................


WIND (MPH)
  HIGHEST WIND SPEED    23   HIGHEST WIND DIRECTION    NE (50)
  HIGHEST GUST SPEED    25   HIGHEST GUST DIRECTION    NE (50)
  AVERAGE WIND SPEED     7.2


SKY COVER
  POSSIBLE SUNSHINE  MM
  AVERAGE SKY COVER 0.4


WEATHER CONDITIONS
 THE FOLLOWING WEATHER WAS RECORDED YESTERDAY.
  RAIN
  LIGHT RAIN
  FOG


RELATIVE HUMIDITY (PERCENT)
 HIGHEST   100           300 AM
 LOWEST     57           500 PM

..........................................................


THE LAREDO CLIMATE NORMALS FOR TODAY
                         NORMAL    RECORD    YEAR
 MAXIMUM TEMPERATURE (F)   92       107      1909
 MINIMUM TEMPERATURE (F)   71        53      1995


SUNRISE AND SUNSET
SEPTEMBER 22 2014.....SUNRISE   726 AM CDT   SUNSET   734 PM CDT
SEPTEMBER 23 2014.....SUNRISE   727 AM CDT   SUNSET   733 PM CDT


-  INDICATES NEGATIVE NUMBERS.
R  INDICATES RECORD WAS SET OR TIED.
MM INDICATES DATA IS MISSING.
T  INDICATES TRACE AMOUNT.




$$
