000
CDUS44 KCRP 280901
CLILRD

CLIMATE REPORT
NATIONAL WEATHER SERVICE CORPUS CHRISTI TX
258 AM CST FRI NOV 28 2014


...................................

...THE LAREDO CLIMATE SUMMARY FOR NOVEMBER 27 2014...

CLIMATE NORMAL PERIOD 1981 TO 2010
CLIMATE RECORD PERIOD 1900 TO 2014


WEATHER ITEM   OBSERVED TIME   RECORD YEAR NORMAL DEPARTURE LAST
                VALUE   (LST)  VALUE       VALUE  FROM      YEAR
                                                  NORMAL
..................................................................
TEMPERATURE (F)
 YESTERDAY
  MAXIMUM         76    356 PM  99    2005  72      4       58
  MINIMUM         46    656 AM  28    1993  51     -5       34
  AVERAGE         61                        61      0       46

PRECIPITATION (IN)
  YESTERDAY        0.00          1.49 1963   0.03  -0.03     0.00
  MONTH TO DATE    1.81                      1.09   0.72     0.40
  SINCE SEP 1      8.09                      6.23   1.86     7.53
  SINCE JAN 1     15.67                     19.22  -3.55    20.40

SNOWFALL (IN)
  YESTERDAY        0.0
  MONTH TO DATE    0.0
  SINCE SEP 1      0.0
  SINCE JUL 1      0.0

DEGREE DAYS
 HEATING
  YESTERDAY        4                         6     -2       19
  MONTH TO DATE  153                        85     68      140
  SINCE SEP 1    153                        97     56      140
  SINCE JUL 1    153                        97     56      140

 COOLING
  YESTERDAY        0                         2     -2        0
  MONTH TO DATE   52                       119    -67      124
  SINCE SEP 1   1033                      1005     28     1076
  SINCE JAN 1   4466                      4248    218     4481
..................................................................


WIND (MPH)
  HIGHEST WIND SPEED    16   HIGHEST WIND DIRECTION    NE (50)
  HIGHEST GUST SPEED    MM   HIGHEST GUST DIRECTION    MM
  AVERAGE WIND SPEED    MM


SKY COVER
  POSSIBLE SUNSHINE  MM
  AVERAGE SKY COVER 0.0


WEATHER CONDITIONS
 THE FOLLOWING WEATHER WAS RECORDED YESTERDAY.
  NO SIGNIFICANT WEATHER WAS OBSERVED.


RELATIVE HUMIDITY (PERCENT)
 HIGHEST    86          1100 PM
 LOWEST     25           400 PM

..........................................................


THE LAREDO CLIMATE NORMALS FOR TODAY
                         NORMAL    RECORD    YEAR
 MAXIMUM TEMPERATURE (F)   72        97      1949
 MINIMUM TEMPERATURE (F)   51        27      1993


SUNRISE AND SUNSET
NOVEMBER 28 2014......SUNRISE   709 AM CST   SUNSET   543 PM CST
NOVEMBER 29 2014......SUNRISE   709 AM CST   SUNSET   543 PM CST


-  INDICATES NEGATIVE NUMBERS.
R  INDICATES RECORD WAS SET OR TIED.
MM INDICATES DATA IS MISSING.
T  INDICATES TRACE AMOUNT.




$$
