000
CDUS44 KCRP 170704
CLILRD

CLIMATE REPORT
NATIONAL WEATHER SERVICE CORPUS CHRISTI TX
204 AM CDT THU APR 17 2014


...THE LAREDO CLIMATE SUMMARY FOR APRIL 16 2014...

CLIMATE NORMAL PERIOD 1981 TO 2010
CLIMATE RECORD PERIOD 1900 TO 2014


WEATHER ITEM   OBSERVED TIME   RECORD YEAR NORMAL DEPARTURE LAST
                VALUE   (LST)  VALUE       VALUE  FROM      YEAR
                                                  NORMAL
..................................................................
TEMPERATURE (F)
 YESTERDAY
  MAXIMUM         79    314 PM 104    1927  88     -9       96
  MINIMUM         48    528 AM  43    1983  64    -16       72
  AVERAGE         64                        76    -12       84

PRECIPITATION (IN)
  YESTERDAY        0.00          2.15 1979   0.05  -0.05     0.00
  MONTH TO DATE    0.03                      0.62  -0.59     0.01
  SINCE MAR 1      1.11                      1.74  -0.63     0.01
  SINCE JAN 1      1.32                      3.58  -2.26     0.76

SNOWFALL (IN)
  YESTERDAY        0.0
  MONTH TO DATE    0.0
  SINCE MAR 1      0.0
  SINCE JUL 1      0.0

DEGREE DAYS
 HEATING
  YESTERDAY        1                         0      1        0
  MONTH TO DATE    5                        12     -7        0
  SINCE MAR 1    104                        81     23       37
  SINCE JUL 1   1095                       925    170      513

 COOLING
  YESTERDAY        0                        11    -11       19
  MONTH TO DATE  171                       161     10      191
  SINCE MAR 1    307                       334    -27      406
  SINCE JAN 1    419                       419      0      560
..................................................................


WIND (MPH)
  HIGHEST WIND SPEED    23   HIGHEST WIND DIRECTION    SE (140)
  HIGHEST GUST SPEED    28   HIGHEST GUST DIRECTION     S (160)
  AVERAGE WIND SPEED    13.1


SKY COVER
  POSSIBLE SUNSHINE  MM
  AVERAGE SKY COVER 0.0


WEATHER CONDITIONS
 THE FOLLOWING WEATHER WAS RECORDED YESTERDAY.
  NO SIGNIFICANT WEATHER WAS OBSERVED.


RELATIVE HUMIDITY (PERCENT)
 HIGHEST    63           600 AM
 LOWEST     29           200 PM

..........................................................


THE LAREDO CLIMATE NORMALS FOR TODAY
                         NORMAL    RECORD    YEAR
 MAXIMUM TEMPERATURE (F)   88       107      1995
 MINIMUM TEMPERATURE (F)   65        45      1999


SUNRISE AND SUNSET
APRIL 17 2014.........SUNRISE   711 AM CDT   SUNSET   804 PM CDT
APRIL 18 2014.........SUNRISE   710 AM CDT   SUNSET   804 PM CDT


-  INDICATES NEGATIVE NUMBERS.
R  INDICATES RECORD WAS SET OR TIED.
MM INDICATES DATA IS MISSING.
T  INDICATES TRACE AMOUNT.


$$

TMT
