000
CDUS44 KCRP 230741
CLILRD

CLIMATE REPORT
NATIONAL WEATHER SERVICE CORPUS CHRISTI TX
239 AM CDT WED JUL 23 2014


...................................

...THE LAREDO CLIMATE SUMMARY FOR JULY 22 2014...

CLIMATE NORMAL PERIOD 1981 TO 2010
CLIMATE RECORD PERIOD 1900 TO 2014


WEATHER ITEM   OBSERVED TIME   RECORD YEAR NORMAL DEPARTURE LAST
                VALUE   (LST)  VALUE       VALUE  FROM      YEAR
                                                  NORMAL
..................................................................
TEMPERATURE (F)
 YESTERDAY
  MAXIMUM        104    509 PM 107    1998 100      4      101
  MINIMUM         79    646 AM  66    1908  77      2       80
  AVERAGE         92                        88      4       91

PRECIPITATION (IN)
  YESTERDAY        0.00          1.20 1919   0.05  -0.05     0.00
  MONTH TO DATE    0.93                      1.60  -0.67     2.44
  SINCE JUN 1      1.48                      3.83  -2.35     4.45
  SINCE JAN 1      6.51                     10.70  -4.19    11.53

SNOWFALL (IN)
  YESTERDAY        0.0
  MONTH TO DATE    0.0
  SINCE JUN 1      0.0
  SINCE JUL 1      0.0

DEGREE DAYS
 HEATING
  YESTERDAY        0                         0      0        0
  MONTH TO DATE    0                         0      0        0
  SINCE JUN 1      0                         0      0        0
  SINCE JUL 1      0                         0      0        0

 COOLING
  YESTERDAY       27                        23      4       26
  MONTH TO DATE  521                       506     15      487
  SINCE JUN 1   1257                      1166     91     1193
  SINCE JAN 1   2382                      2309     73     2394
..................................................................


WIND (MPH)
  HIGHEST WIND SPEED    21   HIGHEST WIND DIRECTION     E (100)
  HIGHEST GUST SPEED    24   HIGHEST GUST DIRECTION     E (110)
  AVERAGE WIND SPEED    10.8


SKY COVER
  POSSIBLE SUNSHINE  MM
  AVERAGE SKY COVER 0.2


WEATHER CONDITIONS
 THE FOLLOWING WEATHER WAS RECORDED YESTERDAY.
  NO SIGNIFICANT WEATHER WAS OBSERVED.


RELATIVE HUMIDITY (PERCENT)
 HIGHEST    85           600 AM
 LOWEST     29           500 PM

..........................................................


THE LAREDO CLIMATE NORMALS FOR TODAY
                         NORMAL    RECORD    YEAR
 MAXIMUM TEMPERATURE (F)  100       109      1994
 MINIMUM TEMPERATURE (F)   77        64      1908


SUNRISE AND SUNSET
JULY 23 2014..........SUNRISE   656 AM CDT   SUNSET   832 PM CDT
JULY 24 2014..........SUNRISE   657 AM CDT   SUNSET   831 PM CDT


-  INDICATES NEGATIVE NUMBERS.
R  INDICATES RECORD WAS SET OR TIED.
MM INDICATES DATA IS MISSING.
T  INDICATES TRACE AMOUNT.

$$

CB
