000
CDUS44 KCRP 010829
CLILRD

CLIMATE REPORT
NATIONAL WEATHER SERVICE CORPUS CHRISTI TX
229 AM CST WED MAR 1 2017


...THE LAREDO CLIMATE SUMMARY FOR FEBRUARY 28 2017...

CLIMATE NORMAL PERIOD 1981 TO 2010
CLIMATE RECORD PERIOD 1900 TO 2017


WEATHER ITEM   OBSERVED TIME   RECORD YEAR NORMAL DEPARTURE LAST
                VALUE   (LST)  VALUE       VALUE  FROM      YEAR
                                                  NORMAL
..................................................................
TEMPERATURE (F)
 YESTERDAY
  MAXIMUM         90    530 PM 100    1940  75     15       85
  MINIMUM         70    356 AM  27    1924  53     17       60
  AVERAGE         80                        64     16       73

PRECIPITATION (IN)
  YESTERDAY        0.00          0.16 1993   0.05  -0.05     0.00
  MONTH TO DATE    0.96                      0.94   0.02     0.01
  SINCE DEC 1      2.59                      2.72  -0.13     2.02
  SINCE JAN 1      0.97                      1.84  -0.87     1.89

SNOWFALL (IN)
  YESTERDAY        0.0
  MONTH TO DATE    0.0
  SINCE DEC 1      0.0
  SINCE JUL 1      0.0

DEGREE DAYS
 HEATING
  YESTERDAY        0                         4     -4        0
  MONTH TO DATE   38                       164   -126       94
  SINCE DEC 1    363                       729   -366      505
  SINCE JUL 1    380                       844   -464      576

 COOLING
  YESTERDAY       15                         3     12        8
  MONTH TO DATE  204                        57    147      102
  SINCE DEC 1    369                       120    249      172
  SINCE JAN 1    306                        85    221      109
..................................................................


WIND (MPH)
  HIGHEST WIND SPEED    14   HIGHEST WIND DIRECTION     S (160)
  HIGHEST GUST SPEED    22   HIGHEST GUST DIRECTION     S (160)
  AVERAGE WIND SPEED     8.3


SKY COVER
  POSSIBLE SUNSHINE  MM
  AVERAGE SKY COVER 0.3


WEATHER CONDITIONS
 THE FOLLOWING WEATHER WAS RECORDED YESTERDAY.
  NO SIGNIFICANT WEATHER WAS OBSERVED.


RELATIVE HUMIDITY (PERCENT)
 HIGHEST    97           400 AM
 LOWEST     32           500 PM

..........................................................


THE LAREDO CLIMATE NORMALS FOR TODAY
                         NORMAL    RECORD    YEAR
 MAXIMUM TEMPERATURE (F)   76       100      1940
 MINIMUM TEMPERATURE (F)   54        26      1922


SUNRISE AND SUNSET
MARCH  1 2017.........SUNRISE   702 AM CST   SUNSET   639 PM CST
MARCH  2 2017.........SUNRISE   701 AM CST   SUNSET   639 PM CST


-  INDICATES NEGATIVE NUMBERS.
R  INDICATES RECORD WAS SET OR TIED.
MM INDICATES DATA IS MISSING.
T  INDICATES TRACE AMOUNT.

$$

TMT
