000
CDUS44 KCRP 010055
CLILRD

CLIMATE REPORT
NATIONAL WEATHER SERVICE CORPUS CHRISTI TX
754 PM CDT TUE MAR 31 2015


...................................

...THE LAREDO CLIMATE SUMMARY FOR MARCH 31 2015...
VALID TODAY AS OF 0500 PM LOCAL TIME.

CLIMATE NORMAL PERIOD 1981 TO 2010
CLIMATE RECORD PERIOD 1900 TO 2015


WEATHER ITEM   OBSERVED TIME   RECORD YEAR NORMAL DEPARTURE LAST
                VALUE   (LST)  VALUE       VALUE  FROM      YEAR
                                                  NORMAL
..................................................................
TEMPERATURE (F)
 TODAY
  MAXIMUM         81    441 PM 102    1974  84     -3       91
  MINIMUM         69    821 AM  27    1987  60      9       66
  AVERAGE         75                        72      3       79

PRECIPITATION (IN)
  TODAY            0.00          0.50 1935   0.02  -0.02     0.00
  MONTH TO DATE    2.57                      1.12   1.45     1.08
  SINCE MAR 1      2.57                      1.12   1.45     1.08
  SINCE JAN 1      3.45                      2.96   0.49     1.29

SNOWFALL (IN)
  TODAY            0.0
  MONTH TO DATE    0.0
  SINCE MAR 1      0.0
  SINCE JUL 1      0.0

DEGREE DAYS
 HEATING
  TODAY            0                         1     -1        0
  MONTH TO DATE  128                        69     59       99
  SINCE MAR 1    128                        69     59       99
  SINCE JUL 1   1063                       913    150     1090

 COOLING
  TODAY           10                         8      2       14
  MONTH TO DATE   91                       173    -82      136
  SINCE MAR 1     91                       173    -82      136
  SINCE JAN 1    139                       258   -119      248
..................................................................


WIND (MPH)
  HIGHEST WIND SPEED    17   HIGHEST WIND DIRECTION    SE (140)
  HIGHEST GUST SPEED    20   HIGHEST GUST DIRECTION    SE (140)


SKY COVER
  POSSIBLE SUNSHINE  MM
  AVERAGE SKY COVER 0.7


WEATHER CONDITIONS
 THE FOLLOWING WEATHER WAS RECORDED TODAY.
  NO SIGNIFICANT WEATHER WAS OBSERVED.


RELATIVE HUMIDITY (PERCENT)
 HIGHEST    84           600 AM
 LOWEST     58           400 PM
 AVERAGE    71

..........................................................


THE LAREDO CLIMATE NORMALS FOR TOMORROW
                         NORMAL    RECORD    YEAR
 MAXIMUM TEMPERATURE (F)   84       102      1939
 MINIMUM TEMPERATURE (F)   61        41      1932


SUNRISE AND SUNSET
MARCH 31 2015.........SUNRISE   730 AM CDT   SUNSET   755 PM CDT
APRIL  1 2015.........SUNRISE   729 AM CDT   SUNSET   755 PM CDT


-  INDICATES NEGATIVE NUMBERS.
R  INDICATES RECORD WAS SET OR TIED.
MM INDICATES DATA IS MISSING.
T  INDICATES TRACE AMOUNT.




$$
