000
CDUS44 KCRP 220026
CLILRD

CLIMATE REPORT
NATIONAL WEATHER SERVICE CORPUS CHRISTI TX
621 PM CST FRI NOV 21 2014


...................................

...THE LAREDO CLIMATE SUMMARY FOR NOVEMBER 21 2014...
VALID TODAY AS OF 600 PM LOCAL TIME.

CLIMATE NORMAL PERIOD 1981 TO 2010
CLIMATE RECORD PERIOD 1900 TO 2014


WEATHER ITEM   OBSERVED TIME   RECORD YEAR NORMAL DEPARTURE LAST
                VALUE   (LST)  VALUE       VALUE  FROM      YEAR
                                                  NORMAL
..................................................................
TEMPERATURE (F)
 TODAY
  MAXIMUM         80    302 PM  93    1909  74      6       85
  MINIMUM         66    707 AM  21    1906  53     13       70
  AVERAGE         73                        64      9       78

PRECIPITATION (IN)
  TODAY            0.00          2.06 1980   0.04  -0.04     0.00
  MONTH TO DATE    1.81                      0.89   0.92     0.10
  SINCE SEP 1      8.09                      6.03   2.06     7.23
  SINCE JAN 1     15.67                     19.02  -3.35    20.10

SNOWFALL (IN)
  TODAY            0.0
  MONTH TO DATE    0.0
  SINCE SEP 1      0.0
  SINCE JUL 1      0.0

DEGREE DAYS
 HEATING
  TODAY            0                         4     -4        0
  MONTH TO DATE  133                        53     80       34
  SINCE SEP 1    133                        65     68       34
  SINCE JUL 1    133                        65     68       34

 COOLING
  TODAY            8                         3      5       13
  MONTH TO DATE   42                       104    -62      124
  SINCE SEP 1   1023                       990     33     1076
  SINCE JAN 1   4456                      4233    223     4481
..................................................................


WIND (MPH)
  HIGHEST WIND SPEED    23   HIGHEST WIND DIRECTION    SE (140)
  HIGHEST GUST SPEED    27   HIGHEST GUST DIRECTION    SE (130)


SKY COVER
  POSSIBLE SUNSHINE  MM
  AVERAGE SKY COVER 0.9


WEATHER CONDITIONS
 THE FOLLOWING WEATHER WAS RECORDED TODAY.
  FOG


RELATIVE HUMIDITY (PERCENT)
 HIGHEST   100          1200 AM
 LOWEST     62           100 PM
 AVERAGE    81

..........................................................


THE LAREDO CLIMATE NORMALS FOR TOMORROW
                         NORMAL    RECORD    YEAR
 MAXIMUM TEMPERATURE (F)   74        92      1909
 MINIMUM TEMPERATURE (F)   53        31      1906


SUNRISE AND SUNSET
NOVEMBER 21 2014......SUNRISE   703 AM CST   SUNSET   544 PM CST
NOVEMBER 22 2014......SUNRISE   704 AM CST   SUNSET   544 PM CST


-  INDICATES NEGATIVE NUMBERS.
R  INDICATES RECORD WAS SET OR TIED.
MM INDICATES DATA IS MISSING.
T  INDICATES TRACE AMOUNT.




$$
