000
CDUS44 KCRP 270655 RRA
CLILRD

CLIMATE REPORT
NATIONAL WEATHER SERVICE CORPUS CHRISTI TX
153 AM CDT MON JUN 27 2016


...................................

...THE LAREDO CLIMATE SUMMARY FOR JUNE 26 2016...

CLIMATE NORMAL PERIOD 1981 TO 2010
CLIMATE RECORD PERIOD 1900 TO 2016


WEATHER ITEM   OBSERVED TIME   RECORD YEAR NORMAL DEPARTURE LAST
                VALUE   (LST)  VALUE       VALUE  FROM      YEAR
                                                  NORMAL
..................................................................
TEMPERATURE (F)
 YESTERDAY
  MAXIMUM        100        MM 110    2012  99      1       98
  MINIMUM         79        MM  60    1974  77      2       75
  AVERAGE         90                        88      2       87

PRECIPITATION (IN)
  YESTERDAY        0.00          1.87 1971   0.08  -0.08     0.00
  MONTH TO DATE    0.90                      1.93  -1.03     1.16
  SINCE JUN 1      0.90                      1.93  -1.03     1.16
  SINCE JAN 1     11.41                      8.80   2.61    19.86

SNOWFALL (IN)
  YESTERDAY        0.0
  MONTH TO DATE    0.0
  SINCE JUN 1      0.0
  SINCE JUL 1      0.0

DEGREE DAYS
 HEATING
  YESTERDAY        0                         0      0        0
  MONTH TO DATE    0                         0      0        0
  SINCE JUN 1      0                         0      0        0
  SINCE JUL 1    594                       926   -332     1064

 COOLING
  YESTERDAY       25                        23      2       22
  MONTH TO DATE  552                       571    -19      516
  SINCE JUN 1    552                       571    -19      516
  SINCE JAN 1   1816                      1714    102     1458
..................................................................


WIND (MPH)
  HIGHEST WIND SPEED    21   HIGHEST WIND DIRECTION    SE (140)
  HIGHEST GUST SPEED    28   HIGHEST GUST DIRECTION    SE (140)
  AVERAGE WIND SPEED    15.6


SKY COVER
  POSSIBLE SUNSHINE  MM
  AVERAGE SKY COVER 0.3


WEATHER CONDITIONS
 THE FOLLOWING WEATHER WAS RECORDED YESTERDAY.
  NO SIGNIFICANT WEATHER WAS OBSERVED.


RELATIVE HUMIDITY (PERCENT)
 HIGHEST    85           300 AM
 LOWEST     35           500 PM

..........................................................


THE LAREDO CLIMATE NORMALS FOR TODAY
                         NORMAL    RECORD    YEAR
 MAXIMUM TEMPERATURE (F)   99       109      1994
 MINIMUM TEMPERATURE (F)   77        60      1974


SUNRISE AND SUNSET
JUNE 27 2016..........SUNRISE   645 AM CDT   SUNSET   837 PM CDT
JUNE 28 2016..........SUNRISE   645 AM CDT   SUNSET   837 PM CDT


-  INDICATES NEGATIVE NUMBERS.
R  INDICATES RECORD WAS SET OR TIED.
MM INDICATES DATA IS MISSING.
T  INDICATES TRACE AMOUNT.

$$

GW
