000
CDUS44 KCRP 300703
CLILRD

CLIMATE REPORT
NATIONAL WEATHER SERVICE CORPUS CHRISTI TX
203 AM CDT WED JUL 30 2014


...................................

...THE LAREDO CLIMATE SUMMARY FOR JULY 29 2014...

CLIMATE NORMAL PERIOD 1981 TO 2010
CLIMATE RECORD PERIOD 1900 TO 2014


WEATHER ITEM   OBSERVED TIME   RECORD YEAR NORMAL DEPARTURE LAST
                VALUE   (LST)  VALUE       VALUE  FROM      YEAR
                                                  NORMAL
..................................................................
TEMPERATURE (F)
 YESTERDAY
  MAXIMUM        105        MM 109    1999 100      5      106
  MINIMUM         76        MM  66    1923  77     -1       79
  AVERAGE         91                        89      2       93

PRECIPITATION (IN)
  YESTERDAY        0.00          1.10 1919   0.05  -0.05     0.00
  MONTH TO DATE    1.34                      1.93  -0.59     2.44
  SINCE JUN 1      1.89                      4.16  -2.27     4.45
  SINCE JAN 1      6.92                     11.03  -4.11    11.53

SNOWFALL (IN)
  YESTERDAY        0.0
  MONTH TO DATE    0.0
  SINCE JUN 1      0.0
  SINCE JUL 1      0.0

DEGREE DAYS
 HEATING
  YESTERDAY        0                         0      0        0
  MONTH TO DATE    0                         0      0        0
  SINCE JUN 1      0                         0      0        0
  SINCE JUL 1      0                         0      0        0

 COOLING
  YESTERDAY       26                        24      2       28
  MONTH TO DATE  708                       668     40      672
  SINCE JUN 1   1444                      1328    116     1378
  SINCE JAN 1   2569                      2471     98     2579
..................................................................


WIND (MPH)
  HIGHEST WIND SPEED    24   HIGHEST WIND DIRECTION     E (110)
  HIGHEST GUST SPEED    32   HIGHEST GUST DIRECTION     E (110)
  AVERAGE WIND SPEED    11.4


SKY COVER
  POSSIBLE SUNSHINE  MM
  AVERAGE SKY COVER 0.0


WEATHER CONDITIONS
 THE FOLLOWING WEATHER WAS RECORDED YESTERDAY.
  NO SIGNIFICANT WEATHER WAS OBSERVED.


RELATIVE HUMIDITY (PERCENT)
 HIGHEST    82           600 AM
 LOWEST     20           500 PM

..........................................................


THE LAREDO CLIMATE NORMALS FOR TODAY
                         NORMAL    RECORD    YEAR
 MAXIMUM TEMPERATURE (F)  100       110      1999
 MINIMUM TEMPERATURE (F)   77        65      1923


SUNRISE AND SUNSET
JULY 30 2014..........SUNRISE   700 AM CDT   SUNSET   828 PM CDT
JULY 31 2014..........SUNRISE   701 AM CDT   SUNSET   827 PM CDT


-  INDICATES NEGATIVE NUMBERS.
R  INDICATES RECORD WAS SET OR TIED.
MM INDICATES DATA IS MISSING.
T  INDICATES TRACE AMOUNT.




$$
