000
CDUS44 KCRP 280646 RRB
CLILRD

CLIMATE REPORT
NATIONAL WEATHER SERVICE CORPUS CHRISTI TX
144 AM CDT FRI AUG 28 2015


...................................

...THE LAREDO CLIMATE SUMMARY FOR AUGUST 27 2015...

CLIMATE NORMAL PERIOD 1981 TO 2010
CLIMATE RECORD PERIOD 1900 TO 2015


WEATHER ITEM   OBSERVED TIME   RECORD YEAR NORMAL DEPARTURE LAST
                VALUE   (LST)  VALUE       VALUE  FROM      YEAR
                                                  NORMAL
..................................................................
TEMPERATURE (F)
 YESTERDAY
  MAXIMUM        100    416 PM 106    1940  99      1      102
  MINIMUM         76    652 AM  61    1973  77     -1       79
  AVERAGE         88                        88      0       91

PRECIPITATION (IN)
  YESTERDAY        0.00          3.15 1974   0.09  -0.09     0.00
  MONTH TO DATE    0.03                      1.49  -1.46     0.49
  SINCE JUN 1      1.29                      5.73  -4.44     2.38
  SINCE JAN 1     19.99                     12.60   7.39     7.41

SNOWFALL (IN)
  YESTERDAY        0.0
  MONTH TO DATE    0.0
  SINCE JUN 1      0.0
  SINCE JUL 1      0.0

DEGREE DAYS
 HEATING
  YESTERDAY        0                         0      0        0
  MONTH TO DATE    0                         0      0        0
  SINCE JUN 1      0                         0      0        0
  SINCE JUL 1      0                         0      0        0

 COOLING
  YESTERDAY       23                        23      0       26
  MONTH TO DATE  697                       641     56      708
  SINCE JUN 1   2056                      2014     42     2207
  SINCE JAN 1   2998                      3157   -159     3332
..................................................................


WIND (MPH)
  HIGHEST WIND SPEED    18   HIGHEST WIND DIRECTION    SE (120)
  HIGHEST GUST SPEED    22   HIGHEST GUST DIRECTION    SE (120)
  AVERAGE WIND SPEED     8.5


SKY COVER
  POSSIBLE SUNSHINE  MM
  AVERAGE SKY COVER 0.2


WEATHER CONDITIONS
 THE FOLLOWING WEATHER WAS RECORDED YESTERDAY.
  NO SIGNIFICANT WEATHER WAS OBSERVED.


RELATIVE HUMIDITY (PERCENT)
 HIGHEST    84           600 AM
 LOWEST     22           500 PM

..........................................................


THE LAREDO CLIMATE NORMALS FOR TODAY
                         NORMAL    RECORD    YEAR
 MAXIMUM TEMPERATURE (F)   98       109      2011
 MINIMUM TEMPERATURE (F)   77        61      1973


SUNRISE AND SUNSET
AUGUST 28 2015........SUNRISE   715 AM CDT   SUNSET   803 PM CDT
AUGUST 29 2015........SUNRISE   715 AM CDT   SUNSET   802 PM CDT


-  INDICATES NEGATIVE NUMBERS.
R  INDICATES RECORD WAS SET OR TIED.
MM INDICATES DATA IS MISSING.
T  INDICATES TRACE AMOUNT.




$$

GW
