000
CDUS44 KCRP 250701
CLILRD

CLIMATE REPORT
NATIONAL WEATHER SERVICE CORPUS CHRISTI TX
201 AM CDT SAT APR 25 2015


...THE LAREDO CLIMATE SUMMARY FOR APRIL 24 2015...

CLIMATE NORMAL PERIOD 1981 TO 2010
CLIMATE RECORD PERIOD 1900 TO 2015


WEATHER ITEM   OBSERVED TIME   RECORD YEAR NORMAL DEPARTURE LAST
                VALUE   (LST)  VALUE       VALUE  FROM      YEAR
                                                  NORMAL
..................................................................
TEMPERATURE (F)
 YESTERDAY
  MAXIMUM         91    337 PM 102    1988  89      2       93
  MINIMUM         72    617 AM  51    2013  67      5       72
  AVERAGE         82                        78      4       83

PRECIPITATION (IN)
  YESTERDAY        0.00          2.25 1949   0.06  -0.06     0.00
  MONTH TO DATE    4.28                      1.05   3.23     0.03
  SINCE MAR 1      6.85                      2.17   4.68     1.11
  SINCE JAN 1      7.73                      4.01   3.72     1.32

SNOWFALL (IN)
  YESTERDAY        0.0
  MONTH TO DATE    0.0
  SINCE MAR 1      0.0
  SINCE JUL 1      0.0

DEGREE DAYS
 HEATING
  YESTERDAY        0                         0      0        0
  MONTH TO DATE    0                        12    -12        5
  SINCE MAR 1    128                        81     47      104
  SINCE JUL 1   1063                       925    138     1095

 COOLING
  YESTERDAY       17                        13      4       18
  MONTH TO DATE  256                       260     -4      272
  SINCE MAR 1    347                       433    -86      408
  SINCE JAN 1    395                       518   -123      520
..................................................................


WIND (MPH)
  HIGHEST WIND SPEED    21   HIGHEST WIND DIRECTION     S (160)
  HIGHEST GUST SPEED    26   HIGHEST GUST DIRECTION    SE (140)
  AVERAGE WIND SPEED    10.2


SKY COVER
  POSSIBLE SUNSHINE  MM
  AVERAGE SKY COVER 0.5


WEATHER CONDITIONS
 THE FOLLOWING WEATHER WAS RECORDED YESTERDAY.
  FOG
  HAZE


RELATIVE HUMIDITY (PERCENT)
 HIGHEST    91          1200 AM
 LOWEST     63           500 PM

..........................................................


THE LAREDO CLIMATE NORMALS FOR TODAY
                         NORMAL    RECORD    YEAR
 MAXIMUM TEMPERATURE (F)   90       107      2011
 MINIMUM TEMPERATURE (F)   67        42      1913


SUNRISE AND SUNSET
APRIL 25 2015.........SUNRISE   704 AM CDT   SUNSET   808 PM CDT
APRIL 26 2015.........SUNRISE   703 AM CDT   SUNSET   809 PM CDT


-  INDICATES NEGATIVE NUMBERS.
R  INDICATES RECORD WAS SET OR TIED.
MM INDICATES DATA IS MISSING.
T  INDICATES TRACE AMOUNT.

$$

TMT
