000
CDUS44 KCRP 282138
CLILRD

CLIMATE REPORT
NATIONAL WEATHER SERVICE CORPUS CHRISTI TX
436 PM CDT THU JUL 28 2016

...................................

...THE LAREDO CLIMATE SUMMARY FOR JULY 28 2016...
VALID AS OF 400 PM LOCAL TIME.

CLIMATE NORMAL PERIOD 1981 TO 2010
CLIMATE RECORD PERIOD 1900 TO 2016


WEATHER ITEM   OBSERVED TIME   RECORD YEAR NORMAL DEPARTURE LAST
                VALUE   (LST)  VALUE       VALUE  FROM      YEAR
                                                  NORMAL
..................................................................
TEMPERATURE (F)
 TODAY
  MAXIMUM         99    300 PM 109    1995 100     -1      106
  MINIMUM         79    400 AM  65    1923  77      2       79
  AVERAGE         89                        89      0       93

PRECIPITATION (IN)
  TODAY            0.00          7.55 1903   0.04  -0.04     0.00
  MONTH TO DATE    0.23                      1.88  -1.65      T
  SINCE JUN 1      2.15                      4.11  -1.96     1.20
  SINCE JAN 1     12.66                     10.98   1.68    19.90

SNOWFALL (IN)
  TODAY            0.0
  MONTH TO DATE    0.0
  SINCE JUN 1      0.0
  SINCE JUL 1      0.0
  SNOW DEPTH       0

DEGREE DAYS
 HEATING
  TODAY            0                         0      0        0
  MONTH TO DATE    0                         0      0        0
  SINCE JUN 1      0                         0      0        0
  SINCE JUL 1      0                         0      0        0

 COOLING
  TODAY           24                        23      1       28
  MONTH TO DATE  728                       644     84      684
  SINCE JUN 1   1371                      1304     67     1284
  SINCE JAN 1   2635                      2447    188     2226
..................................................................


WIND (MPH)
  HIGHEST WIND SPEED    15   HIGHEST WIND DIRECTION    SE (140)
  HIGHEST GUST SPEED    21   HIGHEST GUST DIRECTION    SE (140)


SKY COVER
  POSSIBLE SUNSHINE  MM
  AVERAGE SKY COVER 0.4


WEATHER CONDITIONS
 THE FOLLOWING WEATHER WAS RECORDED TODAY.
  NO SIGNIFICANT WEATHER WAS OBSERVED.


RELATIVE HUMIDITY (PERCENT)
 HIGHEST    85           600 AM
 LOWEST     35           300 PM
 AVERAGE    60

..........................................................


THE LAREDO CLIMATE NORMALS FOR TOMORROW
                         NORMAL    RECORD    YEAR
 MAXIMUM TEMPERATURE (F)  100       109      1999
 MINIMUM TEMPERATURE (F)   77        66      1923


SUNRISE AND SUNSET
JULY 28 2016..........SUNRISE   659 AM CDT   SUNSET   829 PM CDT
JULY 29 2016..........SUNRISE   700 AM CDT   SUNSET   828 PM CDT


-  INDICATES NEGATIVE NUMBERS.
R  INDICATES RECORD WAS SET OR TIED.
MM INDICATES DATA IS MISSING.
T  INDICATES TRACE AMOUNT.




$$
