482
CXUS54 KCRP 012216 CCA
CLMLRD

CLIMATE REPORT...CORRECTION
NATIONAL WEATHER SERVICE CORPUS CHRISTI TX
515 PM CDT WED NOV 1 2017

...................................

...THE LAREDO CLIMATE SUMMARY FOR THE MONTH OF OCTOBER 2017...

CLIMATE NORMAL PERIOD 1981 TO 2010
CLIMATE RECORD PERIOD 1900 TO 2017

WEATHER         OBSERVED          NORMAL  DEPART  LAST YEAR`S
                 VALUE   DATE(S)  VALUE   FROM    VALUE  DATE(S)
                                          NORMAL
................................................................
TEMPERATURE (F)
RECORD
 HIGH             107   10/11/1926
 LOW               28   10/31/1993
HIGHEST            98   10/09        91       7       98  10/05
LOWEST             40   10/29        58     -18       53  10/22
AVG. MAXIMUM     85.3              86.3    -1.0     91.1
AVG. MINIMUM     63.6              65.2    -1.6     68.4
MEAN             74.4              75.8    -1.4     79.7
DAYS MAX >= 90     13              10.7     2.3       21
DAYS MAX <= 32      0               0.0     0.0        0
DAYS MIN <= 32      0               0.0     0.0        0
DAYS MIN <= 0       0               0.0     0.0        0

PRECIPITATION (INCHES)
RECORD
 MAXIMUM         9.27   1971
 MINIMUM         0.00   1979
                        1901
TOTALS           0.29              2.21   -1.92     0.08
DAILY AVG.       0.01              0.07   -0.06     0.00
DAYS >= .01         2               4.4    -2.4        2
DAYS >= .10         1               2.6    -1.6        0
DAYS >= .50         0               1.2    -1.2        0
DAYS >= 1.00        0               0.7    -0.7        0
GREATEST
 24 HR. TOTAL    0.21   10/15 TO 10/15           10/20 TO 10/20


SNOWFALL (INCHES)
RECORDS
 TOTAL            0.0   MM
 24 HR TOTAL      0.0   MM
TOTALS            0.0                MM      MM      0.0
SINCE 7/1         0.0               0.0     0.0      0.0
SNOWDEPTH AVG.      0                MM      MM        0
DAYS >= 1.0         0                MM      MM
GREATEST
 SNOW DEPTH         0   MM                             0
 24 HR TOTAL      0.0   MM                           0.0

DEGREE_DAYS
HEATING TOTAL      23                11      12        0
 SINCE 7/1         23                12      11        0
COOLING TOTAL     324               344     -20      465
 SINCE 1/1       4642              4129     513     4505
.................................................

WIND (MPH)
AVERAGE WIND SPEED              7.5
HIGHEST WIND SPEED/DIRECTION    27/360    DATE  10/27
HIGHEST GUST SPEED/DIRECTION    35/340    DATE  10/27

SKY COVER
AVERAGE SKY COVER           0.30

AVERAGE RH (PERCENT)     65

WEATHER CONDITIONS. NUMBER OF DAYS WITH
THUNDERSTORM              3     MIXED PRECIP               0
HEAVY RAIN                1     RAIN                       0
LIGHT RAIN                8     FREEZING RAIN              0
LT FREEZING RAIN          0     HAIL                       0
HEAVY SNOW                0     SNOW                       0
LIGHT SNOW                0     SLEET                      0
FOG                       2     FOG W/VIS <= 1/4 MILE      0
HAZE                      0

-  INDICATES NEGATIVE NUMBERS.
R  INDICATES RECORD WAS SET OR TIED.
MM INDICATES DATA IS MISSING.
T  INDICATES TRACE AMOUNT.

$$

ANM...CORRECTED FOR RECORD MIN RAINFALL.
