000
CXUS54 KCRP 011617
CLMLRD

CLIMATE REPORT
NATIONAL WEATHER SERVICE CORPUS CHRISTI TX
1040 AM CDT SAT JUL 1 2017

...................................

...THE LAREDO CLIMATE SUMMARY FOR THE MONTH OF JUNE 2017...

CLIMATE NORMAL PERIOD 1981 TO 2010
CLIMATE RECORD PERIOD 1900 TO 2017

WEATHER         OBSERVED          NORMAL  DEPART  LAST YEAR`S
                 VALUE   DATE(S)  VALUE   FROM    VALUE  DATE(S)
                                          NORMAL
................................................................
TEMPERATURE (F)
RECORD
 HIGH             115   06/11/1942
 LOW               48   06/22/2001
HIGHEST           109   06/23       101       8      104  06/18
                                                          06/15
LOWEST             70   06/04        73      -3       66  06/06
                                                          06/02
AVG. MAXIMUM     99.4              98.1     1.3     97.8
AVG. MINIMUM     75.5              75.9    -0.4     74.6
MEAN             87.5              87.0     0.5     86.2
DAYS MAX >= 90     30              28.1     1.9       29
DAYS MAX <= 32      0               0.0     0.0        0
DAYS MIN <= 32      0               0.0     0.0        0
DAYS MIN <= 0       0               0.0     0.0        0

PRECIPITATION (INCHES)
RECORD
 MAXIMUM        12.29   1973
 MINIMUM         0.00   1980
TOTALS           0.96              2.23   -1.27     1.92
DAILY AVG.       0.03              0.07   -0.04     0.06
DAYS >= .01         4               5.1    -1.1        5
DAYS >= .10         3               3.1    -0.1        2
DAYS >= .50         1               1.5    -0.5        2
DAYS >= 1.00        0               0.7    -0.7        1
GREATEST
 24 HR. TOTAL    0.63   06/26 TO 06/26           06/28 TO 06/29

SNOWFALL (INCHES)
RECORDS
 TOTAL             MM   MM
 24 HR TOTAL       MM
TOTALS            0.0                MM      MM      0.0
SINCE 7/1         0.0               0.0     0.0      0.0
SNOWDEPTH AVG.      0                MM      MM        0
DAYS >= 1.0         0                MM      MM
GREATEST
 SNOW DEPTH         0   MM                             0
 24 HR TOTAL      0.0   MM                           0.0

DEGREE_DAYS
HEATING TOTAL       0                 0       0        0
 SINCE 7/1        396               926    -530      594
COOLING TOTAL     682               660      22      643
 SINCE 1/1       2205              1803     402     1907
.................................................

WIND (MPH)
AVERAGE WIND SPEED              10.9
HIGHEST WIND SPEED/DIRECTION    27/060    DATE  06/24
HIGHEST GUST SPEED/DIRECTION    38/060    DATE  06/24

SKY COVER
AVERAGE SKY COVER        0.20

AVERAGE RH (PERCENT)     61

WEATHER CONDITIONS. NUMBER OF DAYS WITH
THUNDERSTORM              5     MIXED PRECIP               0
HEAVY RAIN                1     RAIN                       1
LIGHT RAIN                6     FREEZING RAIN              0
LT FREEZING RAIN          0     HAIL                       0
HEAVY SNOW                0     SNOW                       0
LIGHT SNOW                0     SLEET                      0
FOG                       1     FOG W/VIS <= 1/4 MILE      0
HAZE                      0

-  INDICATES NEGATIVE NUMBERS.
R  INDICATES RECORD WAS SET OR TIED.
MM INDICATES DATA IS MISSING.
T  INDICATES TRACE AMOUNT.

$$

KW
