000
CXUS54 KCRP 061928
CLMLRD

CLIMATE REPORT
NATIONAL WEATHER SERVICE CORPUS CHRISTI TX
228 PM CDT MON JUN 6 2016

...................................

...THE LAREDO CLIMATE SUMMARY FOR THE MONTH OF MAY 2016...

CLIMATE NORMAL PERIOD 1981 TO 2010
CLIMATE RECORD PERIOD 1900 TO 2016

WEATHER         OBSERVED          NORMAL  DEPART  LAST YEAR`S
                 VALUE   DATE(S)  VALUE   FROM    VALUE  DATE(S)
                                          NORMAL
................................................................
TEMPERATURE (F)
RECORD
 HIGH             115   05/07/1927
 LOW               37   05/07/1917
                        05/01/1908
HIGHEST           102   05/27        98       4      100  05/09
LOWEST             60   05/04        68      -8       59  05/01
AVG. MAXIMUM     91.0              93.5    -2.5     89.4
AVG. MINIMUM     71.2              71.5    -0.3     71.8
MEAN             81.1              82.5    -1.4     80.6
DAYS MAX >= 90     24              22.1     1.9       17
DAYS MAX <= 32      0               0.0     0.0        0
DAYS MIN <= 32      0               0.0     0.0        0
DAYS MIN <= 0       0               0.0     0.0        0

PRECIPITATION (INCHES)
RECORD
 MAXIMUM        11.48   1972
 MINIMUM         0.00   1998
TOTALS           2.74              2.49    0.25     9.74
DAILY AVG.       0.09              0.08    0.01     0.31
DAYS >= .01         8               5.3     2.7       10
DAYS >= .10         6               3.2     2.8        5
DAYS >= .50         1               1.6    -0.6        4
DAYS >= 1.00        0               0.7    -0.7        4
GREATEST
 24 HR. TOTAL    0.75   05/19 TO 05/19           05/30 TO 05/30

DEGREE_DAYS
HEATING TOTAL       0                 0       0        0
 SINCE 7/1        594               926    -332     1064
COOLING TOTAL     505               543     -38      491
 SINCE 1/1       1264              1143     121      942
.................................................

WIND (MPH)
AVERAGE WIND SPEED              11.1
HIGHEST WIND SPEED/DIRECTION    25/130    DATE  05/07
HIGHEST GUST SPEED/DIRECTION    38/120    DATE  05/24

SKY COVER
AVERAGE SKY COVER           0.50

AVERAGE RH (PERCENT)     68

WEATHER CONDITIONS. NUMBER OF DAYS WITH
THUNDERSTORM             11     MIXED PRECIP               0
HEAVY RAIN                6     RAIN                       7
LIGHT RAIN               14     FREEZING RAIN              0
LT FREEZING RAIN          0     HAIL                       0
HEAVY SNOW                0     SNOW                       0
LIGHT SNOW                0     SLEET                      0
FOG                       8     FOG W/VIS <= 1/4 MILE      0
HAZE                      7

-  INDICATES NEGATIVE NUMBERS.
R  INDICATES RECORD WAS SET OR TIED.
MM INDICATES DATA IS MISSING.
T  INDICATES TRACE AMOUNT.

$$

ANM
