000
CXUS54 KCRP 011813
CLMLRD

CLIMATE REPORT
NATIONAL WEATHER SERVICE CORPUS CHRISTI TX
1140 AM CST MON FEB 1 2016

...................................

...THE LAREDO CLIMATE SUMMARY FOR THE MONTH OF JANUARY 2016...

CLIMATE NORMAL PERIOD 1981 TO 2010
CLIMATE RECORD PERIOD 1900 TO 2016

WEATHER         OBSERVED          NORMAL  DEPART  LAST YEAR`S
                 VALUE   DATE(S)  VALUE   FROM    VALUE  DATE(S)
                                          NORMAL
................................................................
TEMPERATURE (F)
RECORD
 HIGH              98   01/17/1936
                        01/18/1914
 LOW               15   01/12/1909
HIGHEST            88   01/31        69      19       86  01/20
LOWEST             34   01/10        43      -9       33  01/10
AVG. MAXIMUM     68.2              67.0     1.2     62.7
AVG. MINIMUM     44.7              46.1    -1.4     43.2
MEAN             56.4              56.5    -0.1     53.0
DAYS MAX >= 90      0               0.1    -0.1        0
DAYS MAX <= 32      0               0.0     0.0        0
DAYS MIN <= 32      0               2.0    -2.0        0
DAYS MIN <= 0       0               0.0     0.0        0

PRECIPITATION (INCHES)
RECORD
 MAXIMUM         5.25   1958
 MINIMUM         0.00   1914
                        1912
                        1909
TOTALS           1.88              0.90    0.98     0.59
DAILY AVG.       0.06              0.03    0.03     0.02
DAYS >= .01         3               5.9    -2.9        9
DAYS >= .10         2               2.2    -0.2        2
DAYS >= .50         2               0.5     1.5        0
DAYS >= 1.00        1               0.1     0.9        0
GREATEST
 24 HR. TOTAL    1.21   01/02 TO 01/02           01/10 TO 01/10


SNOWFALL (INCHES)
RECORDS
 TOTAL             MM   MM
 24 HR TOTAL       MM
TOTALS            0.0                MM      MM      0.0
SINCE 7/1         0.0               0.0     0.0      0.0
SNOWDEPTH AVG.      0                MM      MM        0
DAYS >= 1.0         0                MM      MM
GREATEST
 SNOW DEPTH         0   MM                             0
 24 HR TOTAL      0.0   MM                           0.0

DEGREE_DAYS
HEATING TOTAL     264               289     -25      376
 SINCE 7/1        482               679    -197      714
COOLING TOTAL       7                28     -21        9
 SINCE 1/1          7                31     -24        9
.................................................

WIND (MPH)
AVERAGE WIND SPEED              7.9
HIGHEST WIND SPEED/DIRECTION    32/300    DATE  01/21
HIGHEST GUST SPEED/DIRECTION    53/300    DATE  01/21

SKY COVER
AVERAGE SKY COVER           0.30

AVERAGE RH (PERCENT)     65

WEATHER CONDITIONS. NUMBER OF DAYS WITH
THUNDERSTORM              0     MIXED PRECIP               0
HEAVY RAIN                2     RAIN                       2
LIGHT RAIN                6     FREEZING RAIN              0
LT FREEZING RAIN          0     HAIL                       0
HEAVY SNOW                0     SNOW                       0
LIGHT SNOW                0     SLEET                      0
FOG                      12     FOG W/VIS <= 1/4 MILE      5
HAZE                      1

-  INDICATES NEGATIVE NUMBERS.
R  INDICATES RECORD WAS SET OR TIED.
MM INDICATES DATA IS MISSING.
T  INDICATES TRACE AMOUNT.

$$

ANM
