400
CXUS54 KCRP 011814
CLMLRD

CLIMATE REPORT
NATIONAL WEATHER SERVICE CORPUS CHRISTI TX
1140 AM CST THU FEB 1 2018

...................................

...THE LAREDO CLIMATE SUMMARY FOR THE MONTH OF JANUARY 2018...

CLIMATE NORMAL PERIOD 1981 TO 2010
CLIMATE RECORD PERIOD 1900 TO 2018

WEATHER         OBSERVED          NORMAL  DEPART  LAST YEAR`S
                 VALUE   DATE(S)  VALUE   FROM    VALUE  DATE(S)
                                          NORMAL
................................................................
TEMPERATURE (F)
RECORD
 HIGH              98   01/17/1936
                        01/18/1914
 LOW               15   01/12/1909
HIGHEST            80   01/10        69      11       94  01/24
                                                          01/21
LOWEST             28   01/03        43     -15       25  01/08
AVG. MAXIMUM     65.5              67.0    -1.5     75.9
AVG. MINIMUM     42.2              46.1    -3.9     50.7
MEAN             53.9              56.5    -2.6     63.3
DAYS MAX >= 90      0               0.1    -0.1        2
DAYS MAX <= 32      0               0.0     0.0        0
DAYS MIN <= 32      6               2.0     4.0        3
DAYS MIN <= 0       0               0.0     0.0        0

PRECIPITATION (INCHES)
RECORD
 MAXIMUM         5.25   1958
 MINIMUM         0.00   1914
                        1912
                        1909
TOTALS           0.20              0.90   -0.70     0.01
DAILY AVG.       0.01              0.03   -0.02     0.00
DAYS >= .01         5               5.9    -0.9        1
DAYS >= .10         0               2.2    -2.2        0
DAYS >= .50         0               0.5    -0.5        0
DAYS >= 1.00        0               0.1    -0.1        0
GREATEST
 24 HR. TOTAL    0.09   01/16 TO 01/16           01/17 TO 01/17


SNOWFALL (INCHES)
RECORDS
 TOTAL             MM   MM
 24 HR TOTAL       MM
TOTALS              T                MM      MM      0.0
SINCE 7/1         1.3               0.0     1.3      0.0
SNOWDEPTH AVG.      0                MM      MM        0
DAYS >= 1.0         0                MM      MM
GREATEST
 SNOW DEPTH         0   MM                             0
 24 HR TOTAL        T   01/16 TO 01/16               0.0

DEGREE_DAYS
HEATING TOTAL     342               289      53      146
 SINCE 7/1        724               679      45      342
COOLING TOTAL       3                28     -25      102
 SINCE 1/1          3                31     -28      102
........................................................

WIND (MPH)
AVERAGE WIND SPEED              MM
HIGHEST WIND SPEED/DIRECTION    MM        DATE   MM
HIGHEST GUST SPEED/DIRECTION    MM        DATE   MM

SKY COVER
AVERAGE SKY COVER           0.40

AVERAGE RH (PERCENT)     63

WEATHER CONDITIONS. NUMBER OF DAYS WITH
THUNDERSTORM              0     MIXED PRECIP               0
HEAVY RAIN                0     RAIN                       1
LIGHT RAIN                6     FREEZING RAIN              0
LT FREEZING RAIN          1     HAIL                       0
HEAVY SNOW                0     SNOW                       0
LIGHT SNOW                0     SLEET                      2
FOG                      10     FOG W/VIS <= 1/4 MILE      3
HAZE                      0

-  INDICATES NEGATIVE NUMBERS.
R  INDICATES RECORD WAS SET OR TIED.
MM INDICATES DATA IS MISSING.
T  INDICATES TRACE AMOUNT.

$$

88
