000
CXUS53 KARX 010713
CLMLSE
CLIMATE REPORT
NATIONAL WEATHER SERVICE LA CROSSE WI
213 AM CDT MON MAY 01 2023
...................................
...THE LA CROSSE WI CLIMATE SUMMARY FOR THE MONTH OF APRIL 2023...
CLIMATE NORMAL PERIOD 1991 TO 2020
CLIMATE RECORD PERIOD 1872 TO 2023
WEATHER OBSERVED NORMAL DEPART LAST YEAR`S
VALUE DATE(S) VALUE FROM VALUE DATE(S)
NORMAL
................................................................
TEMPERATURE (F)
RECORD
HIGH 93 04/22/1980
04/29/1910
LOW 7 04/06/1982
04/01/1924
HIGHEST 90 04/12 76 04/23
LOWEST 25 04/06 23 04/01
AVG. MAXIMUM 59.5 59.6 -0.1 53.4
AVG. MINIMUM 38.5 38.4 0.1 35.5
MEAN 49.0 49.0 0.0 44.5
DAYS MAX >= 90 1 0.2 0.8 0
DAYS MAX <= 32 0 0.2 -0.2 0
DAYS MIN <= 32 11 8.2 2.8 12
DAYS MIN <= 0 0 0.0 0.0 0
PRECIPITATION (INCHES)
RECORD
MAXIMUM 7.31 1973
TOTALS 3.12 3.75 -0.63 3.27
DAYS >= .01 13 12.2 0.8 13
DAYS >= .10 8 7.2 0.8 8
DAYS >= .50 3 2.5 0.5 2
DAYS >= 1.00 0 1.2 -1.2 0
GREATEST
24 HR. TOTAL 1.59 03/31 TO 03/31 0.93 04/29 TO 04/30
SNOWFALL (INCHES)
RECORDS
TOTAL 19.0 2018
SNOW DEPTH 16 04/10/1973
TOTALS 9.6 2.9 6.7 1.0
SINCE 7/1 63.7 46.3 17.4 MM
SNOWDEPTH AVG. 0 0
DAYS >= TRACE 6 2.0 4.0 8
DAYS >= 1.0 2 0.9 1.1 0
GREATEST
SNOW DEPTH 9 04/17 1 04/08
DEGREE DAYS
HEATING TOTAL 505 486 19 610
SINCE 7/1 6482 6581 -99 MM
COOLING TOTAL 32 6 26 0
SINCE 1/1 32 7 25 MM
................................................................
WIND (MPH)
AVERAGE WIND SPEED 11.1
HIGHEST WIND SPEED/DIRECTION 29/270 DATE 04/05
29/130 04/19
29/320 04/30
HIGHEST GUST SPEED/DIRECTION 48/120 DATE 04/19
AVERAGE RH (PERCENT) 57
WEATHER CONDITIONS. NUMBER OF DAYS WITH
THUNDERSTORM 2 MIXED PRECIP 0
HEAVY RAIN 1 RAIN 2
LIGHT RAIN 11 FREEZING RAIN 0
LT FREEZING RAIN 0 HAIL 0
HEAVY SNOW 0 SNOW 1
LIGHT SNOW 6 SLEET 0
FOG 11 FOG W/VIS <= 1/4 MILE 0
HAZE 1
- INDICATES NEGATIVE NUMBERS.
R INDICATES RECORD WAS SET OR TIED.
MM INDICATES DATA IS MISSING.
T INDICATES TRACE AMOUNT.
$$
BOYNE