000
CXUS56 KMTR 011100
CF6LVK
PRELIMINARY LOCAL CLIMATOLOGICAL DATA (WS FORM: F-6)
STATION: LIVERMORE AIRPORT
MONTH: NOVEMBER
YEAR: 2021
LATITUDE: 37 42 N
LONGITUDE: 121 49 W
TEMPERATURE IN F: :PCPN: SNOW: WIND :SUNSHINE: SKY :PK WND
================================================================================
1 2 3 4 5 6A 6B 7 8 9 10 11 12 13 14 15 16 17 18
12Z AVG MX 2MIN
DY MAX MIN AVG DEP HDD CDD WTR SNW DPTH SPD SPD DIR MIN PSBL S-S WX SPD DR
================================================================================
1 66 55 61 2 4 0 0.12 M M 3.4 13 200 M M 7 1 17 220
2 67 56 62 4 3 0 0.01 M M 2.1 9 60 M M 7 18 13 80
3 75 49 62 4 3 0 0.00 M M 1.2 7 280 M M 2 12 8 310
4 68 50 59 1 6 0 0.03 M M 3.9 13 250 M M 4 1 16 260
5 68 46 57 0 8 0 0.00 M M 3.2 15 280 M M 3 12 18 270
6 65 47 56 -1 9 0 0.00 M M 4.1 18 310 M M 2 23 310
7 63 41 52 -4 13 0 0.00 M M 2.7 13 60 M M 0 15 60
8 63 40 52 -4 13 0 0.14 M M 3.6 14 230 M M 3 17 230
9 67 52 60 4 5 0 0.35 M M 5.5 16 40 M M 7 1 22 30
10 68 51 60 4 5 0 0.00 M M 1.6 7 40 M M 5 1 8 40
11 69 48 59 4 6 0 0.00 M M 4.4 15 80 M M 0 18 80
12 70 47 59 4 6 0 0.00 M M 3.1 15 60 M M 0 1 17 60
13 73 44 59 5 6 0 0.00 M M 3.8 17 90 M M 0 1 20 90
14 61 46 54 0 11 0 0.00 M M 5.3 16 70 M M 3 12 21 80
15 62 47 55 1 10 0 0.00 M M 2.0 9 80 M M 4 12 12 90
16 64 46 55 2 10 0 0.00 M M 3.6 13 300 M M 3 1 16 300
17 61 41 51 -2 14 0 0.00 M M 4.3 14 80 M M 0 1 19 80
18 63 42 53 0 12 0 0.00 M M 1.0 12 80 M M 1 18 13 80
19 63 49 56 4 9 0 0.06 M M 2.9 12 60 M M 9 18 15 80
20 66 42 54 2 11 0 0.00 M M 3.9 13 40 M M 3 16 50
21 63 38 51 -1 14 0 0.00 M M 5.1 16 60 M M 0 20 70
22 66 39 53 1 12 0 0.00 M M 3.4 15 70 M M 0 18 17 80
23 65 39 52 1 13 0 0.00 M M 2.4 15 10 M M 0 18 19 360
24 63 40 52 1 13 0 0.00 M M 8.8 21 80 M M 0 26 80
25 63 37 50 -1 15 0 0.00 M M 3.0 13 80 M M 0 18 15 90
26 66 40 53 3 12 0 0.00 M M 2.6 12 60 M M 0 18 15 60
27 67 40 54 4 11 0 0.00 M M 3.4 13 80 M M 0 1 15 80
28 66 41 54 4 11 0 0.00 M M 4.0 14 80 M M 0 18 17 70
29 68 39 54 4 11 0 0.00 M M 3.6 14 90 M M 0 18 17 90
30 73 40 57 7 8 0 0.00 M M 3.8 14 70 M M 0 16 70
================================================================================
SM 1982 1332 284 0 0.71 M 105.7 M 63
================================================================================
AV 66.1 44.4 3.5 FASTST M M 2 MAX(MPH)
MISC ----> 21 80 26 80
================================================================================
NOTES:
# LAST OF SEVERAL OCCURRENCES
COLUMN 17 PEAK WIND IN M.P.H.
PRELIMINARY LOCAL CLIMATOLOGICAL DATA (WS FORM: F-6) , PAGE 2
STATION: LIVERMORE AIRPORT
MONTH: NOVEMBER
YEAR: 2021
LATITUDE: 37 42 N
LONGITUDE: 121 49 W
[TEMPERATURE DATA] [PRECIPITATION DATA] SYMBOLS USED IN COLUMN 16
AVERAGE MONTHLY: 55.2 TOTAL FOR MONTH: 0.71 1 = FOG OR MIST
DPTR FM NORMAL: 1.4 DPTR FM NORMAL: -0.97 2 = FOG REDUCING VISIBILITY
HIGHEST: 75 ON 3 GRTST 24HR 0.49 ON 8- 9 TO 1/4 MILE OR LESS
LOWEST: 37 ON 25 3 = THUNDER
SNOW, ICE PELLETS, HAIL 4 = ICE PELLETS
TOTAL MONTH: M 5 = HAIL
GRTST 24HR M ON M 6 = FREEZING RAIN OR DRIZZLE
GRTST DEPTH: M ON M 7 = DUSTSTORM OR SANDSTORM:
VSBY 1/2 MILE OR LESS
8 = SMOKE OR HAZE
[NO. OF DAYS WITH] [WEATHER - DAYS WITH] 9 = BLOWING SNOW
X = TORNADO
MAX 32 OR BELOW: 0 0.01 INCH OR MORE: 6
MAX 90 OR ABOVE: 0 0.10 INCH OR MORE: 3
MIN 32 OR BELOW: 0 0.50 INCH OR MORE: 0
MIN 0 OR BELOW: 0 1.00 INCH OR MORE: 0
[HDD (BASE 65) ]
TOTAL THIS MO. 284 CLEAR (SCALE 0-3) 23
DPTR FM NORMAL -54 PTCLDY (SCALE 4-7) 6
TOTAL FM JUL 1 394 CLOUDY (SCALE 8-10) 1
DPTR FM NORMAL -65
[CDD (BASE 65) ]
TOTAL THIS MO. 0
DPTR FM NORMAL -1 [PRESSURE DATA]
TOTAL FM JAN 1 1089 HIGHEST SLP 30.39 ON 25
DPTR FM NORMAL 240 LOWEST SLP 29.94 ON 8
[REMARKS]
#FINAL-11-21#