000
CXUS55 KBYZ 032144
CF6LVM
PRELIMINARY LOCAL CLIMATOLOGICAL DATA (WS FORM: F-6)
STATION: LIVINGSTON MT
MONTH: NOVEMBER
YEAR: 2021
LATITUDE: 45 41 N
LONGITUDE: 110 26 W
TEMPERATURE IN F: :PCPN: SNOW: WIND :SUNSHINE: SKY :PK WND
================================================================================
1 2 3 4 5 6A 6B 7 8 9 10 11 12 13 14 15 16 17 18
12Z AVG MX 2MIN
DY MAX MIN AVG DEP HDD CDD WTR SNW DPTH SPD SPD DIR MIN PSBL S-S WX SPD DR
================================================================================
1 41 19 30 -10 35 0 0.00 M M 8.6 18 70 M M 5 22 80
2 54 17 36 -3 29 0 0.00 M M 10.2 23 230 M M 5 26 240
3 63 31 47 8 18 0 0.00 M M 19.7 35 260 M M 1 48 260
4 66 38 52 13 13 0 T M M 21.6 44 210 M M 2 51 200
5 60 44 52 14 13 0 0.00 M M 24.1 38 210 M M 2 47 210
6 56 42 49 11 16 0 T M M 15.8 35 210 M M 7 43 210
7 46 24 35 -3 30 0 0.14 M M 9.9 26 260 M M 8 1 34 320
8 49 17 33 -5 32 0 0.00 M M 11.1 26 210 M M 0 30 220
9 54 15 35 -2 30 0 T M M 11.3 37 210 M M 6 46 210
10 44 32 38 1 27 0 T M M 19.0 37 250 M M 7 1 44 260
11 39 28 34 -3 31 0 T M M 15.5 26 230 M M 7 1 32 260
12 57 31 44 8 21 0 T M M 26.8 51 220 M M 5 64 210
13 57 45 51 15 14 0 0.00 M M 20.8 45 220 M M 7 56 220
14 65 44 55 19 10 0 T M M 33.5 51 220 M M 5 65 220
15 63 54 59 24 6 0 0.00 M M 40.3 56 210 M M 0 68 210
16 58 25 42 7 23 0 T M M 26.6 44 270 M M 7 55 270
17 36 17 27 -8 38 0 0.00 M M 17.2 30 270 M M 2 36 250
18 49 15 32 -2 33 0 0.00 M M 20.3 40 210 M M 1 52 220
19 54 39 47 13 18 0 0.01 M M 24.0 41 200 M M 6 50 200
20 45 34 40 6 25 0 0.09 M M 16.4 31 250 M M 4 1 37 250
21 50 24 37 4 28 0 0.00 M M 26.0 43 210 M M 2 56 210
22 56 40 48 15 17 0 0.00 M M 34.8 49 210 M M 0 65 210
23 52 25 39 6 26 0 0.02 M M 19.9 40 210 M M 4 1 50 210
24 35 24 30 -2 35 0 0.05 M M 17.1 33 240 M M 5 1 45 240
25 44 32 38 6 27 0 0.00 M M 39.1 61 200 M M 4 79 210
26 52 42 47 15 18 0 T M M 37.7 58 210 M M 4 75 200
27 52 39 46 15 19 0 0.00 M M 16.4 40 240 M M 4 50 240
28 65 49 57 26 8 0 0.00 M M 39.0 58 220 M M 0 76 250
29 59 36 48 17 17 0 T M M 23.6 48 210 M M 3 61 200
30 52 36 44 14 21 0 0.00 M M 32.2 56 230 M M 4 70 230
================================================================================
SM 1573 958 678 0 0.31 M 678.5 M 117
================================================================================
AV 52.4 31.9 22.6 FASTST M M 4 MAX(MPH)
MISC ----> 61 200 79 210
================================================================================
NOTES:
# LAST OF SEVERAL OCCURRENCES
COLUMN 17 PEAK WIND IN M.P.H.
PRELIMINARY LOCAL CLIMATOLOGICAL DATA (WS FORM: F-6) , PAGE 2
STATION: LIVINGSTON MT
MONTH: NOVEMBER
YEAR: 2021
LATITUDE: 45 41 N
LONGITUDE: 110 26 W
[TEMPERATURE DATA] [PRECIPITATION DATA] SYMBOLS USED IN COLUMN 16
AVERAGE MONTHLY: 42.2 TOTAL FOR MONTH: 0.31 1 = FOG OR MIST
DPTR FM NORMAL: 7.1 DPTR FM NORMAL: -0.31 2 = FOG REDUCING VISIBILITY
HIGHEST: 66 ON 4 GRTST 24HR 0.14 ON 6- 7 TO 1/4 MILE OR LESS
LOWEST: 15 ON 18, 9 3 = THUNDER
SNOW, ICE PELLETS, HAIL 4 = ICE PELLETS
TOTAL MONTH: M 5 = HAIL
GRTST 24HR M ON M 6 = FREEZING RAIN OR DRIZZLE
GRTST DEPTH: M ON M 7 = DUSTSTORM OR SANDSTORM:
VSBY 1/2 MILE OR LESS
8 = SMOKE OR HAZE
[NO. OF DAYS WITH] [WEATHER - DAYS WITH] 9 = BLOWING SNOW
X = TORNADO
MAX 32 OR BELOW: 0 0.01 INCH OR MORE: 5
MAX 90 OR ABOVE: 0 0.10 INCH OR MORE: 1
MIN 32 OR BELOW: 16 0.50 INCH OR MORE: 0
MIN 0 OR BELOW: 0 1.00 INCH OR MORE: 0
[HDD (BASE 65) ]
TOTAL THIS MO. 678 CLEAR (SCALE 0-3) 11
DPTR FM NORMAL -219 PTCLDY (SCALE 4-7) 19
TOTAL FM JUL 1 1436 CLOUDY (SCALE 8-10) 0
DPTR FM NORMAL -415
[CDD (BASE 65) ]
TOTAL THIS MO. 0
DPTR FM NORMAL 0 [PRESSURE DATA]
TOTAL FM JAN 1 521 HIGHEST SLP 30.48 ON 21
DPTR FM NORMAL 243 LOWEST SLP 29.38 ON 16
[REMARKS]
#FINAL-11-21#