000
CXUS53 KILX 010900
CF6LWV
PRELIMINARY LOCAL CLIMATOLOGICAL DATA (WS FORM: F-6)
STATION: LAWRENCEVILLE IL AIRPORT
MONTH: MARCH
YEAR: 2023
LATITUDE: 38 45 N
LONGITUDE: 87 36 W
TEMPERATURE IN F: :PCPN: SNOW: WIND :SUNSHINE: SKY :PK WND
================================================================================
1 2 3 4 5 6A 6B 7 8 9 10 11 12 13 14 15 16 17 18
12Z AVG MX 2MIN
DY MAX MIN AVG DEP HDD CDD WTR SNW DPTH SPD SPD DIR MIN PSBL S-S WX SPD DR
================================================================================
1 77 39 58 18 7 0 0.00 M M 9.9 24 230 M M 0 32 210
2 56 38 47 7 18 0 T M M 9.9 18 360 M M 2 26 10
3 49 38 44 4 21 0 M M M 19.8 38 320 M M 10 13 55 300
4 57 30 44 3 21 0 0.00 M M 3.8 13 210 M M 1 128 16 240
5 64 35 50 9 15 0 0.00 M M 8.3 16 120 M M 0 1 22 120
6 74 41 58 17 7 0 0.00 M M 11.4 26 340 M M 0 35 350
7 53 42 48 6 17 0 0.00 M M 13.8 25 350 M M 6 30 360
8 47 38 43 1 22 0 T M M 13.0 20 90 M M 8 27 80
9 56 36 46 4 19 0 M M M 8.6 17 90 M M 7 1 21 100
10 45 33 39 -4 26 0 0.00 M M 16.3 28 300 M M 9 1 38 290
11 49 33 41 -2 24 0 M M M 8.0 17 120 M M 8 25 100
12 46 35 41 -2 24 0 M M M 11.5 25 320 M M 10 1 33 320
13 37 31 34 -10 31 0 0.00 M M 15.0 22 300 M M 10 28 290
14 43 25 34 -10 31 0 0.00 M M 7.0 17 330 M M 6 24 340
15 51 22 37 -7 28 0 0.00 M M 6.5 16 180 M M 0 12 21 200
16 57 34 46 1 19 0 0.24 M M 14.1 28 190 M M 7 1 35 180
17 53 26 40 -5 25 0 0.09 M M 16.8 31 290 M M 6 1 40 290
18 33 24 29 -17 36 0 T M M 16.2 26 320 M M 8 33 320
19 38 20 29 -17 36 0 T M M 7.1 16 300 M M 3 1 19 300
20 52 20 36 -10 29 0 0.00 M M 12.5 23 190 M M 0 32 200
21 52 27 40 -7 25 0 0.09 M M 10.2 25 190 M M 6 35 190
22 57 42 50 3 15 0 0.01 M M 14.1 24 190 M M 10 1 33 200
23 75 47 61 14 4 0 1.05 M M 14.9 24 330 M M 7 13 32 210
24 54 44 49 1 16 0 2.15 M M 8.4 32 100 M M 10 1 43 110
25 57 36 47 -1 18 0 0.09 M M 12.5 36 250 M M 6 1 49 260
26 66 37 52 4 13 0 0.00 M M 8.9 25 340 M M 2 34 340
27 52 35 44 -5 21 0 0.13 M M 7.8 16 320 M M 7 1 22 310
28 54 32 43 -6 22 0 0.00 M M 9.0 22 350 M M 2 30 360
29 59 29 44 -6 21 0 0.00 M M 6.0 18 210 M M 0 12 26 210
30 65 35 50 0 15 0 0.02 M M 11.2 20 170 M M 2 24 170
31 70 52 61 11 4 0 0.28 M M 19.5 41 290 M M 9 13 56 300
================================================================================
SM 1698 1056 630 0 4.15 M 352.0 M 162
================================================================================
AV 54.8 34.1 11.4 FASTST M M 5 MAX(MPH)
MISC ----> 41 290 56 300
================================================================================
NOTES:
# LAST OF SEVERAL OCCURRENCES
COLUMN 17 PEAK WIND IN M.P.H.
PRELIMINARY LOCAL CLIMATOLOGICAL DATA (WS FORM: F-6) , PAGE 2
STATION: LAWRENCEVILLE IL AIRPORT
MONTH: MARCH
YEAR: 2023
LATITUDE: 38 45 N
LONGITUDE: 87 36 W
[TEMPERATURE DATA] [PRECIPITATION DATA] SYMBOLS USED IN COLUMN 16
AVERAGE MONTHLY: 44.4 TOTAL FOR MONTH: 4.15 1 = FOG OR MIST
DPTR FM NORMAL: -0.4 DPTR FM NORMAL: 0.99 2 = FOG REDUCING VISIBILITY
HIGHEST: 77 ON 1 GRTST 24HR 2.65 ON 23-24 TO 1/4 MILE OR LESS
LOWEST: 20 ON 20,19 3 = THUNDER
SNOW, ICE PELLETS, HAIL 4 = ICE PELLETS
TOTAL MONTH: M 5 = HAIL
GRTST 24HR M ON M 6 = FREEZING RAIN OR DRIZZLE
GRTST DEPTH: M ON M 7 = DUSTSTORM OR SANDSTORM:
VSBY 1/2 MILE OR LESS
8 = SMOKE OR HAZE
[NO. OF DAYS WITH] [WEATHER - DAYS WITH] 9 = BLOWING SNOW
X = TORNADO
MAX 32 OR BELOW: 0 0.01 INCH OR MORE: 10
MAX 90 OR ABOVE: 0 0.10 INCH OR MORE: 5
MIN 32 OR BELOW: 11 0.50 INCH OR MORE: 2
MIN 0 OR BELOW: 0 1.00 INCH OR MORE: 2
[HDD (BASE 65) ]
TOTAL THIS MO. 630 CLEAR (SCALE 0-3) 11
DPTR FM NORMAL 2 PTCLDY (SCALE 4-7) 12
TOTAL FM JUL 1 3791 CLOUDY (SCALE 8-10) 8
DPTR FM NORMAL -543
[CDD (BASE 65) ]
TOTAL THIS MO. 0
DPTR FM NORMAL -3 [PRESSURE DATA]
TOTAL FM JAN 1 0 HIGHEST SLP 30.47 ON 8
DPTR FM NORMAL -3 LOWEST SLP 28.83 ON 3
[REMARKS]
#FINAL-03-23#