000
CXUS53 KILX 011000
CF6LWV
PRELIMINARY LOCAL CLIMATOLOGICAL DATA (WS FORM: F-6)
STATION: LAWRENCEVILLE IL AIRPORT
MONTH: NOVEMBER
YEAR: 2023
LATITUDE: 38 45 N
LONGITUDE: 87 36 W
TEMPERATURE IN F: :PCPN: SNOW: WIND :SUNSHINE: SKY :PK WND
================================================================================
1 2 3 4 5 6A 6B 7 8 9 10 11 12 13 14 15 16 17 18
12Z AVG MX 2MIN
DY MAX MIN AVG DEP HDD CDD WTR SNW DPTH SPD SPD DIR MIN PSBL S-S WX SPD DR
================================================================================
1 51 29 40 -11 25 0 0.00 M M 6.1 13 290 M M 2 8 15 290
2 60 28 44 -6 21 0 0.00 M M 10.0 20 200 M M 0 8 27 190
3 67 34 51 1 14 0 0.00 M M 11.3 25 200 M M 0 8 35 200
4 72 47 60 10 5 0 0.00 M M 7.4 14 310 M M 2 8 19 250
5 70 37 54 5 11 0 0.00 M M 3.2 8 170 M M 0 1 11 110
6 81 44 63 14 2 0 T M M 12.8 29 230 M M 6 35 240
7 80 56 68 20 0 3 0.00 M M 4.8 10 40 M M 3 18 14 50
8 84 62 73 25 0 8 0.00 M M 16.2 29 200 M M 5 8 37 190
9 72 50 61 14 4 0 0.00 M M 11.6 23 330 M M 3 29 320
10 64 38 51 4 14 0 0.00 M M 8.3 16 310 M M 0 21 290
11 58 31 45 -1 20 0 0.00 M M 6.4 14 50 M M 0 21 50
12 65 36 51 5 14 0 0.00 M M 4.7 10 110 M M 0 16 130
13 72 33 53 7 12 0 0.00 M M 4.8 14 360 M M 0 20 340
14 68 32 50 5 15 0 0.00 M M 4.4 18 140 M M 0 18 23 170
15 72 31 52 7 13 0 0.00 M M 2.1 12 200 M M 0 8 15 190
16 74 39 57 13 8 0 0.00 M M 7.2 20 180 M M 3 1 25 200
17 68 42 55 11 10 0 0.15 M M 10.3 18 310 M M 7 1 24 330
18 58 33 46 2 19 0 0.00 M M 3.8 10 30 M M 0 12 40
19 64 30 47 4 18 0 0.00 M M 2.9 9 50 M M 0 1 12 110
20 60 46 53 10 12 0 0.26 M M 11.3 33 110 M M 7 1 40 110
21 56 44 50 7 15 0 0.06 M M 11.4 22 300 M M 10 1 26 300
22 47 34 41 -1 24 0 0.00 M M 8.4 14 290 M M 8 18 310
23 60 31 46 4 19 0 0.00 M M 7.1 13 230 M M 0 18 16 230
24 50 33 42 0 23 0 0.00 M M 13.8 23 30 M M 0 30 40
25 49 33 41 0 24 0 0.00 M M 6.1 10 40 M M 0 14 40
26 45 30 38 -3 27 0 0.21 M M 8.8 24 290 M M 7 1 34 280
27 40 29 35 -5 30 0 0.00 M M 11.3 24 290 M M 4 31 300
28 33 20 27 -13 38 0 0.00 M M 7.2 20 330 M M 1 25 310
29 56 20 38 -2 27 0 0.00 M M 9.2 15 210 M M 0 20 250
30 60 34 47 7 18 0 0.00 M M 10.4 25 220 M M 5 30 210
================================================================================
SM 1856 1086 482 11 0.68 M 243.3 M 73
================================================================================
AV 61.9 36.2 8.1 FASTST M M 2 MAX(MPH)
MISC ----> 33 110 40 110
================================================================================
NOTES:
# LAST OF SEVERAL OCCURRENCES
COLUMN 17 PEAK WIND IN M.P.H.
PRELIMINARY LOCAL CLIMATOLOGICAL DATA (WS FORM: F-6) , PAGE 2
STATION: LAWRENCEVILLE IL AIRPORT
MONTH: NOVEMBER
YEAR: 2023
LATITUDE: 38 45 N
LONGITUDE: 87 36 W
[TEMPERATURE DATA] [PRECIPITATION DATA] SYMBOLS USED IN COLUMN 16
AVERAGE MONTHLY: 49.0 TOTAL FOR MONTH: 0.68 1 = FOG OR MIST
DPTR FM NORMAL: 4.2 DPTR FM NORMAL: -2.76 2 = FOG REDUCING VISIBILITY
HIGHEST: 84 ON 8 GRTST 24HR 0.32 ON 20-21 TO 1/4 MILE OR LESS
LOWEST: 20 ON 29,28 3 = THUNDER
SNOW, ICE PELLETS, HAIL 4 = ICE PELLETS
TOTAL MONTH: M 5 = HAIL
GRTST 24HR M ON M 6 = FREEZING RAIN OR DRIZZLE
GRTST DEPTH: M ON M 7 = DUSTSTORM OR SANDSTORM:
VSBY 1/2 MILE OR LESS
8 = SMOKE OR HAZE
[NO. OF DAYS WITH] [WEATHER - DAYS WITH] 9 = BLOWING SNOW
X = TORNADO
MAX 32 OR BELOW: 0 0.01 INCH OR MORE: 4
MAX 90 OR ABOVE: 0 0.10 INCH OR MORE: 3
MIN 32 OR BELOW: 11 0.50 INCH OR MORE: 0
MIN 0 OR BELOW: 0 1.00 INCH OR MORE: 0
[HDD (BASE 65) ]
TOTAL THIS MO. 482 CLEAR (SCALE 0-3) 18
DPTR FM NORMAL -124 PTCLDY (SCALE 4-7) 10
TOTAL FM JUL 1 692 CLOUDY (SCALE 8-10) 2
DPTR FM NORMAL -213
[CDD (BASE 65) ]
TOTAL THIS MO. 11
DPTR FM NORMAL 10 [PRESSURE DATA]
TOTAL FM JAN 1 1445 HIGHEST SLP 30.48 ON 11
DPTR FM NORMAL 66 LOWEST SLP 29.64 ON 8
[REMARKS]
#FINAL-11-23#