000
CXUS54 KLZK 120314
CF6LZK

PRELIMINARY LOCAL CLIMATOLOGICAL DATA (WS FORM: F-6)

                                          STATION:   NORTH LITTLE ROCK
                                          MONTH:     NOVEMBER
                                          YEAR:      2013
                                          LATITUDE:   34 50 N
                                          LONGITUDE:  92 16 W

  TEMPERATURE IN F:       :PCPN:    SNOW:  WIND      :SUNSHINE: SKY     :PK WND
================================================================================
1   2   3   4   5  6A  6B    7    8   9   10  11  12  13   14  15   16   17  18
                                     12Z  AVG MX 2MIN
DY MAX MIN AVG DEP HDD CDD  WTR  SNW DPTH SPD SPD DIR MIN PSBL S-S WX    SPD DR
================================================================================

 1  73  48  61   3   4   0 0.00  0.0    0  4.2  8 280   M    M   M        17 280
 2  62  48  55  -3  10   0 0.00  0.0    0  6.0 13 330   M    M   M        24 330
 3  61  42  52  -6  13   0 0.00  0.0    0  6.0 10 130   M    M   M        22 160
 4  58  47  53  -4  12   0 0.05  0.0    0  5.1  9 160   M    M   M         M  M
 5  68  54  61   4   4   0 0.06  0.0    0  7.8 14 140   M    M   M        21 140
 6  65  42  54  -3  11   0 0.42  0.0    0  9.1 13 350   M    M   M 1      22 180
 7  59  37  48  -8  17   0 0.00  0.0    0  5.5 10  50   M    M   M         M  M
 8  63  43  53  -3  12   0 0.00  0.0    0  5.7  9 170   M    M   M         M  M
 9  62  47  55  -1  10   0 0.01  0.0    0  4.0  9 210   M    M   M         M  M
10  66  50  58   3   7   0 0.00  0.0    0  5.8 12  70   M    M   M         M  M
11  69  47  58   3   7   0 0.00  0.0    0  3.1  5 270   M    M   M         M  M
12  59  30  45  -9  20   0 0.00  0.0    0 10.9 20  30   M    M   M        28  30
13  47  25  36 -18  29   0 0.00  0.0    0  4.5  9  30   M    M   M         M  M
14  56  30  43 -10  22   0 0.00  0.0    0  5.7 10 150   M    M   M         M  M
15  56  42  49  -4  16   0 0.06  0.0    0  4.6  9 150   M    M   M         M  M
16  70  53  62   9   3   0    T  0.0    0  8.6 17 180   M    M   M        25 180
17  83  62  73  21   0   8 0.67  0.0    0  8.9 13 220   M    M   M 3      27 180
18  66  49  58   6   7   0 0.00  0.0    0  8.2 13  40   M    M   M        20  40
19  58  40  49  -2  16   0 0.00  0.0    0  7.8 13  70   M    M   M         M  M
20  61  38  50  -1  15   0 0.00  0.0    0  6.4 10 130   M    M   M         M  M
21  60  50  55   5  10   0 1.47  0.0    0  3.9  9 150   M    M   M 3       M  M
22  60  39  50   0  15   0 0.91  0.0    0  8.2 14  10   M    M   M 13     20  10
23  46  31  39 -11  26   0 0.11  0.0    0 10.5 16  30   M    M   M        25  30
24  33  23  28 -21  37   0 0.00  0.0    0 10.9 15  30   M    M   M        22  30
25  33  30  32 -17  33   0 0.23  0.0    0  5.5  9  30   M    M   M         M  M
26  46  32  39  -9  26   0 0.05  0.0    0  8.2 15 350   M    M   M        27 350
27  40  25  33 -15  32   0 0.00  0.0    0  6.5 14  10   M    M   M        18 340
28  50  25  38 -10  27   0 0.00  0.0    0  5.3  9 200   M    M   M         M  M
29  54  32  43  -4  22   0 0.00  0.0    0  3.8  7 140   M    M   M         M  M
30  59  33  46  -1  19   0 0.00  0.0    0  4.3  9 210   M    M   M         M  M
================================================================================
SM 1743 1194       482   8  4.04     0.0 195.0          M        M
================================================================================
AV 58.1 39.8                               6.5 FASTST   M    M   6    MAX(MPH)
                                 MISC ---->    20   M                 28    M
================================================================================
NOTES:
# LAST OF SEVERAL OCCURRENCES

COLUMN 17 PEAK WIND IN M.P.H.

PRELIMINARY LOCAL CLIMATOLOGICAL DATA (WS FORM: F-6) , PAGE 2

                                          STATION:  NORTH LITTLE ROCK
                                          MONTH:    NOVEMBER
                                          YEAR:     2013
                                          LATITUDE:   34 50 N
                                          LONGITUDE:  92 16 W

[TEMPERATURE DATA]      [PRECIPITATION DATA]       SYMBOLS USED IN COLUMN 16

AVERAGE MONTHLY: 48.9   TOTAL FOR MONTH:   4.04    1 = FOG OR MIST
DPTR FM NORMAL:  -3.9   DPTR FM NORMAL:   -1.35    2 = FOG REDUCING VISIBILITY
HIGHEST:    83 ON 17    GRTST 24HR  2.14 ON 21-22      TO 1/4 MILE OR LESS
LOWEST:     23 ON 24                               3 = THUNDER
                        SNOW, ICE PELLETS, HAIL    4 = ICE PELLETS
                        TOTAL MONTH:   0.0 INCH    5 = HAIL
                        GRTST 24HR     0.0         6 = FREEZING RAIN OR DRIZZLE
                        GRTST DEPTH:   0           7 = DUSTSTORM OR SANDSTORM:
                                                       VSBY 1/2 MILE OR LESS
                                                   8 = SMOKE OR HAZE
[NO. OF DAYS WITH]      [WEATHER - DAYS WITH]      9 = BLOWING SNOW
                                                   X = TORNADO
MAX 32 OR BELOW:   0    0.01 INCH OR MORE:  11
MAX 90 OR ABOVE:   0    0.10 INCH OR MORE:   6
MIN 32 OR BELOW:  10    0.50 INCH OR MORE:   3
MIN  0 OR BELOW:   0    1.00 INCH OR MORE:   1

[HDD (BASE 65) ]
TOTAL THIS MO.   482    CLEAR  (SCALE 0-3)   0
DPTR FM NORMAL   105    PTCLDY (SCALE 4-7)   0
TOTAL FM JUL 1   606    CLOUDY (SCALE 8-10)  0
DPTR FM NORMAL    94

[CDD (BASE 65) ]
TOTAL THIS MO.     8
DPTR FM NORMAL    -3    [PRESSURE DATA]
TOTAL FM JAN 1  2118    HIGHEST SLP 30.70 ON 13
DPTR FM NORMAL   -51    LOWEST  SLP 29.67 ON 17

[REMARKS]
#FINAL-11-13#
