000
CXUS54 KLZK 051558
CF6LZK

PRELIMINARY LOCAL CLIMATOLOGICAL DATA (WS FORM: F-6)

                                          STATION:   NORTH LITTLE ROCK
                                          MONTH:     FEBRUARY
                                          YEAR:      2014
                                          LATITUDE:   34 50 N
                                          LONGITUDE:  92 16 W

  TEMPERATURE IN F:       :PCPN:    SNOW:  WIND      :SUNSHINE: SKY     :PK WND
================================================================================
1   2   3   4   5  6A  6B    7    8   9   10  11  12  13   14  15   16   17  18
                                     12Z  AVG MX 2MIN
DY MAX MIN AVG DEP HDD CDD  WTR  SNW DPTH SPD SPD DIR MIN PSBL S-S WX    SPD DR
================================================================================

 1  61  41  51   9  14   0 0.51  0.0    0  8.2 13 190   M    M   M 1      21 190
 2  41  28  35  -7  30   0 1.44    T    0 10.9 17  20   M    M   M 34     25  20
 3  36  22  29 -14  36   0 0.00  0.0    0  8.1 13  60   M    M   M         M  M
 4  32  26  29 -14  36   0 0.91    T    0  7.2 18  80   M    M   M 346    24  80
 5  33  20  27 -16  38   0 0.01    T    0  7.7 14 340   M    M   M        23 340
 6  21  17  19 -24  46   0 0.01  0.1    0  6.1  9  10   M    M   M         M  M
 7  24  19  22 -21  43   0 0.09  2.2    T  6.9  9  60   M    M   M 1       M  M
 8  30  20  25 -19  40   0 0.03  0.2    2  3.3  8 140   M    M   M 16      M  M
 9  38  30  34 -10  31   0    T  0.0    2  6.2 13  50   M    M   M 126     M  M
10  36  28  32 -12  33   0    T    T    T 11.9 18  40   M    M   M 4      24  40
11  35  19  27 -17  38   0    T    T    0 11.6 16  40   M    M   M        22  40
12  42  24  33 -11  32   0    T    T    0  4.9 10  10   M    M   M         M  M
13  58  25  42  -3  23   0 0.00  0.0    0  5.1 12 220   M    M   M         M  M
14  58  40  49   4  16   0    T  0.0    0  6.4 13 320   M    M   M        23 320
15  50  27  39  -6  26   0 0.00  0.0    0  5.5  9 210   M    M   M        17 140
16  61  39  50   4  15   0 0.00  0.0    0  7.2 14  80   M    M   M         M  M
17  70  42  56  10   9   0 0.00  0.0    0  7.1 15 310   M    M   M        27 310
18  72  46  59  13   6   0 0.00  0.0    0  6.7 15 140   M    M   M        18 140
19  64  55  60  14   5   0    T  0.0    0  7.9 14  60   M    M   M        16 110
20  76  44  60  13   5   0    T  0.0    0 11.5 20 210   M    M   M 3      32 210
21  62  38  50   3  15   0 0.00  0.0    0  4.5  8 200   M    M   M         M  M
22  69  40  55   8  10   0 0.00  0.0    0  6.2  9 180   M    M   M        20 200
23  63  40  52   4  13   0 0.00  0.0    0  8.9 15  50   M    M   M        20  30
24  50  30  40  -8  25   0    T  0.0    0 10.2 16  80   M    M   M        20  80
25  54  39  47  -1  18   0    T    T    0  8.3 15  40   M    M   M 345    21  40
26  39  27  33 -15  32   0 0.00  0.0    0  8.7 15  30   M    M   M        24  20
27  51  26  39 -10  26   0 0.00  0.0    0  6.3 10 130   M    M   M 8       M  M
28  46  31  39 -10  26   0 0.01    T    0  7.2 13 120   M    M   M        20 170
================================================================================
SM 1372  883       687   0  3.01     2.5 210.7          M        M
================================================================================
AV 49.0 31.5                               7.5 FASTST   M    M   7    MAX(MPH)
                                 MISC ---->    20   M                 32    M
================================================================================
NOTES:
# LAST OF SEVERAL OCCURRENCES

COLUMN 17 PEAK WIND IN M.P.H.

PRELIMINARY LOCAL CLIMATOLOGICAL DATA (WS FORM: F-6) , PAGE 2

                                          STATION:  NORTH LITTLE ROCK
                                          MONTH:    FEBRUARY
                                          YEAR:     2014
                                          LATITUDE:   34 50 N
                                          LONGITUDE:  92 16 W

[TEMPERATURE DATA]      [PRECIPITATION DATA]       SYMBOLS USED IN COLUMN 16

AVERAGE MONTHLY: 40.3   TOTAL FOR MONTH:   3.01    1 = FOG OR MIST
DPTR FM NORMAL:  -5.0   DPTR FM NORMAL:   -0.65    2 = FOG REDUCING VISIBILITY
HIGHEST:    76 ON 20    GRTST 24HR  1.88 ON  1- 2      TO 1/4 MILE OR LESS
LOWEST:     17 ON  6                               3 = THUNDER
                        SNOW, ICE PELLETS, HAIL    4 = ICE PELLETS
                        TOTAL MONTH:   2.5 INCHES  5 = HAIL
                        GRTST 24HR   2.4 ON  7- 8  6 = FREEZING RAIN OR DRIZZLE
                        GRTST DEPTH:   2 ON  9, 8  7 = DUSTSTORM OR SANDSTORM:
                                                       VSBY 1/2 MILE OR LESS
                                                   8 = SMOKE OR HAZE
[NO. OF DAYS WITH]      [WEATHER - DAYS WITH]      9 = BLOWING SNOW
                                                   X = TORNADO
MAX 32 OR BELOW:   4    0.01 INCH OR MORE:   8
MAX 90 OR ABOVE:   0    0.10 INCH OR MORE:   3
MIN 32 OR BELOW:  17    0.50 INCH OR MORE:   3
MIN  0 OR BELOW:   0    1.00 INCH OR MORE:   1

[HDD (BASE 65) ]
TOTAL THIS MO.   687    CLEAR  (SCALE 0-3)   0
DPTR FM NORMAL   134    PTCLDY (SCALE 4-7)   0
TOTAL FM JUL 1  2827    CLOUDY (SCALE 8-10)  0
DPTR FM NORMAL   341

[CDD (BASE 65) ]
TOTAL THIS MO.     0
DPTR FM NORMAL    -1    [PRESSURE DATA]
TOTAL FM JAN 1     0    HIGHEST SLP 30.57 ON  6
DPTR FM NORMAL    -2    LOWEST  SLP 29.55 ON 20

[REMARKS]
#FINAL-02-14#
