000
CXUS54 KLZK 140220
CF6LZK
PRELIMINARY LOCAL CLIMATOLOGICAL DATA (WS FORM: F-6)

                                          STATION:   North Little Rock
                                          MONTH:     JUNE
                                          YEAR:      2016
                                          LATITUDE:   34 50 N
                                          LONGITUDE:  92 16 W

  TEMPERATURE IN F:       :PCPN:    SNOW:  WIND      :SUNSHINE: SKY     :PK WND
================================================================================
1   2   3   4   5  6A  6B    7    8   9   10  11  12  13   14  15   16   17  18
                                     12Z  AVG MX 2MIN
DY MAX MIN AVG DEP HDD CDD  WTR  SNW DPTH SPD SPD DIR MIN PSBL S-S WX    SPD DR
================================================================================

 1  80  67  74  -1   0   9 0.74  0.0    0  2.0  6 140   M    M   0 13      M  M
 2  82  68  75  -1   0  10 0.18  0.0    0  2.6  7 110   M    M   0         M  M
 3  84  69  77   1   0  12 0.28  0.0    0  1.8  7 200   M    M   0 1       M  M
 4  81  68  75  -1   0  10 0.09  0.0    0  0.7  5 340   M    M   0 3       M  M
 5  84  66  75  -1   0  10 0.00  0.0    0  4.2  7 360   M    M   0         M  M
 6  84  64  74  -3   0   9 0.00  0.0    M  2.2  6 360   M    M   0         M  M
 7  88  68  78   1   0  13 0.00  0.0    0  3.5  7 340   M    M   0         M  M
 8  87  67  77   0   0  12 0.00  0.0    0  3.3  7  90   M    M   0         M  M
 9  89  66  78   1   0  13 0.00  0.0    0  2.6  7 140   M    M   0         M  M
10  90  69  80   2   0  15 0.00  0.0    0  1.8  6 160   M    M   0         M  M
11  92  73  83   5   0  18 0.00  0.0    0  1.3  6 180   M    M   0         M  M
12  90  71  81   3   0  16 0.30  0.0    0  1.8  6 220   M    M   0 3       M  M
13  87  71  79   1   0  14 0.01  0.0    0  3.1  9 200   M    M   0 12     33 220
14  87  73  80   1   0  15 0.18  0.0    0  4.5  7 220   M    M   0         M  M
15  94  76  85   6   0  20 0.00  0.0    0  5.2  7 220   M    M   0         M  M
16  94  75  85   6   0  20 0.00  0.0    0  3.2  6 250   M    M   0         M  M
17  96  78  87   8   0  22 0.00  0.0    0  2.6  6  20   M    M   0         M  M
18  91  74  83   3   0  18 0.00  0.0    0  6.1 10  90   M    M   0         M  M
19  89  74  82   2   0  17 0.00  0.0    0  6.2  9 160   M    M   0        18 140
20  91  74  83   3   0  18 0.00  0.0    0  3.3  6 200   M    M   0         M  M
21  94  75  85   5   0  20 0.00  0.0    0  3.0  6 220   M    M   0         M  M
22  95  77  86   6   0  21 0.00  0.0    M  6.5  9 220   M    M   0        18 220
23  94  78  86   6   0  21 0.00  0.0    0  6.3  8 220   M    M   0        20 220
24  93  78  86   5   0  21 0.00  0.0    0  3.1  6 160   M    M   0         M  M
25  95  74  85   4   0  20 0.00  0.0    0  4.1  8 200   M    M   0        17 200
26  94  77  86   5   0  21 0.00  0.0    0  2.2  6 220   M    M   0         M  M
27  92  72  82   1   0  17 0.14  0.0    0  5.1  9  90   M    M   0 3      21 290
28  93  71  82   1   0  17 0.00  0.0    0  5.3 10  90   M    M   0        21  90
29  93  72  83   2   0  18 0.00  0.0    0  4.8  9  90   M    M   0         M  M
30  92  69  81  -1   0  16 0.00  0.0    0  3.2  8 160   M    M   0         M  M
================================================================================
SM 2695 2154         0 483  1.92     0.0 105.6          M        0
================================================================================
AV 89.8 71.8                               3.5 FASTST   M    M   0    MAX(MPH)
                                 MISC ---->    10   M               # 33  220
================================================================================
NOTES:
# LAST OF SEVERAL OCCURRENCES

COLUMN 17 PEAK WIND IN M.P.H.

PRELIMINARY LOCAL CLIMATOLOGICAL DATA (WS FORM: F-6) , PAGE 2

                                          STATION:  North Little Rock
                                          MONTH:    JUNE
                                          YEAR:     2016
                                          LATITUDE:   34 50 N
                                          LONGITUDE:  92 16 W

[TEMPERATURE DATA]      [PRECIPITATION DATA]       SYMBOLS USED IN COLUMN 16

AVERAGE MONTHLY: 80.8   TOTAL FOR MONTH:   1.92    1 = FOG OR MIST
DPTR FM NORMAL:   2.1   DPTR FM NORMAL:   -1.39    2 = FOG REDUCING VISIBILITY
HIGHEST:    96 ON 17    GRTST 24HR  0.74 ON  1- 1      TO 1/4 MILE OR LESS
LOWEST:     64 ON  6                               3 = THUNDER
                        SNOW, ICE PELLETS, HAIL    4 = ICE PELLETS
                        TOTAL MONTH:   0.0 INCH    5 = HAIL
                        GRTST 24HR     0.0         6 = FREEZING RAIN OR DRIZZLE
                        GRTST DEPTH:   0           7 = DUSTSTORM OR SANDSTORM:
                                                       VSBY 1/2 MILE OR LESS
                                                   8 = SMOKE OR HAZE
[NO. OF DAYS WITH]      [WEATHER - DAYS WITH]      9 = BLOWING SNOW
                                                   X = TORNADO
MAX 32 OR BELOW:   0    0.01 INCH OR MORE:   8
MAX 90 OR ABOVE:  18    0.10 INCH OR MORE:   6
MIN 32 OR BELOW:   0    0.50 INCH OR MORE:   1
MIN  0 OR BELOW:   0    1.00 INCH OR MORE:   0

[HDD (BASE 65) ]
TOTAL THIS MO.     0    CLEAR  (SCALE 0-3)  30
DPTR FM NORMAL    -1    PTCLDY (SCALE 4-7)   0
TOTAL FM JUL 1  2321    CLOUDY (SCALE 8-10)  0
DPTR FM NORMAL  -685

[CDD (BASE 65) ]
TOTAL THIS MO.   483
DPTR FM NORMAL    70    [PRESSURE DATA]
TOTAL FM JAN 1   711    HIGHEST SLP 30.23 ON 20
DPTR FM NORMAL     2    LOWEST  SLP 29.77 ON 14

[REMARKS]
#FINAL-06-16#
