000
CXUS54 KLZK 152211
CF6LZK
PRELIMINARY LOCAL CLIMATOLOGICAL DATA (WS FORM: F-6)

                                          STATION:   North Little Rock
                                          MONTH:     NOVEMBER
                                          YEAR:      2016
                                          LATITUDE:   34 50 N
                                          LONGITUDE:  92 16 W

  TEMPERATURE IN F:       :PCPN:    SNOW:  WIND      :SUNSHINE: SKY     :PK WND
================================================================================
1   2   3   4   5  6A  6B    7    8   9   10  11  12  13   14  15   16   17  18
                                     12Z  AVG MX 2MIN
DY MAX MIN AVG DEP HDD CDD  WTR  SNW DPTH SPD SPD DIR MIN PSBL S-S WX    SPD DR
================================================================================

 1  83  58  71  13   0   6 0.00  0.0    0  4.7  9 200   M    M   0        20 200
 2  80  66  73  15   0   8 0.00  0.0    0  3.6  7 180   M    M   0         M  M
 3  81  65  73  15   0   8    T  0.0    0  1.7  6  20   M    M   0 1       M  M
 4  75  57  66   9   0   1 0.00  0.0    0  7.3 12  90   M    M   0        22  90
 5  68  51  60   3   5   0 0.00  0.0    0  4.7  8  70   M    M   0         M  M
 6  73  49  61   4   4   0 0.00  0.0    0  4.3  6  90   M    M   0         M  M
 7  66  57  62   6   3   0 0.01  0.0    0  3.0  6 140   M    M   0         M  M
 8  66  56  61   5   4   0    T  0.0    0  0.6  6  20   M    M   0 1       M  M
 9  68  49  59   3   6   0 0.00  0.0    0  5.3  9  70   M    M   0        16  50
10  69  43  56   1   9   0 0.00  0.0    0  0.2  4 320   M    M   0         M  M
11  73  50  62   7   3   0 0.00  0.0    0  4.1 12  70   M    M   0        20  70
12  64  41  53  -1  12   0 0.00  0.0    0  6.7  9  50   M    M   0         M  M
13  62  37  50  -4  15   0 0.00  0.0    0  1.8  6  50   M    M   0         M  M
14  70  43  57   4   8   0 0.00  0.0    0  2.9  6 200   M    M   0         M  M
15  75  53  64  11   1   0 0.00  0.0    0  2.4  6 340   M    M   0         M  M
16  81  54  68  15   0   3 0.00  0.0    0  4.3  6 220   M    M   0         M  M
17  79  55  67  15   0   2 0.00  0.0    0  7.4 10 200   M    M   0        24 200
18  69  43  56   4   9   0 0.24  0.0    0  7.7 10 200   M    M   0        22 200
19  54  37  46  -5  19   0 0.00  0.0    0  5.4  9 340   M    M   0        17 340
20  56  33  45  -6  20   0 0.00  0.0    0  3.2  6 110   M    M   0         M  M
21  62  36  49  -1  16   0 0.00  0.0    0  3.9  7 140   M    M   0         M  M
22  63  44  54   4  11   0 0.06  0.0    0  7.4 13 160   M    M   0 3      22 160
23  61  51  56   6   9   0 0.72  0.0    0  6.3 10 200   M    M   0 13     25 200
24  52  44  48  -1  17   0 0.00  0.0    0  0.5  4 180   M    M   0 1       M  M
25  54  42  48  -1  17   0 0.00  0.0    0  0.9  6  90   M    M   0 1       M  M
26  51  39  45  -3  20   0 0.00  0.0    0  0.5  4  20   M    M   0 12      M  M
27  52  36  44  -4  21   0 0.02  0.0    0  5.3 16 160   M    M   0 12     41 160
28  55  48  52   4  13   0 1.44  0.0    0  6.0  9 220   M    M   0 13     17 220
29  64  48  56   9   9   0 0.00  0.0    0  4.9  7 200   M    M   0         M  M
30  54  39  47   0  18   0 0.00  0.0    0  5.2 10 290   M    M   0        27 290
================================================================================
SM 1980 1424       269  28  2.49     0.0 122.2          M        0
================================================================================
AV 66.0 47.5                               4.1 FASTST   M    M   0    MAX(MPH)
                                 MISC ---->    16   M                 41    M
================================================================================
NOTES:
# LAST OF SEVERAL OCCURRENCES

COLUMN 17 PEAK WIND IN M.P.H.

PRELIMINARY LOCAL CLIMATOLOGICAL DATA (WS FORM: F-6) , PAGE 2

                                          STATION:  North Little Rock
                                          MONTH:    NOVEMBER
                                          YEAR:     2016
                                          LATITUDE:   34 50 N
                                          LONGITUDE:  92 16 W

[TEMPERATURE DATA]      [PRECIPITATION DATA]       SYMBOLS USED IN COLUMN 16

AVERAGE MONTHLY: 56.7   TOTAL FOR MONTH:   2.49    1 = FOG OR MIST
DPTR FM NORMAL:   3.9   DPTR FM NORMAL:   -2.90    2 = FOG REDUCING VISIBILITY
HIGHEST:    83 ON  1    GRTST 24HR  1.44 ON 28-28      TO 1/4 MILE OR LESS
LOWEST:     33 ON 20                               3 = THUNDER
                        SNOW, ICE PELLETS, HAIL    4 = ICE PELLETS
                        TOTAL MONTH:   0.0 INCH    5 = HAIL
                        GRTST 24HR     0.0         6 = FREEZING RAIN OR DRIZZLE
                        GRTST DEPTH:   0           7 = DUSTSTORM OR SANDSTORM:
                                                       VSBY 1/2 MILE OR LESS
                                                   8 = SMOKE OR HAZE
[NO. OF DAYS WITH]      [WEATHER - DAYS WITH]      9 = BLOWING SNOW
                                                   X = TORNADO
MAX 32 OR BELOW:   0    0.01 INCH OR MORE:   6
MAX 90 OR ABOVE:   0    0.10 INCH OR MORE:   3
MIN 32 OR BELOW:   0    0.50 INCH OR MORE:   2
MIN  0 OR BELOW:   0    1.00 INCH OR MORE:   1

[HDD (BASE 65) ]
TOTAL THIS MO.   269    CLEAR  (SCALE 0-3)  30
DPTR FM NORMAL  -108    PTCLDY (SCALE 4-7)   0
TOTAL FM JUL 1   294    CLOUDY (SCALE 8-10)  0
DPTR FM NORMAL  -218

[CDD (BASE 65) ]
TOTAL THIS MO.    28
DPTR FM NORMAL    17    [PRESSURE DATA]
TOTAL FM JAN 1  2374    HIGHEST SLP 30.53 ON 19
DPTR FM NORMAL   205    LOWEST  SLP 29.37 ON 28

[REMARKS]
#FINAL-11-16#
