000
CXUS54 KLZK 051320
CF6LZK

PRELIMINARY LOCAL CLIMATOLOGICAL DATA (WS FORM: F-6)

                                          STATION:   NORTH LITTLE ROCK
                                          MONTH:     JUNE
                                          YEAR:      2013
                                          LATITUDE:   34 50 N
                                          LONGITUDE:  92 16 W

  TEMPERATURE IN F:       :PCPN:    SNOW:  WIND      :SUNSHINE: SKY     :PK WND
================================================================================
1   2   3   4   5  6A  6B    7    8   9   10  11  12  13   14  15   16   17  18
                                     12Z  AVG MX 2MIN
DY MAX MIN AVG DEP HDD CDD  WTR  SNW DPTH SPD SPD DIR MIN PSBL S-S WX    SPD DR
================================================================================

 1  79  65  72  -3   0   7 1.26  0.0    0  5.9 13 160   M    M   M        21 190
 2  77  62  70  -6   0   5 0.00  0.0    0  5.9 13  40   M    M   M         M  M
 3  80  58  69  -7   0   4 0.00  0.0    0  5.5  9  10   M    M   M         M  M
 4  83  62  73  -3   0   8 0.00  0.0    0  5.2 12  70   M    M   M         M  M
 5  85  67  76   0   0  11 0.18  0.0    0  3.6 12 160   M    M   M 3      24 160
 6  78  66  72  -5   0   7 0.00  0.0    0  5.6  8  60   M    M   M         M  M
 7  81  66  74  -3   0   9 0.00  0.0    0  5.8 12  20   M    M   M        16  20
 8  84  64  74  -3   0   9 0.00  0.0    0  3.9  9 140   M    M   M         M  M
 9  83  68  76  -1   0  11    T  0.0    0  4.8  9 210   M    M   M        17 240
10  92  69  81   3   0  16 0.00  0.0    0  6.0 12 220   M    M   M        16 220
11  93  71  82   4   0  17 0.00  0.0    0  5.1  9 220   M    M   M         M  M
12  92  76  84   6   0  19 0.00  0.0    0  7.2 13 200   M    M   M        20 220
13  94  77  86   8   0  21 0.00  0.0    0  6.5 10  30   M    M   M        21 280
14  89  70  80   1   0  15 0.00  0.0    0  4.9  8  70   M    M   M         M  M
15  89  68  79   0   0  14 0.00  0.0    0  3.5 10 140   M    M   M         M  M
16  90  73  82   3   0  17    T  0.0    0  3.7  9 200   M    M   M         M  M
17  85  71  78  -1   0  13 0.22  0.0    0  4.2  9 210   M    M   M         M  M
18  85  69  77  -3   0  12 0.00  0.0    0  4.7 10  40   M    M   M         M  M
19  90  68  79  -1   0  14 0.00  0.0    0  3.6  8 140   M    M   M         M  M
20  91  71  81   1   0  16 0.00  0.0    0  4.5  8 140   M    M   M         M  M
21  92  75  84   4   0  19 0.02  0.0    0  5.7 10 130   M    M   M         M  M
22  89  73  81   1   0  16    T  0.0    0  4.5 10 220   M    M   M 3      22 220
23  93  73  83   3   0  18 0.00  0.0    0  5.5  8 170   M    M   M 1       M  M
24  93  75  84   3   0  19 0.00  0.0    0  5.7 12 190   M    M   M         M  M
25  92  75  84   3   0  19 0.00  0.0    0  8.9 13 200   M    M   M        22 210
26  93  76  85   4   0  20 0.00  0.0    0  8.9 13 200   M    M   M        21 220
27  98  76  87   6   0  22 0.00  0.0    0  4.7 13  80   M    M   M        21  80
28  96  80  88   7   0  23 0.00  0.0    0  5.4 13  20   M    M   M        20  50
29  90  72  81   0   0  16 0.00  0.0    0  5.8 10 310   M    M   M        18 310
30  85  68  77  -5   0  12    T  0.0    0  6.5  9  10   M    M   M        21 350
================================================================================
SM 2641 2104         0 429  1.68     0.0 161.7          M        M
================================================================================
AV 88.0 70.1                               5.4 FASTST   M    M   0    MAX(MPH)
                                 MISC ---->    13   M                 24    M
================================================================================
NOTES:
# LAST OF SEVERAL OCCURRENCES

COLUMN 17 PEAK WIND IN M.P.H.

PRELIMINARY LOCAL CLIMATOLOGICAL DATA (WS FORM: F-6) , PAGE 2

                                          STATION:  NORTH LITTLE ROCK
                                          MONTH:    JUNE
                                          YEAR:     2013
                                          LATITUDE:   34 50 N
                                          LONGITUDE:  92 16 W

[TEMPERATURE DATA]      [PRECIPITATION DATA]       SYMBOLS USED IN COLUMN 16

AVERAGE MONTHLY: 79.1   TOTAL FOR MONTH:   1.68    1 = FOG OR MIST
DPTR FM NORMAL:   0.4   DPTR FM NORMAL:   -1.63    2 = FOG REDUCING VISIBILITY
HIGHEST:    98 ON 27    GRTST 24HR  1.26 ON  1- 1      TO 1/4 MILE OR LESS
LOWEST:     58 ON  3                               3 = THUNDER
                        SNOW, ICE PELLETS, HAIL    4 = ICE PELLETS
                        TOTAL MONTH:   0.0 INCH    5 = HAIL
                        GRTST 24HR     0.0         6 = FREEZING RAIN OR DRIZZLE
                        GRTST DEPTH:   0           7 = DUSTSTORM OR SANDSTORM:
                                                       VSBY 1/2 MILE OR LESS
                                                   8 = SMOKE OR HAZE
[NO. OF DAYS WITH]      [WEATHER - DAYS WITH]      9 = BLOWING SNOW
                                                   X = TORNADO
MAX 32 OR BELOW:   0    0.01 INCH OR MORE:   4
MAX 90 OR ABOVE:  15    0.10 INCH OR MORE:   3
MIN 32 OR BELOW:   0    0.50 INCH OR MORE:   1
MIN  0 OR BELOW:   0    1.00 INCH OR MORE:   1

[HDD (BASE 65) ]
TOTAL THIS MO.     0    CLEAR  (SCALE 0-3)   0
DPTR FM NORMAL    -1    PTCLDY (SCALE 4-7)   0
TOTAL FM JUL 1  3045    CLOUDY (SCALE 8-10)  0
DPTR FM NORMAL    39

[CDD (BASE 65) ]
TOTAL THIS MO.   429
DPTR FM NORMAL    16    [PRESSURE DATA]
TOTAL FM JAN 1   680    HIGHEST SLP 30.14 ON 21
DPTR FM NORMAL   -29    LOWEST  SLP 29.70 ON  5

[REMARKS]
#FINAL-06-13#
