000
CXUS54 KLZK 142324
CF6LZK
PRELIMINARY LOCAL CLIMATOLOGICAL DATA (WS FORM: F-6)

                                          STATION:   North Little Rock
                                          MONTH:     JANUARY
                                          YEAR:      2014
                                          LATITUDE:   34 50 N
                                          LONGITUDE:  92 16 W

  TEMPERATURE IN F:       :PCPN:    SNOW:  WIND      :SUNSHINE: SKY     :PK WND
================================================================================
1   2   3   4   5  6A  6B    7    8   9   10  11  12  13   14  15   16   17  18
                                     12Z  AVG MX 2MIN
DY MAX MIN AVG DEP HDD CDD  WTR  SNW DPTH SPD SPD DIR MIN PSBL S-S WX    SPD DR
================================================================================

 1  53  28  41   0  24   0 0.00  0.0    0  5.7 12 120   M    M   M         M  M
 2  49  23  36  -5  29   0    T  0.0    0  8.6 16 310   M    M   M        27 310
 3  34  17  26 -15  39   0 0.00  0.0    0  7.5 13 160   M    M   M        17 160
 4  48  26  37  -4  28   0 0.00  0.0    0  9.0 13 140   M    M   M        21 140
 5  53  15  34  -7  31   0 0.27    T    0 10.4 20 330   M    M   M        38 330
 6  20  10  15 -26  50   0 0.00  0.0    0  7.6 13 320   M    M   M        24 320
 7  37   9  23 -18  42   0 0.00  0.0    0  6.4 10 190   M    M   M        16 210
 8  32  26  29 -12  36   0 0.19    T    0  5.8 10 200   M    M   M 46      M  M
 9  36  31  34  -7  31   0 0.85  0.0    0  6.6 12  90   M    M   M 126    16  90
10  57  36  47   6  18   0 0.99  0.0    0  6.5 12 140   M    M   M 12      M  M
11  57  41  49   8  16   0 0.00  0.0    0  6.9 10 270   M    M   M        22 290
12  67  38  53  12  12   0 0.00  0.0    0  8.2 15 190   M    M   M        23 210
13  62  46  54  13  11   0 0.01  0.0    0  7.5 15 190   M    M   M        21 190
14  62  40  51  10  14   0    T  0.0    0  7.1 12 330   M    M   M        21 310
15  42  31  37  -4  28   0 0.00  0.0    0  5.8 12 330   M    M   M        22 330
16  61  33  47   6  18   0 0.00  0.0    0  8.6 14 290   M    M   M        27 290
17  46  29  38  -3  27   0 0.00  0.0    0  6.9 12 300   M    M   M        25 300
18  61  29  45   4  20   0 0.00  0.0    0  8.7 15 230   M    M   M        28 220
19  59  35  47   6  18   0 0.00  0.0    0  6.4  9 220   M    M   M        17 300
20  69  36  53  12  12   0 0.00  0.0    0  6.7 15 330   M    M   M        25 330
21  50  23  37  -4  28   0 0.00  0.0    0  8.9 16 330   M    M   M        30 330
22  48  22  35  -6  30   0 0.00  0.0    0  5.3 10 210   M    M   M         M  M
23  34  16  25 -16  40   0 0.00  0.0    0  8.7 15  20   M    M   M        23  20
24  35  10  23 -18  42   0 0.00  0.0    0  7.0 13 220   M    M   M        21 220
25  59  29  44   3  21   0 0.00  0.0    0  6.1 12 230   M    M   M        22 230
26  65  40  53  11  12   0 0.00  0.0    0  6.6 17 210   M    M   M        25 210
27  50  22  36  -6  29   0 0.00  0.0    0 11.4 20  10   M    M   M        28  10
28  30  18  24 -18  41   0    T    T    0  6.8 12  20   M    M   M        18  30
29  40  14  27 -15  38   0 0.00  0.0    0  5.5 10 140   M    M   M         M  M
30  48  23  36  -6  29   0 0.00  0.0    0  8.8 15 200   M    M   M        25 200
31  55  35  45   3  20   0    T  0.0    0  5.6  8 150   M    M   M         M  M
================================================================================
SM 1519  831       834   0  2.31    T    227.6          M        M
================================================================================
AV 49.0 26.8                               7.3 FASTST   M    M   0    MAX(MPH)
                                 MISC ---->    20   M               # 38  330
================================================================================
NOTES:
# LAST OF SEVERAL OCCURRENCES

COLUMN 17 PEAK WIND IN M.P.H.

PRELIMINARY LOCAL CLIMATOLOGICAL DATA (WS FORM: F-6) , PAGE 2

                                          STATION:  North Little Rock
                                          MONTH:    JANUARY
                                          YEAR:     2014
                                          LATITUDE:   34 50 N
                                          LONGITUDE:  92 16 W

[TEMPERATURE DATA]      [PRECIPITATION DATA]       SYMBOLS USED IN COLUMN 16

AVERAGE MONTHLY: 37.9   TOTAL FOR MONTH:   2.31    1 = FOG OR MIST
DPTR FM NORMAL:  -3.2   DPTR FM NORMAL:   -1.11    2 = FOG REDUCING VISIBILITY
HIGHEST:    69 ON 20    GRTST 24HR  0.99 ON 10-10      TO 1/4 MILE OR LESS
LOWEST:      9 ON  7                               3 = THUNDER
                        SNOW, ICE PELLETS, HAIL    4 = ICE PELLETS
                        TOTAL MONTH:    T          5 = HAIL
                        GRTST 24HR    T  ON 28-28  6 = FREEZING RAIN OR DRIZZLE
                        GRTST DEPTH:   0           7 = DUSTSTORM OR SANDSTORM:
                                                       VSBY 1/2 MILE OR LESS
                                                   8 = SMOKE OR HAZE
[NO. OF DAYS WITH]      [WEATHER - DAYS WITH]      9 = BLOWING SNOW
                                                   X = TORNADO
MAX 32 OR BELOW:   3    0.01 INCH OR MORE:   5
MAX 90 OR ABOVE:   0    0.10 INCH OR MORE:   4
MIN 32 OR BELOW:  21    0.50 INCH OR MORE:   2
MIN  0 OR BELOW:   0    1.00 INCH OR MORE:   0

[HDD (BASE 65) ]
TOTAL THIS MO.   834    CLEAR  (SCALE 0-3)   0
DPTR FM NORMAL    93    PTCLDY (SCALE 4-7)   0
TOTAL FM JUL 1  2140    CLOUDY (SCALE 8-10)  0
DPTR FM NORMAL   207

[CDD (BASE 65) ]
TOTAL THIS MO.     0
DPTR FM NORMAL    -1    [PRESSURE DATA]
TOTAL FM JAN 1     0    HIGHEST SLP 30.76 ON 23
DPTR FM NORMAL     0    LOWEST  SLP 29.64 ON 10

[REMARKS]
#FINAL-01-14#
