000
CXUS54 KLZK 081907
CF6LZK
PRELIMINARY LOCAL CLIMATOLOGICAL DATA (WS FORM: F-6)

                                          STATION:   North Little Rock
                                          MONTH:     SEPTEMBER
                                          YEAR:      2013
                                          LATITUDE:   34 50 N
                                          LONGITUDE:  92 16 W

  TEMPERATURE IN F:       :PCPN:    SNOW:  WIND      :SUNSHINE: SKY     :PK WND
================================================================================
1   2   3   4   5  6A  6B    7    8   9   10  11  12  13   14  15   16   17  18
                                     12Z  AVG MX 2MIN
DY MAX MIN AVG DEP HDD CDD  WTR  SNW DPTH SPD SPD DIR MIN PSBL S-S WX    SPD DR
================================================================================

 1  97  78  88   8   0  23 0.02  0.0    0  5.1  9 210   M    M   M 3       M  M
 2  90  75  83   4   0  18 0.01  0.0    0  4.3  7  70   M    M   M         M  M
 3  91  70  81   2   0  16 0.00  0.0    0  6.7  9  60   M    M   M         M  M
 4  90  66  78  -1   0  13 0.00  0.0    0  5.1 10  50   M    M   M        16  70
 5  91  66  79   1   0  14 0.00  0.0    0  5.4 12  60   M    M   M        16  60
 6  92  67  80   2   0  15 0.00  0.0    0  5.0 10  70   M    M   M         M  M
 7  97  69  83   5   0  18 0.00  0.0    0  3.9  8 160   M    M   M         M  M
 8  99  74  87  10   0  22 0.00  0.0    0  4.4  7 180   M    M   M         M  M
 9  98  78  88  11   0  23 0.00  0.0    0  5.1 10 150   M    M   M        17 150
10  98  73  86   9   0  21 0.00  0.0    0  3.5  8 110   M    M   M         M  M
11  95  73  84   8   0  19 0.00  0.0    0  3.0 10 130   M    M   M 3      15 360
12  94  73  84   8   0  19    T  0.0    0  2.6  8 120   M    M   M 13      M  M
13  88  65  77   1   0  12 0.00  0.0    0  9.1 16  30   M    M   M        21  30
14  81  57  69  -6   0   4 0.00  0.0    0  6.9 12  70   M    M   M        17  70
15  89  56  73  -2   0   8 0.00  0.0    0  2.9  7 120   M    M   M         M  M
16  93  66  80   6   0  15 0.00  0.0    0  5.9 14  60   M    M   M        18  70
17  91  63  77   3   0  12 0.00  0.0    0  6.4 10  60   M    M   M         M  M
18  94  72  83   9   0  18 0.01  0.0    0  4.9 13 150   M    M   M 3      18 150
19  91  72  82   9   0  17 0.00  0.0    0  6.3  9 140   M    M   M        17 160
20  81  65  73   0   0   8 2.00  0.0    0  6.0 14  40   M    M   M        20  40
21  80  58  69  -3   0   4 0.00  0.0    0  7.8 14  60   M    M   M        24  60
22  79  57  68  -4   0   3 0.00  0.0    0  7.1 10  40   M    M   M         M  M
23  82  56  69  -3   0   4 0.00  0.0    0  6.2 12  80   M    M   M        21  90
24  87  63  75   4   0  10 0.00  0.0    0  3.4  8 150   M    M   M         M  M
25  83  64  74   3   0   9 0.00  0.0    0  4.3 10 340   M    M   M         M  M
26  86  62  74   4   0   9 0.00  0.0    0  2.9  9  70   M    M   M         M  M
27  86  66  76   6   0  11 0.00  0.0    0  4.3 10 120   M    M   M 1       M  M
28  85  67  76   6   0  11 0.03  0.0    0  6.4 10 180   M    M   M 1      18 180
29  76  69  73   4   0   8 0.19  0.0    0  4.1  8  70   M    M   M 12      M  M
30  79  68  74   5   0   9    T  0.0    0  5.0  8  60   M    M   M         M  M
================================================================================
SM 2663 2008         0 393  2.26     0.0 154.0          M        M
================================================================================
AV 88.8 66.9                               5.1 FASTST   M    M   0    MAX(MPH)
                                 MISC ---->    16   M                 24    M
================================================================================
NOTES:
# LAST OF SEVERAL OCCURRENCES

COLUMN 17 PEAK WIND IN M.P.H.

PRELIMINARY LOCAL CLIMATOLOGICAL DATA (WS FORM: F-6) , PAGE 2

                                          STATION:  North Little Rock
                                          MONTH:    SEPTEMBER
                                          YEAR:     2013
                                          LATITUDE:   34 50 N
                                          LONGITUDE:  92 16 W

[TEMPERATURE DATA]      [PRECIPITATION DATA]       SYMBOLS USED IN COLUMN 16

AVERAGE MONTHLY: 77.9   TOTAL FOR MONTH:   2.26    1 = FOG OR MIST
DPTR FM NORMAL:   3.4   DPTR FM NORMAL:   -1.05    2 = FOG REDUCING VISIBILITY
HIGHEST:    99 ON  8    GRTST 24HR  2.00 ON 20-20      TO 1/4 MILE OR LESS
LOWEST:     56 ON 23,15                            3 = THUNDER
                        SNOW, ICE PELLETS, HAIL    4 = ICE PELLETS
                        TOTAL MONTH:   0.0 INCH    5 = HAIL
                        GRTST 24HR     0.0         6 = FREEZING RAIN OR DRIZZLE
                        GRTST DEPTH:   0           7 = DUSTSTORM OR SANDSTORM:
                                                       VSBY 1/2 MILE OR LESS
                                                   8 = SMOKE OR HAZE
[NO. OF DAYS WITH]      [WEATHER - DAYS WITH]      9 = BLOWING SNOW
                                                   X = TORNADO
MAX 32 OR BELOW:   0    0.01 INCH OR MORE:   6
MAX 90 OR ABOVE:  16    0.10 INCH OR MORE:   2
MIN 32 OR BELOW:   0    0.50 INCH OR MORE:   1
MIN  0 OR BELOW:   0    1.00 INCH OR MORE:   1

[HDD (BASE 65) ]
TOTAL THIS MO.     0    CLEAR  (SCALE 0-3)   0
DPTR FM NORMAL   -13    PTCLDY (SCALE 4-7)   0
TOTAL FM JUL 1     0    CLOUDY (SCALE 8-10)  0
DPTR FM NORMAL   -13

[CDD (BASE 65) ]
TOTAL THIS MO.   393
DPTR FM NORMAL    96    [PRESSURE DATA]
TOTAL FM JAN 1  2029    HIGHEST SLP 30.18 ON  5
DPTR FM NORMAL   -45    LOWEST  SLP 29.75 ON 24

[REMARKS]
#FINAL-09-13#
