000
CXUS54 KLZK 031542
CF6LZK

PRELIMINARY LOCAL CLIMATOLOGICAL DATA (WS FORM: F-6)

                                          STATION:   NORTH LITTLE ROCK
                                          MONTH:     DECEMBER
                                          YEAR:      2015
                                          LATITUDE:   34 50 N
                                          LONGITUDE:  92 16 W

  TEMPERATURE IN F:       :PCPN:    SNOW:  WIND      :SUNSHINE: SKY     :PK WND
================================================================================
1   2   3   4   5  6A  6B    7    8   9   10  11  12  13   14  15   16   17  18
                                     12Z  AVG MX 2MIN
DY MAX MIN AVG DEP HDD CDD  WTR  SNW DPTH SPD SPD DIR MIN PSBL S-S WX    SPD DR
================================================================================

 1  49  40  45  -2  20   0 0.00  0.0    0   M   M   M   M    M   M         M  M
 2  51  35  43  -3  22   0 0.00  0.0    0   M   M   M   M    M   M         M  M
 3  55  36  46   0  19   0 0.00  0.0    0   M   M   M   M    M   M         M  M
 4  54  35  45  -1  20   0 0.00  0.0    0   M   M   M   M    M   M         M  M
 5  58  36  47   2  18   0 0.00  0.0    0   M   M   M   M    M   M         M  M
 6  64  38  51   6  14   0 0.00  0.0    0   M   M   M   M    M   M         M  M
 7  63  42  53   8  12   0 0.00  0.0    0   M   M   M   M    M   M         M  M
 8  65  42  54  10  11   0 0.00  0.0    0   M   M   M   M    M   M         M  M
 9  68  46  57  13   8   0 0.00  0.0    0   M   M   M   M    M   M         M  M
10  70  44  57  13   8   0 0.00  0.0    0   M   M   M   M    M   M         M  M
11  75  59  67  23   0   2 0.02  0.0    0   M   M   M   M    M   M 12      M  M
12  73  66  70  26   0   5    T  0.0    0   M   M   M   M    M   M         M  M
13  69  51  60  17   5   0 1.76  0.0    0   M   M   M   M    M   M         M  M
14  62  49  56  13   9   0 0.00  0.0    0   M   M   M   M    M   M         M  M
15  67  43  55  12  10   0 0.00  0.0    0   M   M   M   M    M   M         M  M
16  60  41  51   8  14   0 0.18  0.0    0   M   M   M   M    M   M         M  M
17  52  35  44   2  21   0 0.00  0.0    0   M   M   M   M    M   M         M  M
18  46  34  40  -2  25   0 0.00  0.0    0   M   M   M   M    M   M         M  M
19  57  32  45   3  20   0 0.00  0.0    0   M   M   M   M    M   M         M  M
20  57  40  49   7  16   0    T  0.0    0   M   M   M   M    M   M         M  M
21  64  53  59  17   6   0 0.17  0.0    0   M   M   M   M    M   M         M  M
22  63  43  53  11  12   0    T  0.0    0   M   M   M   M    M   M         M  M
23  73  55  64  22   1   0 1.18  0.0    0   M   M   M   M    M   M 123     M  M
24  70  46  58  16   7   0 0.00  0.0    0   M   M   M   M    M   M         M  M
25  61  53  57  16   8   0 0.19  0.0    0   M   M   M   M    M   M 1       M  M
26  78  52  65  24   0   0 1.55  0.0    0   M   M   M   M    M   M 123     M  M
27  69  44  57  16   8   0 3.23  0.0    0   M   M   M   M    M   M 13      M  M
28  50  37  44   3  21   0 1.80  0.0    0   M   M   M   M    M   M 13      M  M
29  42  35  39  -2  26   0 0.00  0.0    0   M   M   M   M    M   M         M  M
30  48  36  42   1  23   0 0.00  0.0    0   M   M   M   M    M   M         M  M
31  44  31  38  -3  27   0 0.00  0.0    0   M   M   M   M    M   M         M  M
================================================================================
SM 1877 1329       411   7 10.08     0.0     M          M        M
================================================================================
AV 60.5 42.9                                 M FASTST   M    M   5    MAX(MPH)
                                 MISC ---->     M   M                  M    M
================================================================================
NOTES:
# LAST OF SEVERAL OCCURRENCES

COLUMN 17 PEAK WIND IN M.P.H.

PRELIMINARY LOCAL CLIMATOLOGICAL DATA (WS FORM: F-6) , PAGE 2

                                          STATION:  NORTH LITTLE ROCK
                                          MONTH:    DECEMBER
                                          YEAR:     2015
                                          LATITUDE:   34 50 N
                                          LONGITUDE:  92 16 W

[TEMPERATURE DATA]      [PRECIPITATION DATA]       SYMBOLS USED IN COLUMN 16

AVERAGE MONTHLY: 51.7   TOTAL FOR MONTH:  10.08    1 = FOG OR MIST
DPTR FM NORMAL:   8.6   DPTR FM NORMAL:    5.07    2 = FOG REDUCING VISIBILITY
HIGHEST:    78 ON 26    GRTST 24HR  5.03 ON 27-28      TO 1/4 MILE OR LESS
LOWEST:     31 ON 31                               3 = THUNDER
                        SNOW, ICE PELLETS, HAIL    4 = ICE PELLETS
                        TOTAL MONTH:   0.0 INCH    5 = HAIL
                        GRTST 24HR     0.0         6 = FREEZING RAIN OR DRIZZLE
                        GRTST DEPTH:   0           7 = DUSTSTORM OR SANDSTORM:
                                                       VSBY 1/2 MILE OR LESS
                                                   8 = SMOKE OR HAZE
[NO. OF DAYS WITH]      [WEATHER - DAYS WITH]      9 = BLOWING SNOW
                                                   X = TORNADO
MAX 32 OR BELOW:   0    0.01 INCH OR MORE:   9
MAX 90 OR ABOVE:   0    0.10 INCH OR MORE:   8
MIN 32 OR BELOW:   2    0.50 INCH OR MORE:   5
MIN  0 OR BELOW:   0    1.00 INCH OR MORE:   5

[HDD (BASE 65) ]
TOTAL THIS MO.   411    CLEAR  (SCALE 0-3)   0
DPTR FM NORMAL  -269    PTCLDY (SCALE 4-7)   0
TOTAL FM JUL 1   764    CLOUDY (SCALE 8-10)  0
DPTR FM NORMAL  -428

[CDD (BASE 65) ]
TOTAL THIS MO.     7
DPTR FM NORMAL     6    [PRESSURE DATA]
TOTAL FM JAN 1  2322    HIGHEST SLP 30.57 ON  4
DPTR FM NORMAL   152    LOWEST  SLP 29.33 ON 23

[REMARKS]
#FINAL-12-15#
