000
CXUS54 KLZK 040214
CF6LZK
PRELIMINARY LOCAL CLIMATOLOGICAL DATA (WS FORM: F-6)

                                          STATION:   North Little Rock
                                          MONTH:     JANUARY
                                          YEAR:      2015
                                          LATITUDE:   34 50 N
                                          LONGITUDE:  92 16 W

  TEMPERATURE IN F:       :PCPN:    SNOW:  WIND      :SUNSHINE: SKY     :PK WND
================================================================================
1   2   3   4   5  6A  6B    7    8   9   10  11  12  13   14  15   16   17  18
                                     12Z  AVG MX 2MIN
DY MAX MIN AVG DEP HDD CDD  WTR  SNW DPTH SPD SPD DIR MIN PSBL S-S WX    SPD DR
================================================================================

 1  38  34  36  -5  29   0 0.16  0.0    0  3.2  7  80   M    M   M         8 150
 2  43  34  39  -2  26   0 0.55  0.0    0  7.2 12  70   M    M   M 12     15  70
 3  52  42  47   6  18   0 1.31  0.0    0  7.2 12 250   M    M   M 123    22 240
 4  42  25  34  -7  31   0 0.00  0.0    0  7.5 14 290   M    M   M        28 290
 5  33  19  26 -15  39   0 0.00  0.0    0  6.8  8 140   M    M   M        13 350
 6  52  26  39  -2  26   0 0.00  0.0    0  4.7  9  50   M    M   M        12  50
 7  34  13  24 -17  41   0    T    T    0  9.9 18  10   M    M   M        27 340
 8  32   8  20 -21  45   0 0.00  0.0    0  6.4 12 210   M    M   M        21 210
 9  36  24  30 -11  35   0 0.00  0.0    0  6.1  8 340   M    M   M        18 340
10  33  18  26 -15  39   0 0.00  0.0    0  6.6  8 170   M    M   M        13 170
11  37  30  34  -7  31   0 0.50  0.0    0  5.3 10  80   M    M   M 6      13  80
12  40  32  36  -5  29   0 0.06  0.0    0  8.1 13 140   M    M   M 1      22  20
13  35  23  29 -12  36   0 0.00  0.0    0  8.4 15  40   M    M   M        22  40
14  40  20  30 -11  35   0 0.00  0.0    0  4.8  7  60   M    M   M         9  60
15  47  31  39  -2  26   0    T    T    0  3.1  7 330   M    M   M        10 330
16  58  35  47   6  18   0 0.00  0.0    0  6.1 10 240   M    M   M        13 240
17  64  36  50   9  15   0 0.00  0.0    0  7.5 13 210   M    M   M        24 220
18  66  39  53  12  12   0 0.00  0.0    0  7.5 13 210   M    M   M        24 220
19  65  47  56  15   9   0 0.00  0.0    0  6.5  9 220   M    M   M        16 240
20  67  44  56  15   9   0 0.00  0.0    0  7.7 12  10   M    M   M        15  10
21  60  38  49   8  16   0 0.00  0.0    0  5.0  9 310   M    M   M        14 310
22  49  39  44   3  21   0 0.34  0.0    0 10.4 14  50   M    M   M        20  50
23  48  37  43   2  22   0    T    T    0  7.6 13 170   M    M   M        18 170
24  59  30  45   4  20   0 0.00  0.0    0  5.9  9 240   M    M   M        16 280
25  59  42  51  10  14   0    T  0.0    0  9.1 18 330   M    M   M        30 290
26  59  35  47   5  18   0 0.00  0.0    0  5.5  9 330   M    M   M        18 310
27  65  45  55  13  10   0 0.00  0.0    0  5.7 10 340   M    M   M        16  20
28  62  37  50   8  15   0 0.00  0.0    0  9.3 15 140   M    M   M        20 170
29  64  37  51   9  14   0 0.00  0.0    0  9.0 16 360   M    M   M        24 340
30  51  32  42   0  23   0 0.00  0.0    0  5.6  8  50   M    M   M        13  50
31  46  38  42   0  23   0 0.00  0.0    0  6.3  9 110   M    M   M        16 130
================================================================================
SM 1536  990       745   0  2.92    T    210.0          M        M
================================================================================
AV 49.5 31.9                               6.8 FASTST   M    M  -1    MAX(MPH)
                                 MISC ---->  # 18  10               # 30  290
================================================================================
NOTES:
# LAST OF SEVERAL OCCURRENCES

COLUMN 17 PEAK WIND IN M.P.H.

PRELIMINARY LOCAL CLIMATOLOGICAL DATA (WS FORM: F-6) , PAGE 2

                                          STATION:  North Little Rock
                                          MONTH:    JANUARY
                                          YEAR:     2015
                                          LATITUDE:   34 50 N
                                          LONGITUDE:  92 16 W

[TEMPERATURE DATA]      [PRECIPITATION DATA]       SYMBOLS USED IN COLUMN 16

AVERAGE MONTHLY: 40.7   TOTAL FOR MONTH:   2.92    1 = FOG OR MIST
DPTR FM NORMAL:  -0.4   DPTR FM NORMAL:   -0.50    2 = FOG REDUCING VISIBILITY
HIGHEST:    67 ON 20    GRTST 24HR  1.31 ON  3- 3      TO 1/4 MILE OR LESS
LOWEST:      8 ON  8                               3 = THUNDER
                        SNOW, ICE PELLETS, HAIL    4 = ICE PELLETS
                        TOTAL MONTH:    T          5 = HAIL
                        GRTST 24HR    T  ON 23-23  6 = FREEZING RAIN OR DRIZZLE
                        GRTST DEPTH:   0           7 = DUSTSTORM OR SANDSTORM:
                                                       VSBY 1/2 MILE OR LESS
                                                   8 = SMOKE OR HAZE
[NO. OF DAYS WITH]      [WEATHER - DAYS WITH]      9 = BLOWING SNOW
                                                   X = TORNADO
MAX 32 OR BELOW:   1    0.01 INCH OR MORE:   6
MAX 90 OR ABOVE:   0    0.10 INCH OR MORE:   5
MIN 32 OR BELOW:  14    0.50 INCH OR MORE:   3
MIN  0 OR BELOW:   0    1.00 INCH OR MORE:   1

[HDD (BASE 65) ]
TOTAL THIS MO.   745    CLEAR  (SCALE 0-3)   0
DPTR FM NORMAL     4    PTCLDY (SCALE 4-7)   0
TOTAL FM JUL 1  2008    CLOUDY (SCALE 8-10)  0
DPTR FM NORMAL    75

[CDD (BASE 65) ]
TOTAL THIS MO.     0
DPTR FM NORMAL    -1    [PRESSURE DATA]
TOTAL FM JAN 1     0    HIGHEST SLP 30.86 ON  7
DPTR FM NORMAL     0    LOWEST  SLP 29.69 ON 25

[REMARKS]
#FINAL-01-15#
