000
CXUS54 KLZK 022131
CF6LZK
PRELIMINARY LOCAL CLIMATOLOGICAL DATA (WS FORM: F-6)

                                          STATION:   North Little Rock
                                          MONTH:     OCTOBER
                                          YEAR:      2013
                                          LATITUDE:   34 50 N
                                          LONGITUDE:  92 16 W

  TEMPERATURE IN F:       :PCPN:    SNOW:  WIND      :SUNSHINE: SKY     :PK WND
================================================================================
1   2   3   4   5  6A  6B    7    8   9   10  11  12  13   14  15   16   17  18
                                     12Z  AVG MX 2MIN
DY MAX MIN AVG DEP HDD CDD  WTR  SNW DPTH SPD SPD DIR MIN PSBL S-S WX    SPD DR
================================================================================

 1  80  71  76   7   0  11    T  0.0    0  5.0 10 160   M    M   M         M  M
 2  86  69  78  10   0  13    T  0.0    0  5.5 15 130   M    M   M 3      27 130
 3  85  67  76   8   0  11 0.01  0.0    0  5.0 10 180   M    M   M         M  M
 4  84  71  78  10   0  13 0.00  0.0    0  6.9 13 150   M    M   M        21 150
 5  80  54  67   0   0   2 1.22  0.0    0  7.2 13 200   M    M   M        21 320
 6  70  51  61  -6   4   0 0.00  0.0    0  4.6  7 320   M    M   M        17 290
 7  73  50  62  -5   3   0 0.00  0.0    0  5.2 10 340   M    M   M        17 340
 8  74  52  63  -3   2   0 0.00  0.0    0  6.4 14  80   M    M   M        18  80
 9  77  52  65  -1   0   0 0.00  0.0    0  3.3  8 140   M    M   M         M  M
10  78  59  69   3   0   4 0.00  0.0    0  4.0  8  90   M    M   M 12      M  M
11  80  60  70   5   0   5 0.00  0.0    0  4.4 12 180   M    M   M        17 150
12  80  65  73   8   0   8 0.32  0.0    0  3.0  9 200   M    M   M 3       M  M
13  79  61  70   5   0   5 0.00  0.0    0  8.7 13  60   M    M   M        20  50
14  76  59  68   4   0   3    T  0.0    0  5.9 10  60   M    M   M         M  M
15  70  64  67   3   0   2 0.60  0.0    0  3.9  8 190   M    M   M 1       M  M
16  64  53  59  -5   6   0 0.19  0.0    0  4.7 12 340   M    M   M 1       M  M
17  67  51  59  -4   6   0    T  0.0    0  3.4  6 330   M    M   M         M  M
18  70  50  60  -3   5   0 0.01  0.0    0  2.5  6 320   M    M   M         M  M
19  62  48  55  -8  10   0 0.12  0.0    0  4.6  9 360   M    M   M         M  M
20  67  42  55  -7  10   0 0.00  0.0    0  5.1 10 190   M    M   M         M  M
21  71  49  60  -2   5   0 0.12  0.0    0  3.7  8 340   M    M   M        15 340
22  68  46  57  -5   8   0 0.00  0.0    0  4.4  8 190   M    M   M         M  M
23  64  47  56  -6   9   0 0.00  0.0    0  4.5  8 330   M    M   M         M  M
24  65  44  55  -6  10   0 0.00  0.0    0  5.1 12  10   M    M   M        18  30
25  56  37  47 -14  18   0 0.00  0.0    0  6.7 13  70   M    M   M        18  70
26  62  41  52  -9  13   0 0.08  0.0    0  4.0  9 220   M    M   M         M  M
27  57  53  55  -5  10   0 0.07  0.0    0  3.1  7  10   M    M   M         M  M
28  64  55  60   0   5   0 0.00  0.0    0  2.4  6  70   M    M   M 12      M  M
29  77  56  67   7   0   2 0.00  0.0    0  7.3 12 200   M    M   M 12     21 200
30  70  63  67   8   0   2 0.17  0.0    0  5.9  9 180   M    M   M 1       M  M
31  76  54  65   6   0   0 0.55  0.0    0  9.2 16 210   M    M   M 1      27 220
================================================================================
SM 2232 1694       124  81  3.46     0.0 155.6          M        M
================================================================================
AV 72.0 54.6                               5.0 FASTST   M    M   0    MAX(MPH)
                                 MISC ---->    16   M               # 27  130
================================================================================
NOTES:
# LAST OF SEVERAL OCCURRENCES

COLUMN 17 PEAK WIND IN M.P.H.

PRELIMINARY LOCAL CLIMATOLOGICAL DATA (WS FORM: F-6) , PAGE 2

                                          STATION:  North Little Rock
                                          MONTH:    OCTOBER
                                          YEAR:     2013
                                          LATITUDE:   34 50 N
                                          LONGITUDE:  92 16 W

[TEMPERATURE DATA]      [PRECIPITATION DATA]       SYMBOLS USED IN COLUMN 16

AVERAGE MONTHLY: 63.3   TOTAL FOR MONTH:   3.46    1 = FOG OR MIST
DPTR FM NORMAL:  -0.5   DPTR FM NORMAL:   -1.34    2 = FOG REDUCING VISIBILITY
HIGHEST:    86 ON  2    GRTST 24HR  1.22 ON  5- 5      TO 1/4 MILE OR LESS
LOWEST:     37 ON 25                               3 = THUNDER
                        SNOW, ICE PELLETS, HAIL    4 = ICE PELLETS
                        TOTAL MONTH:   0.0 INCH    5 = HAIL
                        GRTST 24HR     0.0         6 = FREEZING RAIN OR DRIZZLE
                        GRTST DEPTH:   0           7 = DUSTSTORM OR SANDSTORM:
                                                       VSBY 1/2 MILE OR LESS
                                                   8 = SMOKE OR HAZE
[NO. OF DAYS WITH]      [WEATHER - DAYS WITH]      9 = BLOWING SNOW
                                                   X = TORNADO
MAX 32 OR BELOW:   0    0.01 INCH OR MORE:  12
MAX 90 OR ABOVE:   0    0.10 INCH OR MORE:   8
MIN 32 OR BELOW:   0    0.50 INCH OR MORE:   3
MIN  0 OR BELOW:   0    1.00 INCH OR MORE:   1

[HDD (BASE 65) ]
TOTAL THIS MO.   124    CLEAR  (SCALE 0-3)   0
DPTR FM NORMAL     2    PTCLDY (SCALE 4-7)   0
TOTAL FM JUL 1   124    CLOUDY (SCALE 8-10)  0
DPTR FM NORMAL   -11

[CDD (BASE 65) ]
TOTAL THIS MO.    81
DPTR FM NORMAL    -3    [PRESSURE DATA]
TOTAL FM JAN 1  2110    HIGHEST SLP 30.54 ON 25
DPTR FM NORMAL   -48    LOWEST  SLP 29.52 ON 31

[REMARKS]
#FINAL-10-13#
