000
CDUS44 KLZK 172210
CLILZK


CLIMATE REPORT
NATIONAL WEATHER SERVICE LITTLE ROCK AR
409 PM CST SUN DEC 17 2017


...................................

...THE NORTH LITTLE ROCK CLIMATE SUMMARY FOR DECEMBER 17 2017...
VALID TODAY AS OF 0400 PM LOCAL TIME.

CLIMATE NORMAL PERIOD 1981 TO 2010
CLIMATE RECORD PERIOD 1975 TO 2017


WEATHER ITEM   OBSERVED TIME   RECORD YEAR NORMAL DEPARTURE LAST
                VALUE   (LST)  VALUE       VALUE  FROM      YEAR
                                                  NORMAL
..................................................................
TEMPERATURE (F)
 TODAY
  MAXIMUM         45        MM  75    2016  51     -6       75
  MINIMUM         42        MM  10    1979  35      7       29
  AVERAGE         44                        42      2       52

PRECIPITATION (IN)
  TODAY            0.91          2.20 1990   0.16   0.75     0.06
  MONTH TO DATE    1.87                      2.92  -1.05     1.26
  SINCE DEC 1      1.87                      2.92  -1.05     1.26
  SINCE JAN 1     46.52                     47.94  -1.42    50.56

SNOWFALL (IN)
  TODAY            0.0           0.3  1989   0.1   -0.1      0.0
  MONTH TO DATE    0.0                       0.2   -0.2       T
  SINCE DEC 1      0.0                       0.2   -0.2       T
  SINCE JUL 1      T                         0.2   -0.2       T
  SNOW DEPTH       0

DEGREE DAYS
 HEATING
  TODAY           21                        23     -2       13
  MONTH TO DATE  294                       352    -58      370
  SINCE DEC 1    294                       352    -58      370
  SINCE JUL 1    700                       864   -164      664

 COOLING
  TODAY            0                         0      0        0
  MONTH TO DATE    0                         0      0        0
  SINCE DEC 1      0                         0      0        0
  SINCE JAN 1   2083                      2169    -86     2374
..................................................................


WIND (MPH)
  HIGHEST WIND SPEED     8   HIGHEST WIND DIRECTION     S (160)
  HIGHEST GUST SPEED    MM   HIGHEST GUST DIRECTION    MM
  AVERAGE WIND SPEED     2.6


SKY COVER
  POSSIBLE SUNSHINE  MM
  AVERAGE SKY COVER 0.0


WEATHER CONDITIONS
 THE FOLLOWING WEATHER WAS RECORDED TODAY.
  RAIN
  LIGHT RAIN
  FOG
  FOG W/VISIBILITY <= 1/4 MILE


RELATIVE HUMIDITY (PERCENT)
 HIGHEST   100
 LOWEST     89
 AVERAGE    95

..........................................................


THE NORTH LITTLE ROCK CLIMATE NORMALS FOR TOMORROW
                         NORMAL    RECORD    YEAR
 MAXIMUM TEMPERATURE (F)   50        69      2006
                                             1980
 MINIMUM TEMPERATURE (F)   34        11      1981


SUNRISE AND SUNSET
DECEMBER 17 2017......SUNRISE   711 AM CST   SUNSET   500 PM CST
DECEMBER 18 2017......SUNRISE   711 AM CST   SUNSET   500 PM CST


-  INDICATES NEGATIVE NUMBERS.
R  INDICATES RECORD WAS SET OR TIED.
MM INDICATES DATA IS MISSING.
T  INDICATES TRACE AMOUNT.




$$
