000
CXUS54 KLZK 040156
CLSLZK
CLIMATE REPORT
NATIONAL WEATHER SERVICE LITTLE ROCK AR
856 PM CDT SUN SEP 03 2023
...................................
...THE NORTH LITTLE ROCK CLIMATE SUMMARY FOR THE SEASON, FROM
6/1/2023 TO 8/31/2023...
CLIMATE NORMAL PERIOD 1991 TO 2020
CLIMATE RECORD PERIOD 1975 TO 2023
WEATHER OBSERVED NORMAL DEPART LAST YEAR`S
VALUE DATE(S) VALUE FROM VALUE DATE(S)
NORMAL
................................................................
TEMPERATURE (F)
RECORD
HIGH 111 08/03/2011
08/30/2000
LOW 52 06/01/1993
HIGHEST 103 08/25 92 11 103 08/15
08/26
LOWEST 63 08/31 71 -8 60 06/03
08/24
AVG. MAXIMUM 91.2 89.6 1.6 91.4
AVG. MINIMUM 71.7 70.5 1.2 72.0
MEAN 81.5 80.1 1.4 81.7
DAYS MAX >= 90 58 57.8 0.2 65
DAYS MAX <= 32 0 0.0 0.0 0
DAYS MIN <= 32 0 0.0 0.0 0
DAYS MIN <= 0 0 0.0 0.0 0
PRECIPITATION (INCHES)
TOTALS 9.48 10.89 -1.41 6.38
DAILY AVG. 0.10 0.12 -0.02 0.07
DAYS >= .01 26 24.7 1.3 13
DAYS >= .10 15 16.6 -1.6 7
DAYS >= .50 8 7.3 0.7 3
DAYS >= 1.00 1 3.4 -2.4 1
GREATEST
24 HR. TOTAL 1.68 0MM25 TO 06/25 1.46
STORM TOTAL 1.68 1.46
(MM/DD(HH)) MM
SNOWFALL (INCHES)
RECORDS
TOTAL T 2018
24 HR TOTAL MM
SNOW DEPTH 0 MM
TOTALS TR 0.0 0.0 0.0
LIQUID EQUIV T 0.00 0.00 0.00
SINCE 7/1 0.0 0.0 0.0 MM
LIQUID 7/1 0.00 0.00 0.00 MM
SNOWDEPTH AVG. 0 0
DAYS >= TRACE 2 0.0 2.0 0
DAYS >= 1.0 0 0.0 0.0 0
GREATEST
SNOW DEPTH 0 0 MM
24 HR TOTAL MM MM 0.0
STORM TOTAL 0.0 0.0
(MM/DD(HH)) MM
DEGREE DAYS
HEATING TOTAL 0 1 -1 0
SINCE 7/1 0 0 0 MM
COOLING TOTAL 1541 1387 154 1566
SINCE 1/1 1827 1644 183 MM
FREEZE DATES
RECORD
EARLIEST 10/20/1989
LATEST 04/19/1983
EARLIEST MM
LATEST 03/20
................................................................
WIND (MPH)
AVERAGE WIND SPEED MM
HIGHEST WIND SPEED/DIRECTION MM DATE MM
HIGHEST GUST SPEED/DIRECTION 48/315 DATE 06/25
SKY COVER
AVERAGE SKY COVER MM
NUMBER OF DAYS FAIR 0
NUMBER OF DAYS PC 0
NUMBER OF DAYS CLOUDY 0
WEATHER CONDITIONS. NUMBER OF DAYS WITH
THUNDERSTORM 24 MIXED PRECIP 0
HEAVY RAIN 9 RAIN 18
LIGHT RAIN 35 FREEZING RAIN 0
LT FREEZING RAIN 0 HAIL 2
HEAVY SNOW 0 SLEET 0
FOG 11 FOG W/VIS <= 1/4 MILE 1
HAZE 0
- INDICATES NEGATIVE NUMBERS.
R INDICATES RECORD WAS SET OR TIED.
MM INDICATES DATA IS MISSING.
T INDICATES TRACE AMOUNT.
$$