000
CXUS56 KHNX 011146
CF6MAE
PRELIMINARY LOCAL CLIMATOLOGICAL DATA (WS FORM: F-6)
STATION: MADERA CA AIRPORT
MONTH: MAY
YEAR: 2020
LATITUDE: 36 58 N
LONGITUDE: 120 7 W
TEMPERATURE IN F: :PCPN: SNOW: WIND :SUNSHINE: SKY :PK WND
================================================================================
1 2 3 4 5 6A 6B 7 8 9 10 11 12 13 14 15 16 17 18
12Z AVG MX 2MIN
DY MAX MIN AVG DEP HDD CDD WTR SNW DPTH SPD SPD DIR MIN PSBL S-S WX SPD DR
================================================================================
1 84 49 67 3 0 2 0.00 0.0 0 10.0 21 330 M M 0 27 350
2 82 49 66 2 0 1 0.00 0.0 0 12.0 24 330 M M 0 30 320
3 81 51 66 2 0 1 0.00 0.0 0 9.5 17 330 M M 0 22 320
4 86 42 64 -1 1 0 0.00 0.0 0 7.3 15 330 M M 0 21 340
5 88 45 67 2 0 2 0.00 0.0 0 8.1 17 330 M M 0 22 330
6 85 51 68 3 0 3 0.00 0.0 0 10.5 20 320 M M 0 26 290
7 89 47 68 3 0 3 0.00 0.0 0 2.6 10 130 M M 0 13 150
8 96 55 76 10 0 11 0.00 0.0 0 4.9 9 280 M M 0 13 270
9 98 56 77 11 0 12 0.00 0.0 0 5.4 10 290 M M 0 14 290
10 91 57 74 8 0 9 0.00 0.0 0 7.4 16 300 M M 0 8 20 290
11 85 52 69 3 0 4 0.00 0.0 0 5.0 18 310 M M 0 23 300
12 77 53 65 -1 0 0 0.00 0.0 0 9.0 22 290 M M 3 28 290
13 78 47 63 -4 2 0 0.00 0.0 0 9.2 18 310 M M 0 23 310
14 79 54 67 0 0 2 0.00 0.0 0 12.5 22 340 M M 0 26 330
15 81 53 67 0 0 2 0.00 0.0 0 10.3 18 330 M M 0 23 310
16 86 50 68 1 0 3 0.00 0.0 0 7.4 15 300 M M 0 20 300
17 86 55 71 3 0 6 T 0.0 0 6.5 17 290 M M 5 22 280
18 72 50 61 -7 4 0 0.21 0.0 0 6.7 20 270 M M 5 1 25 280
19 73 47 60 -8 5 0 0.00 0.0 0 8.0 15 300 M M 2 19 300
20 78 48 63 -5 2 0 0.00 0.0 0 8.0 16 330 M M 0 20 300
21 85 49 67 -1 0 2 0.00 0.0 0 6.7 13 290 M M 0 17 340
22 82 53 68 -1 0 3 0.00 0.0 0 10.4 20 320 M M 0 26 320
23 86 47 67 -2 0 2 0.00 0.0 0 5.9 13 300 M M 0 18 320
24 90 50 70 1 0 5 0.00 0.0 0 5.8 12 280 M M 0 16 330
25 96 58 77 8 0 12 0.00 0.0 0 4.6 10 280 M M 0 13 270
26 101 63 82 13 0 17 0.00 0.0 0 5.2 13 140 M M 0 15 130
27 105 65 85 15 0 20 0.00 0.0 0 5.4 13 290 M M 0 16 320
28 105 61 83 13 0 18 0.00 0.0 0 6.2 10 290 M M 0 14 290
29 93 62 78 8 0 13 0.00 0.0 0 8.1 20 310 M M 0 24 300
30 83 60 72 2 0 7 0.00 0.0 0 9.3 17 260 M M 2 25 170
31 81 54 68 -2 0 3 0.00 0.0 0 5.9 10 270 M M 0 14 270
================================================================================
SM 2682 1633 14 163 0.21 0.0 233.8 M 17
================================================================================
AV 86.5 52.7 7.5 FASTST M M 1 MAX(MPH)
MISC ----> # 24 330 # 30 320
================================================================================
NOTES:
# LAST OF SEVERAL OCCURRENCES
COLUMN 17 PEAK WIND IN M.P.H.
PRELIMINARY LOCAL CLIMATOLOGICAL DATA (WS FORM: F-6) , PAGE 2
STATION: MADERA CA AIRPORT
MONTH: MAY
YEAR: 2020
LATITUDE: 36 58 N
LONGITUDE: 120 7 W
[TEMPERATURE DATA] [PRECIPITATION DATA] SYMBOLS USED IN COLUMN 16
AVERAGE MONTHLY: 69.6 TOTAL FOR MONTH: 0.21 1 = FOG OR MIST
DPTR FM NORMAL: 2.3 DPTR FM NORMAL: -0.27 2 = FOG REDUCING VISIBILITY
HIGHEST: 105 ON 28,27 GRTST 24HR 0.21 ON 18-18 TO 1/4 MILE OR LESS
LOWEST: 42 ON 4 3 = THUNDER
SNOW, ICE PELLETS, HAIL 4 = ICE PELLETS
TOTAL MONTH: 0.0 INCH 5 = HAIL
GRTST 24HR 0.0 6 = FREEZING RAIN OR DRIZZLE
GRTST DEPTH: 0 7 = DUSTSTORM OR SANDSTORM:
VSBY 1/2 MILE OR LESS
8 = SMOKE OR HAZE
[NO. OF DAYS WITH] [WEATHER - DAYS WITH] 9 = BLOWING SNOW
X = TORNADO
MAX 32 OR BELOW: 0 0.01 INCH OR MORE: 1
MAX 90 OR ABOVE: 9 0.10 INCH OR MORE: 1
MIN 32 OR BELOW: 0 0.50 INCH OR MORE: 0
MIN 0 OR BELOW: 0 1.00 INCH OR MORE: 0
[HDD (BASE 65) ]
TOTAL THIS MO. 14 CLEAR (SCALE 0-3) 29
DPTR FM NORMAL -34 PTCLDY (SCALE 4-7) 2
TOTAL FM JUL 1 2300 CLOUDY (SCALE 8-10) 0
DPTR FM NORMAL -352
[CDD (BASE 65) ]
TOTAL THIS MO. 163
DPTR FM NORMAL 44 [PRESSURE DATA]
TOTAL FM JAN 1 215 HIGHEST SLP 30.16 ON 4
DPTR FM NORMAL 71 LOWEST SLP 29.72 ON 29
[REMARKS]
#FINAL-05-20#