000
CXUS54 KMAF 011110
CF6MAF
PRELIMINARY LOCAL CLIMATOLOGICAL DATA (WS FORM: F-6)
STATION: MIDLAND INTERNATIONAL AIRPORT
MONTH: MARCH
YEAR: 2021
LATITUDE: 31 57 N
LONGITUDE: 102 11 W
TEMPERATURE IN F: :PCPN: SNOW: WIND :SUNSHINE: SKY :PK WND
================================================================================
1 2 3 4 5 6A 6B 7 8 9 10 11 12 13 14 15 16 17 18
12Z AVG MX 2MIN
DY MAX MIN AVG DEP HDD CDD WTR SNW DPTH SPD SPD DIR MIN PSBL S-S WX SPD DR
================================================================================
1 47 27 37 -15 28 0 0.01 T 0 14.8 28 50 M M 8 13 35 60
2 59 24 42 -10 23 0 0.00 0.0 0 6.0 14 220 M M 0 18 26 220
3 77 33 55 3 10 0 0.00 0.0 0 7.9 16 230 M M 0 22 230
4 85 43 64 11 1 0 0.00 0.0 0 15.7 36 280 M M 0 8 44 270
5 64 42 53 0 12 0 0.00 0.0 0 19.4 35 350 M M 2 78 45 10
6 63 31 47 -6 18 0 0.00 0.0 0 7.6 16 150 M M 0 1 27 130
7 66 38 52 -1 13 0 0.00 0.0 0 12.6 28 160 M M 0 32 160
8 73 39 56 2 9 0 0.00 0.0 0 15.0 28 160 M M 0 1 32 160
9 74 54 64 10 1 0 0.00 0.0 0 20.2 28 170 M M 0 32 170
10 80 52 66 12 0 1 0.00 0.0 0 13.3 24 170 M M 0 8 28 160
11 76 53 65 11 0 0 T 0.0 0 10.8 29 150 M M 1 36 210
12 82 59 71 16 0 6 0.00 0.0 0 17.3 28 130 M M 3 1 32 130
13 85 49 67 12 0 2 0.20 0.0 0 19.5 38 170 M M 6 38 48 160
14 65 39 52 -3 13 0 0.00 0.0 0 19.4 38 240 M M 2 78 47 230
15 73 45 59 4 6 0 M M M 10.2 21 240 M M 0 7 25 240
16 84 54 69 13 0 4 0.00 0.0 M 15.1 37 290 M M 0 8 42 290
17 62 44 53 -3 12 0 0.00 0.0 M 19.9 38 280 M M 1 78 44 290
18 65 32 49 -7 16 0 0.00 0.0 0 8.9 17 50 M M 0 8 25 50
19 65 36 51 -5 14 0 0.00 0.0 0 9.4 16 110 M M 0 21 120
20 72 39 56 0 9 0 0.00 0.0 0 13.8 25 150 M M 0 31 160
21 78 51 65 8 0 0 0.00 0.0 0 17.6 24 170 M M 0 31 170
22 71 43 57 0 8 0 0.03 M M 19.0 41 250 M M 5 1378 56 270
23 74 32 53 -4 12 0 0.00 0.0 0 8.1 23 230 M M 0 8 31 220
24 71 46 59 1 6 0 0.00 0.0 0 15.6 30 350 M M 2 78 37 340
25 69 34 52 -6 13 0 0.00 0.0 0 10.6 24 270 M M 1 33 260
26 81 44 63 5 2 0 0.00 0.0 0 11.5 22 230 M M 0 33 200
27 79 46 63 5 2 0 0.00 0.0 0 13.6 38 30 M M 1 8 50 40
28 71 45 58 -1 7 0 0.00 0.0 0 9.0 18 80 M M 1 24 40
29 81 49 65 6 0 0 0.00 0.0 0 16.0 23 200 M M 0 35 190
30 84 55 70 11 0 5 0.00 0.0 0 14.8 28 80 M M 0 34 70
31 65 42 54 -6 11 0 0.00 0.0 0 17.5 29 50 M M 0 34 60
================================================================================
SM 2241 1320 246 18 0.24 T 430.1 M 33
================================================================================
AV 72.3 42.6 13.9 FASTST M M 1 MAX(MPH)
MISC ----> 41 250 56 270
================================================================================
NOTES:
# LAST OF SEVERAL OCCURRENCES
COLUMN 17 PEAK WIND IN M.P.H.
PRELIMINARY LOCAL CLIMATOLOGICAL DATA (WS FORM: F-6) , PAGE 2
STATION: MIDLAND INTERNATIONAL AIRPORT
MONTH: MARCH
YEAR: 2021
LATITUDE: 31 57 N
LONGITUDE: 102 11 W
[TEMPERATURE DATA] [PRECIPITATION DATA] SYMBOLS USED IN COLUMN 16
AVERAGE MONTHLY: 57.4 TOTAL FOR MONTH: 0.24 1 = FOG OR MIST
DPTR FM NORMAL: 1.8 DPTR FM NORMAL: -0.36 2 = FOG REDUCING VISIBILITY
HIGHEST: 85 ON 13, 4 GRTST 24HR 0.20 ON 13-13 TO 1/4 MILE OR LESS
LOWEST: 24 ON 2 3 = THUNDER
SNOW, ICE PELLETS, HAIL 4 = ICE PELLETS
TOTAL MONTH: T 5 = HAIL
GRTST 24HR T ON 1- 1 6 = FREEZING RAIN OR DRIZZLE
GRTST DEPTH: 0 7 = DUSTSTORM OR SANDSTORM:
VSBY 1/2 MILE OR LESS
8 = SMOKE OR HAZE
[NO. OF DAYS WITH] [WEATHER - DAYS WITH] 9 = BLOWING SNOW
X = TORNADO
MAX 32 OR BELOW: 0 0.01 INCH OR MORE: 3
MAX 90 OR ABOVE: 0 0.10 INCH OR MORE: 1
MIN 32 OR BELOW: 5 0.50 INCH OR MORE: 0
MIN 0 OR BELOW: 0 1.00 INCH OR MORE: 0
[HDD (BASE 65) ]
TOTAL THIS MO. 246 CLEAR (SCALE 0-3) 27
DPTR FM NORMAL -61 PTCLDY (SCALE 4-7) 4
TOTAL FM JUL 1 2598 CLOUDY (SCALE 8-10) 0
DPTR FM NORMAL 53
[CDD (BASE 65) ]
TOTAL THIS MO. 18
DPTR FM NORMAL 2 [PRESSURE DATA]
TOTAL FM JAN 1 18 HIGHEST SLP 30.43 ON 31
DPTR FM NORMAL 0 LOWEST SLP 29.41 ON 16
[REMARKS]
#FINAL-03-21#